{"id":3993,"date":"2024-02-05T15:30:39","date_gmt":"2024-02-05T14:30:39","guid":{"rendered":"https:\/\/www.systra.com\/sweden\/trade-fairs\/"},"modified":"2026-03-11T14:49:44","modified_gmt":"2026-03-11T13:49:44","slug":"traffa-oss","status":"publish","type":"page","link":"https:\/\/www.systra.com\/sweden\/nyhetsrum\/traffa-oss\/","title":{"rendered":"Tr\u00e4ffa oss"},"content":{"rendered":"\n<p>Vi p\u00e5 SYSTRA verkar f\u00f6r kompetensf\u00f6rs\u00f6rjningen i branschen och ser arbetsmarknadsdagar och branschm\u00e4ssor som v\u00e4rdefulla tillf\u00e4llen att ber\u00e4tta om oss som f\u00f6retag och arbetsgivare samt diskutera branschens utveckling med framtidens talanger och erfarna experter.<\/p>\n\n\n\n<div style=\"height:20px\" aria-hidden=\"true\" class=\"wp-block-spacer\"><\/div>\n\n\n\n<p>H\u00e4r publicerar vi l\u00f6pande de event d\u00e4r SYSTRA kommer delta under \u00e5ret. <\/p>\n\n\n\n<div style=\"height:20px\" aria-hidden=\"true\" class=\"wp-block-spacer\"><\/div>\n\n\n\n<p>Hoppas att vi ses!<\/p>\n\n\n\n<p><\/p>\n\n\n\n<div style=\"height:40px\" aria-hidden=\"true\" class=\"wp-block-spacer\"><\/div>\n\n\n\n<h2 class=\"wp-block-heading has-dusty-blue-color has-text-color has-link-color wp-elements-3bdf7fb377285252ced4897ecab50d79\" id=\"h-2026\">2026<\/h2>\n\n\n\n<div style=\"height:50px\" aria-hidden=\"true\" class=\"wp-block-spacer\"><\/div>\n\n\n\n<p><\/p>\n","protected":false},"excerpt":{"rendered":"<p>Vi p\u00e5 SYSTRA verkar f\u00f6r kompetensf\u00f6rs\u00f6rjningen i branschen och ser arbetsmarknadsdagar och branschm\u00e4ssor som v\u00e4rdefulla tillf\u00e4llen att ber\u00e4tta om oss som f\u00f6retag och arbetsgivare samt diskutera branschens utveckling med framtidens talanger och erfarna experter. H\u00e4r publicerar vi l\u00f6pande de event d\u00e4r SYSTRA kommer delta under \u00e5ret. Hoppas att vi ses! 2026<\/p>\n","protected":false},"author":3,"featured_media":4082,"parent":3840,"menu_order":0,"comment_status":"closed","ping_status":"closed","template":"","meta":{"_acf_changed":false,"_relevanssi_hide_post":"","_relevanssi_hide_content":"","_relevanssi_pin_for_all":"","_relevanssi_pin_keywords":"","_relevanssi_unpin_keywords":"","_relevanssi_related_keywords":"","_relevanssi_related_include_ids":"","_relevanssi_related_exclude_ids":"","_relevanssi_related_no_append":"","_relevanssi_related_not_related":"","_relevanssi_related_posts":"3906,1,3768,3966,3797,3742","_relevanssi_noindex_reason":"","footnotes":""},"class_list":["post-3993","page","type-page","status-publish","has-post-thumbnail","hentry"],"acf":[],"yoast_head":"<!-- This site is optimized with the Yoast SEO Premium plugin v27.4 (Yoast SEO v27.4) - https:\/\/yoast.com\/product\/yoast-seo-premium-wordpress\/ -->\n<title>Tr\u00e4ffa oss - SYSTRA Nordic<\/title>\n<meta name=\"description\" content=\"Tr\u00e4ffa oss - SYSTRA Nordic, consulting and engineering firm, world leader in public transport infrastructure engineering.\" \/>\n<meta name=\"robots\" content=\"index, follow, max-snippet:-1, max-image-preview:large, max-video-preview:-1\" \/>\n<meta property=\"og:locale\" content=\"en_US\" \/>\n<meta property=\"og:type\" content=\"article\" \/>\n<meta property=\"og:title\" content=\"Tr\u00e4ffa oss\" \/>\n<meta property=\"og:description\" content=\"Tr\u00e4ffa oss - SYSTRA Nordic, consulting and engineering firm, world leader in public transport infrastructure engineering.\" \/>\n<meta property=\"og:url\" content=\"https:\/\/www.systra.com\/sweden\/nyhetsrum\/traffa-oss\/\" \/>\n<meta property=\"og:site_name\" content=\"Sweden\" \/>\n<meta property=\"article:modified_time\" content=\"2026-03-11T13:49:44+00:00\" \/>\n<meta property=\"og:image\" content=\"https:\/\/www.systra.com\/sweden\/wp-content\/uploads\/sites\/13\/2024\/03\/traffa-oss-systra_mote-1.jpg\" \/>\n\t<meta property=\"og:image:width\" content=\"1190\" \/>\n\t<meta property=\"og:image:height\" content=\"750\" \/>\n\t<meta property=\"og:image:type\" content=\"image\/jpeg\" \/>\n<meta name=\"twitter:card\" content=\"summary_large_image\" \/>\n<meta name=\"twitter:label1\" content=\"Est. reading time\" \/>\n\t<meta name=\"twitter:data1\" content=\"1 minute\" \/>\n<script type=\"application\/ld+json\" class=\"yoast-schema-graph\">{\"@context\":\"https:\\\/\\\/schema.org\",\"@graph\":[{\"@type\":\"WebPage\",\"@id\":\"https:\\\/\\\/www.systra.com\\\/sweden\\\/nyhetsrum\\\/traffa-oss\\\/\",\"url\":\"https:\\\/\\\/www.systra.com\\\/sweden\\\/nyhetsrum\\\/traffa-oss\\\/\",\"name\":\"Tr\u00e4ffa oss - SYSTRA Nordic\",\"isPartOf\":{\"@id\":\"https:\\\/\\\/www.systra.com\\\/sweden\\\/#website\"},\"primaryImageOfPage\":{\"@id\":\"https:\\\/\\\/www.systra.com\\\/sweden\\\/nyhetsrum\\\/traffa-oss\\\/#primaryimage\"},\"image\":{\"@id\":\"https:\\\/\\\/www.systra.com\\\/sweden\\\/nyhetsrum\\\/traffa-oss\\\/#primaryimage\"},\"thumbnailUrl\":\"https:\\\/\\\/www.systra.com\\\/sweden\\\/wp-content\\\/uploads\\\/sites\\\/13\\\/2024\\\/03\\\/traffa-oss-systra_mote-1.jpg\",\"datePublished\":\"2024-02-05T14:30:39+00:00\",\"dateModified\":\"2026-03-11T13:49:44+00:00\",\"description\":\"Tr\u00e4ffa oss - SYSTRA Nordic, consulting and engineering firm, world leader in public transport infrastructure engineering.\",\"breadcrumb\":{\"@id\":\"https:\\\/\\\/www.systra.com\\\/sweden\\\/nyhetsrum\\\/traffa-oss\\\/#breadcrumb\"},\"inLanguage\":\"en-US\",\"potentialAction\":[{\"@type\":\"ReadAction\",\"target\":[\"https:\\\/\\\/www.systra.com\\\/sweden\\\/nyhetsrum\\\/traffa-oss\\\/\"]}]},{\"@type\":\"ImageObject\",\"inLanguage\":\"en-US\",\"@id\":\"https:\\\/\\\/www.systra.com\\\/sweden\\\/nyhetsrum\\\/traffa-oss\\\/#primaryimage\",\"url\":\"https:\\\/\\\/www.systra.com\\\/sweden\\\/wp-content\\\/uploads\\\/sites\\\/13\\\/2024\\\/03\\\/traffa-oss-systra_mote-1.jpg\",\"contentUrl\":\"https:\\\/\\\/www.systra.com\\\/sweden\\\/wp-content\\\/uploads\\\/sites\\\/13\\\/2024\\\/03\\\/traffa-oss-systra_mote-1.jpg\",\"width\":1190,\"height\":750,\"caption\":\"Smiling business team standing at convention center. Male and female professionals are discussing during meeting. They are wearing smart casuals.\"},{\"@type\":\"BreadcrumbList\",\"@id\":\"https:\\\/\\\/www.systra.com\\\/sweden\\\/nyhetsrum\\\/traffa-oss\\\/#breadcrumb\",\"itemListElement\":[{\"@type\":\"ListItem\",\"position\":1,\"name\":\"Hemsida\",\"item\":\"https:\\\/\\\/www.systra.com\\\/sweden\\\/en\\\/\"},{\"@type\":\"ListItem\",\"position\":2,\"name\":\"Nyhetsrum\",\"item\":\"https:\\\/\\\/www.systra.com\\\/sweden\\\/nyhetsrum\\\/\"},{\"@type\":\"ListItem\",\"position\":3,\"name\":\"Tr\u00e4ffa oss\"}]},{\"@type\":\"WebSite\",\"@id\":\"https:\\\/\\\/www.systra.com\\\/sweden\\\/#website\",\"url\":\"https:\\\/\\\/www.systra.com\\\/sweden\\\/\",\"name\":\"SYSTRA Sweden\",\"description\":\"Un site utilisant Les sites de Systra\",\"potentialAction\":[{\"@type\":\"SearchAction\",\"target\":{\"@type\":\"EntryPoint\",\"urlTemplate\":\"https:\\\/\\\/www.systra.com\\\/sweden\\\/?s={search_term_string}\"},\"query-input\":{\"@type\":\"PropertyValueSpecification\",\"valueRequired\":true,\"valueName\":\"search_term_string\"}}],\"inLanguage\":\"en-US\"}]}<\/script>\n<!-- \/ Yoast SEO Premium plugin. -->","yoast_head_json":{"title":"Tr\u00e4ffa oss - SYSTRA Nordic","description":"Tr\u00e4ffa oss - SYSTRA Nordic, consulting and engineering firm, world leader in public transport infrastructure engineering.","robots":{"index":"index","follow":"follow","max-snippet":"max-snippet:-1","max-image-preview":"max-image-preview:large","max-video-preview":"max-video-preview:-1"},"og_locale":"en_US","og_type":"article","og_title":"Tr\u00e4ffa oss","og_description":"Tr\u00e4ffa oss - SYSTRA Nordic, consulting and engineering firm, world leader in public transport infrastructure engineering.","og_url":"https:\/\/www.systra.com\/sweden\/nyhetsrum\/traffa-oss\/","og_site_name":"Sweden","article_modified_time":"2026-03-11T13:49:44+00:00","og_image":[{"width":1190,"height":750,"url":"https:\/\/www.systra.com\/sweden\/wp-content\/uploads\/sites\/13\/2024\/03\/traffa-oss-systra_mote-1.jpg","type":"image\/jpeg"}],"twitter_card":"summary_large_image","twitter_misc":{"Est. reading time":"1 minute"},"schema":{"@context":"https:\/\/schema.org","@graph":[{"@type":"WebPage","@id":"https:\/\/www.systra.com\/sweden\/nyhetsrum\/traffa-oss\/","url":"https:\/\/www.systra.com\/sweden\/nyhetsrum\/traffa-oss\/","name":"Tr\u00e4ffa oss - SYSTRA Nordic","isPartOf":{"@id":"https:\/\/www.systra.com\/sweden\/#website"},"primaryImageOfPage":{"@id":"https:\/\/www.systra.com\/sweden\/nyhetsrum\/traffa-oss\/#primaryimage"},"image":{"@id":"https:\/\/www.systra.com\/sweden\/nyhetsrum\/traffa-oss\/#primaryimage"},"thumbnailUrl":"https:\/\/www.systra.com\/sweden\/wp-content\/uploads\/sites\/13\/2024\/03\/traffa-oss-systra_mote-1.jpg","datePublished":"2024-02-05T14:30:39+00:00","dateModified":"2026-03-11T13:49:44+00:00","description":"Tr\u00e4ffa oss - SYSTRA Nordic, consulting and engineering firm, world leader in public transport infrastructure engineering.","breadcrumb":{"@id":"https:\/\/www.systra.com\/sweden\/nyhetsrum\/traffa-oss\/#breadcrumb"},"inLanguage":"en-US","potentialAction":[{"@type":"ReadAction","target":["https:\/\/www.systra.com\/sweden\/nyhetsrum\/traffa-oss\/"]}]},{"@type":"ImageObject","inLanguage":"en-US","@id":"https:\/\/www.systra.com\/sweden\/nyhetsrum\/traffa-oss\/#primaryimage","url":"https:\/\/www.systra.com\/sweden\/wp-content\/uploads\/sites\/13\/2024\/03\/traffa-oss-systra_mote-1.jpg","contentUrl":"https:\/\/www.systra.com\/sweden\/wp-content\/uploads\/sites\/13\/2024\/03\/traffa-oss-systra_mote-1.jpg","width":1190,"height":750,"caption":"Smiling business team standing at convention center. Male and female professionals are discussing during meeting. They are wearing smart casuals."},{"@type":"BreadcrumbList","@id":"https:\/\/www.systra.com\/sweden\/nyhetsrum\/traffa-oss\/#breadcrumb","itemListElement":[{"@type":"ListItem","position":1,"name":"Hemsida","item":"https:\/\/www.systra.com\/sweden\/en\/"},{"@type":"ListItem","position":2,"name":"Nyhetsrum","item":"https:\/\/www.systra.com\/sweden\/nyhetsrum\/"},{"@type":"ListItem","position":3,"name":"Tr\u00e4ffa oss"}]},{"@type":"WebSite","@id":"https:\/\/www.systra.com\/sweden\/#website","url":"https:\/\/www.systra.com\/sweden\/","name":"SYSTRA Sweden","description":"Un site utilisant Les sites de Systra","potentialAction":[{"@type":"SearchAction","target":{"@type":"EntryPoint","urlTemplate":"https:\/\/www.systra.com\/sweden\/?s={search_term_string}"},"query-input":{"@type":"PropertyValueSpecification","valueRequired":true,"valueName":"search_term_string"}}],"inLanguage":"en-US"}]}},"lang":"sv","translations":{"sv":3993},"pll_sync_post":[],"_links":{"self":[{"href":"https:\/\/www.systra.com\/sweden\/wp-json\/wp\/v2\/pages\/3993","targetHints":{"allow":["GET"]}}],"collection":[{"href":"https:\/\/www.systra.com\/sweden\/wp-json\/wp\/v2\/pages"}],"about":[{"href":"https:\/\/www.systra.com\/sweden\/wp-json\/wp\/v2\/types\/page"}],"author":[{"embeddable":true,"href":"https:\/\/www.systra.com\/sweden\/wp-json\/wp\/v2\/users\/3"}],"replies":[{"embeddable":true,"href":"https:\/\/www.systra.com\/sweden\/wp-json\/wp\/v2\/comments?post=3993"}],"version-history":[{"count":3,"href":"https:\/\/www.systra.com\/sweden\/wp-json\/wp\/v2\/pages\/3993\/revisions"}],"predecessor-version":[{"id":57049,"href":"https:\/\/www.systra.com\/sweden\/wp-json\/wp\/v2\/pages\/3993\/revisions\/57049"}],"up":[{"embeddable":true,"href":"https:\/\/www.systra.com\/sweden\/wp-json\/wp\/v2\/pages\/3840"}],"wp:featuredmedia":[{"embeddable":true,"href":"https:\/\/www.systra.com\/sweden\/wp-json\/wp\/v2\/media\/4082"}],"wp:attachment":[{"href":"https:\/\/www.systra.com\/sweden\/wp-json\/wp\/v2\/media?parent=3993"}],"curies":[{"name":"wp","href":"https:\/\/api.w.org\/{rel}","templated":true}]}}