{"id":31972,"date":"2025-07-02T09:37:50","date_gmt":"2025-07-02T07:37:50","guid":{"rendered":"https:\/\/www.systra.com\/sweden\/?page_id=31972"},"modified":"2025-07-02T09:40:28","modified_gmt":"2025-07-02T07:40:28","slug":"gestaltning-och-gemenskap-i-samspel","status":"publish","type":"page","link":"https:\/\/www.systra.com\/sweden\/karriar\/medarbetarportratt\/den-intellektuella-utmaningen-lockade-per-till-ingenjorsyrket-2\/","title":{"rendered":"Gestaltning och gemenskap i samspel"},"content":{"rendered":"\n<div style=\"height:5px\" aria-hidden=\"true\" class=\"wp-block-spacer\"><\/div>\n\n\n\n<div class=\"wp-block-columns is-layout-flex wp-container-core-columns-is-layout-9d6595d7 wp-block-columns-is-layout-flex\">\n<div class=\"wp-block-column is-layout-flow wp-block-column-is-layout-flow\" style=\"flex-basis:33.33%\">\n<figure class=\"wp-block-image size-full is-style-default\"><img loading=\"lazy\" decoding=\"async\" width=\"2560\" height=\"1596\" src=\"https:\/\/www.systra.com\/sweden\/wp-content\/uploads\/sites\/13\/2025\/06\/systra-hanna-reini-scaled.jpg\" alt=\"\" class=\"wp-image-31973\" srcset=\"https:\/\/www.systra.com\/sweden\/wp-content\/uploads\/sites\/13\/2025\/06\/systra-hanna-reini-scaled.jpg 2560w, https:\/\/www.systra.com\/sweden\/wp-content\/uploads\/sites\/13\/2025\/06\/systra-hanna-reini-300x187.jpg 300w, https:\/\/www.systra.com\/sweden\/wp-content\/uploads\/sites\/13\/2025\/06\/systra-hanna-reini-1024x638.jpg 1024w, https:\/\/www.systra.com\/sweden\/wp-content\/uploads\/sites\/13\/2025\/06\/systra-hanna-reini-768x479.jpg 768w, https:\/\/www.systra.com\/sweden\/wp-content\/uploads\/sites\/13\/2025\/06\/systra-hanna-reini-1536x957.jpg 1536w, https:\/\/www.systra.com\/sweden\/wp-content\/uploads\/sites\/13\/2025\/06\/systra-hanna-reini-2048x1277.jpg 2048w, https:\/\/www.systra.com\/sweden\/wp-content\/uploads\/sites\/13\/2025\/06\/systra-hanna-reini-474x295.jpg 474w, https:\/\/www.systra.com\/sweden\/wp-content\/uploads\/sites\/13\/2025\/06\/systra-hanna-reini-1700x1060.jpg 1700w, https:\/\/www.systra.com\/sweden\/wp-content\/uploads\/sites\/13\/2025\/06\/systra-hanna-reini-1352x843.jpg 1352w, https:\/\/www.systra.com\/sweden\/wp-content\/uploads\/sites\/13\/2025\/06\/systra-hanna-reini-800x499.jpg 800w, https:\/\/www.systra.com\/sweden\/wp-content\/uploads\/sites\/13\/2025\/06\/systra-hanna-reini-180x112.jpg 180w, https:\/\/www.systra.com\/sweden\/wp-content\/uploads\/sites\/13\/2025\/06\/systra-hanna-reini-153x95.jpg 153w, https:\/\/www.systra.com\/sweden\/wp-content\/uploads\/sites\/13\/2025\/06\/systra-hanna-reini-230x143.jpg 230w\" sizes=\"auto, (max-width: 2560px) 100vw, 2560px\" \/><\/figure>\n\n\n\n<p class=\"has-noir-color has-griplusclair-background-color has-text-color has-background has-link-color wp-elements-08c425d2eb825748349125e46bc1f822\"><mark style=\"background-color:rgba(0, 0, 0, 0)\" class=\"has-inline-color has-noir-color\"><strong>Namn:<\/strong> Hanna Reini<a href=\"Namn: Per Ackerfeldt\"><br><\/a><strong>Titel<\/strong>: Landskapsarkitekt och n\u00e4tverksledare <br><strong>Ort:<\/strong> Malm\u00f6<\/mark><\/p>\n<\/div>\n\n\n\n<div class=\"wp-block-column is-layout-flow wp-block-column-is-layout-flow\" style=\"flex-basis:66.66%\">\n<p class=\"has-large-font-size\">Hanna Reini ville bli journalist, men efter studier i konsthistoria uppt\u00e4ckte hon landskapsarkitektur och hittade hem. Ett kreativt, milj\u00f6fokuserat och samh\u00e4llsn\u00e4ra yrke passar henne perfekt. Idag \u00e4r hon landskapsarkitekt och teknikn\u00e4tverksledare p\u00e5 SYSTRA.<\/p>\n\n\n\n<div style=\"height:30px\" aria-hidden=\"true\" class=\"wp-block-spacer\"><\/div>\n\n\n\n<h3 class=\"wp-block-heading has-dusty-blue-color has-text-color\" id=\"h-hallbara-projekt\">H\u00e5llbara projekt<\/h3>\n\n\n\n<div style=\"height:10px\" aria-hidden=\"true\" class=\"wp-block-spacer\"><\/div>\n\n\n\n<p>Som landskapsarkitekt gestaltar Hanna allt fr\u00e5n parker och bostadsomr\u00e5den till hela stadsdelar, i n\u00e4ra samarbete med \u00f6vriga teknikomr\u00e5den.<\/p>\n\n\n\n<div style=\"height:30px\" aria-hidden=\"true\" class=\"wp-block-spacer\"><\/div>\n\n\n\n<p>\u2013 Det handlar om att skapa ytor som fungerar tekniskt och samtidigt bidrar till h\u00e5llbara projekt. Kreativt och milj\u00f6n\u00f6rdigt p\u00e5 samma g\u00e5ng.<\/p>\n\n\n\n<div style=\"height:30px\" aria-hidden=\"true\" class=\"wp-block-spacer\"><\/div>\n\n\n\n<h3 class=\"wp-block-heading has-dusty-blue-color has-text-color\" id=\"h-en-hallbar-stadsmiljo\">en h\u00e5llbar stadsmilj\u00f6<\/h3>\n\n\n\n<div style=\"height:10px\" aria-hidden=\"true\" class=\"wp-block-spacer\"><\/div>\n\n\n\n<p>Utbyggnaden av Landskrona t\u00e5gstation \u00e4r ett projekt d\u00e4r hon har deltagit genom att utforma en ny \u00f6stlig utg\u00e5ng med ramp, trappa och plantering f\u00f6r att st\u00f6dja stadens expansion \u00f6sterut. Gestaltningen knyter an till befintlig arkitektur och projektet hade fokus p\u00e5 trygghet och tillg\u00e4nglighet genom belysning och ledstr\u00e5k. Ett annat favoritprojekt \u00e4r ett parkprojekt i Staffanstorp med helhetsgrepp kring gr\u00f6nytor, dagvatten, belysning och stadsutveckling.<\/p>\n\n\n\n<div style=\"height:30px\" aria-hidden=\"true\" class=\"wp-block-spacer\"><\/div>\n\n\n\n<p>\u2013 Jag tycker att det \u00e4r viktigt att trycka p\u00e5 h\u00e5llbarhetsaspekten i projekten. Vegetation, ekosystemet och hur vi anv\u00e4nder ytorna spelar roll. Det \u00e4r ett ansvar jag tar p\u00e5 allvar.<\/p>\n\n\n\n<div style=\"height:30px\" aria-hidden=\"true\" class=\"wp-block-spacer\"><\/div>\n\n\n\n<h3 class=\"wp-block-heading has-dusty-blue-color has-text-color\" id=\"h-tekniknatverksledare-i-systras-tekniknatverk\">teknikn\u00e4tverksledare i systras teknikn\u00e4tverk<\/h3>\n\n\n\n<div style=\"height:10px\" aria-hidden=\"true\" class=\"wp-block-spacer\"><\/div>\n\n\n\n<p>SYSTRAs Teknikn\u00e4tverk \u00e4r en fantastisk m\u00f6jlighet att utvecklas tillsammans med kollegor inom ens omr\u00e5de. Ut\u00f6ver landskapsarkitekt \u00e4r Hanna teknikn\u00e4tverksledare inom teknikomr\u00e5det Arkitektur, vilket inkluderar landskapsarkitekter, landskapsingenj\u00f6rer belysningsingenj\u00f6rer\/-designers och samh\u00e4llsplanerare. Hon bygger gemenskap, skapar struktur och \u00e4r l\u00e4nken mellan resurss\u00e4ttande chefer och den tekniska kompetensen i teamet.<\/p>\n\n\n\n<div style=\"height:30px\" aria-hidden=\"true\" class=\"wp-block-spacer\"><\/div>\n\n\n\n<p>\u2013 Jag gillar det samordnande arbetet. Det \u00e4r roligt att ha koll p\u00e5 vem som kan vad, vad folk vill utvecklas inom och hur vi kan dela kunskap mer effektivt. Genom teknikfikor, gemensamma processer och onboarding f\u00f6r nya kollegor bygger vi ett starkare n\u00e4tverk.<\/p>\n\n\n\n<div style=\"height:30px\" aria-hidden=\"true\" class=\"wp-block-spacer\"><\/div>\n\n\n\n<h3 class=\"wp-block-heading has-dusty-blue-color has-text-color\" id=\"h-fortroende-och-narhet\">f\u00f6rtroende och n\u00e4rhet<\/h3>\n\n\n\n<div style=\"height:10px\" aria-hidden=\"true\" class=\"wp-block-spacer\"><\/div>\n\n\n\n<p>P\u00e5 SYSTRA upplever Hanna att det \u00e4r l\u00e4tt att uttrycka sig och f\u00e5 st\u00f6d.<\/p>\n\n\n\n<div style=\"height:30px\" aria-hidden=\"true\" class=\"wp-block-spacer\"><\/div>\n\n\n\n<p>\u2013 Det k\u00e4nns som att vi \u00e4r ett mindre f\u00f6retag, trots att vi sitter i olika st\u00e4der och v\u00e4xer i snabb takt. Alla tar sig tid att hj\u00e4lpa varandra \u2013 p\u00e5 alla niv\u00e5er, oberoende av projekt. Vi har en \u00f6ppen atmosf\u00e4r.<\/p>\n\n\n\n<div style=\"height:30px\" aria-hidden=\"true\" class=\"wp-block-spacer\"><\/div>\n\n\n\n<h3 class=\"wp-block-heading has-dusty-blue-color has-text-color\" id=\"h-balans-i-vardagen\">balans i vardagen<\/h3>\n\n\n\n<div style=\"height:10px\" aria-hidden=\"true\" class=\"wp-block-spacer\"><\/div>\n\n\n\n<p>Hanna trivs med ett liv d\u00e4r hon f\u00e5r tid att vara ute i naturen med sambon, ta hand om sina odlingar och umg\u00e5s med dv\u00e4rgtaxen Ture. I augusti v\u00e4ntar \u00e4ven J\u00f6nk\u00f6ping Half Marathon med SYSTRA.<\/p>\n<\/div>\n<\/div>\n\n\n\n<div style=\"height:100px\" aria-hidden=\"true\" class=\"wp-block-spacer\"><\/div>\n\n\n<div class=\"wp-block-image\">\n<figure class=\"aligncenter size-large\"><img loading=\"lazy\" decoding=\"async\" width=\"1500\" height=\"1125\" src=\"https:\/\/www.systra.com\/sweden\/wp-content\/uploads\/sites\/13\/2025\/06\/systra-la-ostra-trappa-1-edited.jpg\" alt=\"\" class=\"wp-image-32009\" srcset=\"https:\/\/www.systra.com\/sweden\/wp-content\/uploads\/sites\/13\/2025\/06\/systra-la-ostra-trappa-1-edited.jpg 1500w, https:\/\/www.systra.com\/sweden\/wp-content\/uploads\/sites\/13\/2025\/06\/systra-la-ostra-trappa-1-edited-300x225.jpg 300w, https:\/\/www.systra.com\/sweden\/wp-content\/uploads\/sites\/13\/2025\/06\/systra-la-ostra-trappa-1-edited-1024x768.jpg 1024w, https:\/\/www.systra.com\/sweden\/wp-content\/uploads\/sites\/13\/2025\/06\/systra-la-ostra-trappa-1-edited-768x576.jpg 768w, https:\/\/www.systra.com\/sweden\/wp-content\/uploads\/sites\/13\/2025\/06\/systra-la-ostra-trappa-1-edited-474x356.jpg 474w, https:\/\/www.systra.com\/sweden\/wp-content\/uploads\/sites\/13\/2025\/06\/systra-la-ostra-trappa-1-edited-1352x1014.jpg 1352w, https:\/\/www.systra.com\/sweden\/wp-content\/uploads\/sites\/13\/2025\/06\/systra-la-ostra-trappa-1-edited-800x600.jpg 800w, https:\/\/www.systra.com\/sweden\/wp-content\/uploads\/sites\/13\/2025\/06\/systra-la-ostra-trappa-1-edited-180x135.jpg 180w, https:\/\/www.systra.com\/sweden\/wp-content\/uploads\/sites\/13\/2025\/06\/systra-la-ostra-trappa-1-edited-153x115.jpg 153w, https:\/\/www.systra.com\/sweden\/wp-content\/uploads\/sites\/13\/2025\/06\/systra-la-ostra-trappa-1-edited-230x173.jpg 230w\" sizes=\"auto, (max-width: 1500px) 100vw, 1500px\" \/><\/figure>\n<\/div>\n\n\n<div style=\"height:7px\" aria-hidden=\"true\" class=\"wp-block-spacer\"><\/div>\n\n\n\n<p class=\"has-text-align-center\"><em>Utbyggnaden av Landskrona station, \u00d6stra trappan<\/em><\/p>\n\n\n\n<div style=\"height:100px\" aria-hidden=\"true\" class=\"wp-block-spacer\"><\/div>\n\n\n\n<div class=\"wp-block-group who-pattern-content-feed\"><div class=\"wp-block-group__inner-container is-layout-constrained wp-block-group-is-layout-constrained\">\n<div class=\"wp-block-columns is-layout-flex wp-container-core-columns-is-layout-9d6595d7 wp-block-columns-is-layout-flex\">\n<div class=\"wp-block-column is-layout-flow wp-block-column-is-layout-flow\">\n    <div class=\"who-block-content-feed\">\n        \n\t\t<div class=\"tile tile--page \">\n\t\t<figure class=\"tile__thumbnail\">\n\t\t\t<img loading=\"lazy\" decoding=\"async\" width=\"1024\" height=\"645\" src=\"https:\/\/www.systra.com\/sweden\/wp-content\/uploads\/sites\/13\/2023\/03\/systra_career-1-1024x645.png\" class=\"attachment-large size-large wp-post-image\" alt=\"\" \/>\n\t\t\t<figcaption class=\"tile__content\">\n\t\t\t\t\t\t\t\t<h3 class=\"tile__title\" style=\"color:#fff !important\">Medarbetarportr\u00e4tt<\/h3>\n\n\t\t\t\t<a class=\"tile__link\" href=\"https:\/\/www.systra.com\/sweden\/karriar\/medarbetarportratt\/\">\n\t\t\t\t\tRead more\t\t\t\t\t<span class=\"screen-reader-text\"> sur Medarbetarportr\u00e4tt<\/span>\n\t\t\t\t<\/a>\n\t\t\t<\/figcaption>\n\t\t<\/figure>\n\t<\/div>\n    <\/div>\n<\/div>\n\n\n\n<div class=\"wp-block-column is-layout-flow wp-block-column-is-layout-flow\">\n    <div class=\"who-block-content-feed\">\n        \n\t\t<div class=\"tile tile--page \">\n\t\t<figure class=\"tile__thumbnail\">\n\t\t\t<img loading=\"lazy\" decoding=\"async\" width=\"1024\" height=\"683\" src=\"https:\/\/www.systra.com\/sweden\/wp-content\/uploads\/2024\/04\/header_offre_emploi-2-1024x683.jpg\" class=\"attachment-large size-large\" alt=\"\" \/>\n\t\t\t<figcaption class=\"tile__content\">\n\t\t\t\t\t\t\t\t<h3 class=\"tile__title\" style=\"color:#fff !important\">Lediga jobb<\/h3>\n\n\t\t\t\t<a class=\"tile__link\" href=\"https:\/\/www.systra.com\/sweden\/lediga-jobb\/\">\n\t\t\t\t\tRead more\t\t\t\t\t<span class=\"screen-reader-text\"> sur Lediga jobb<\/span>\n\t\t\t\t<\/a>\n\t\t\t<\/figcaption>\n\t\t<\/figure>\n\t<\/div>\n    <\/div>\n<\/div>\n<\/div>\n<\/div><\/div>\n","protected":false},"excerpt":{"rendered":"<p>Namn: Hanna ReiniTitel: Landskapsarkitekt och n\u00e4tverksledare Ort: Malm\u00f6 Hanna Reini ville bli journalist, men efter studier i konsthistoria uppt\u00e4ckte hon landskapsarkitektur och hittade hem. Ett kreativt, milj\u00f6fokuserat och samh\u00e4llsn\u00e4ra yrke passar henne perfekt. Idag \u00e4r hon landskapsarkitekt och teknikn\u00e4tverksledare p\u00e5 SYSTRA. H\u00e5llbara projekt Som landskapsarkitekt gestaltar Hanna allt fr\u00e5n parker och bostadsomr\u00e5den till hela stadsdelar, [&hellip;]<\/p>\n","protected":false},"author":186,"featured_media":32064,"parent":19224,"menu_order":0,"comment_status":"closed","ping_status":"closed","template":"","meta":{"_acf_changed":false,"_relevanssi_hide_post":"","_relevanssi_hide_content":"","_relevanssi_pin_for_all":"","_relevanssi_pin_keywords":"","_relevanssi_unpin_keywords":"","_relevanssi_related_keywords":"","_relevanssi_related_include_ids":"","_relevanssi_related_exclude_ids":"","_relevanssi_related_no_append":"","_relevanssi_related_not_related":"","_relevanssi_related_posts":"4073,7307,9844,14657,6506,3906","_relevanssi_noindex_reason":"","footnotes":""},"class_list":["post-31972","page","type-page","status-publish","has-post-thumbnail","hentry"],"acf":[],"yoast_head":"<!-- This site is optimized with the Yoast SEO Premium plugin v27.4 (Yoast SEO v27.4) - https:\/\/yoast.com\/product\/yoast-seo-premium-wordpress\/ -->\n<title>Gestaltning och gemenskap i samspel - SYSTRA Sweden<\/title>\n<meta name=\"description\" content=\"Gestaltning och gemenskap i samspel - SYSTRA Nordic, consulting and engineering firm, world leader in public transport infrastructure engineering.\" \/>\n<meta name=\"robots\" content=\"index, follow, max-snippet:-1, max-image-preview:large, max-video-preview:-1\" \/>\n<meta property=\"og:locale\" content=\"en_US\" \/>\n<meta property=\"og:type\" content=\"article\" \/>\n<meta property=\"og:title\" content=\"Gestaltning och gemenskap i samspel\" \/>\n<meta property=\"og:description\" content=\"Gestaltning och gemenskap i samspel - SYSTRA Nordic, consulting and engineering firm, world leader in public transport infrastructure engineering.\" \/>\n<meta property=\"og:url\" content=\"https:\/\/www.systra.com\/sweden\/karriar\/medarbetarportratt\/den-intellektuella-utmaningen-lockade-per-till-ingenjorsyrket-2\/\" \/>\n<meta property=\"og:site_name\" content=\"Sweden\" \/>\n<meta property=\"article:modified_time\" content=\"2025-07-02T07:40:28+00:00\" \/>\n<meta property=\"og:image\" content=\"https:\/\/www.systra.com\/sweden\/wp-content\/uploads\/sites\/13\/2025\/06\/la-ostra-ramp-systra.jpg\" \/>\n\t<meta property=\"og:image:width\" content=\"2380\" \/>\n\t<meta property=\"og:image:height\" content=\"1500\" \/>\n\t<meta property=\"og:image:type\" content=\"image\/jpeg\" \/>\n<meta name=\"twitter:card\" content=\"summary_large_image\" \/>\n<meta name=\"twitter:label1\" content=\"Est. reading time\" \/>\n\t<meta name=\"twitter:data1\" content=\"3 minutes\" \/>\n<script type=\"application\/ld+json\" class=\"yoast-schema-graph\">{\"@context\":\"https:\\\/\\\/schema.org\",\"@graph\":[{\"@type\":\"WebPage\",\"@id\":\"https:\\\/\\\/www.systra.com\\\/sweden\\\/karriar\\\/medarbetarportratt\\\/den-intellektuella-utmaningen-lockade-per-till-ingenjorsyrket-2\\\/\",\"url\":\"https:\\\/\\\/www.systra.com\\\/sweden\\\/karriar\\\/medarbetarportratt\\\/den-intellektuella-utmaningen-lockade-per-till-ingenjorsyrket-2\\\/\",\"name\":\"Gestaltning och gemenskap i samspel - SYSTRA Sweden\",\"isPartOf\":{\"@id\":\"https:\\\/\\\/www.systra.com\\\/sweden\\\/#website\"},\"primaryImageOfPage\":{\"@id\":\"https:\\\/\\\/www.systra.com\\\/sweden\\\/karriar\\\/medarbetarportratt\\\/den-intellektuella-utmaningen-lockade-per-till-ingenjorsyrket-2\\\/#primaryimage\"},\"image\":{\"@id\":\"https:\\\/\\\/www.systra.com\\\/sweden\\\/karriar\\\/medarbetarportratt\\\/den-intellektuella-utmaningen-lockade-per-till-ingenjorsyrket-2\\\/#primaryimage\"},\"thumbnailUrl\":\"https:\\\/\\\/www.systra.com\\\/sweden\\\/wp-content\\\/uploads\\\/sites\\\/13\\\/2025\\\/06\\\/la-ostra-ramp-systra.jpg\",\"datePublished\":\"2025-07-02T07:37:50+00:00\",\"dateModified\":\"2025-07-02T07:40:28+00:00\",\"description\":\"Gestaltning och gemenskap i samspel - SYSTRA Nordic, consulting and engineering firm, world leader in public transport infrastructure engineering.\",\"breadcrumb\":{\"@id\":\"https:\\\/\\\/www.systra.com\\\/sweden\\\/karriar\\\/medarbetarportratt\\\/den-intellektuella-utmaningen-lockade-per-till-ingenjorsyrket-2\\\/#breadcrumb\"},\"inLanguage\":\"en-US\",\"potentialAction\":[{\"@type\":\"ReadAction\",\"target\":[\"https:\\\/\\\/www.systra.com\\\/sweden\\\/karriar\\\/medarbetarportratt\\\/den-intellektuella-utmaningen-lockade-per-till-ingenjorsyrket-2\\\/\"]}]},{\"@type\":\"ImageObject\",\"inLanguage\":\"en-US\",\"@id\":\"https:\\\/\\\/www.systra.com\\\/sweden\\\/karriar\\\/medarbetarportratt\\\/den-intellektuella-utmaningen-lockade-per-till-ingenjorsyrket-2\\\/#primaryimage\",\"url\":\"https:\\\/\\\/www.systra.com\\\/sweden\\\/wp-content\\\/uploads\\\/sites\\\/13\\\/2025\\\/06\\\/la-ostra-ramp-systra.jpg\",\"contentUrl\":\"https:\\\/\\\/www.systra.com\\\/sweden\\\/wp-content\\\/uploads\\\/sites\\\/13\\\/2025\\\/06\\\/la-ostra-ramp-systra.jpg\",\"width\":2380,\"height\":1500},{\"@type\":\"BreadcrumbList\",\"@id\":\"https:\\\/\\\/www.systra.com\\\/sweden\\\/karriar\\\/medarbetarportratt\\\/den-intellektuella-utmaningen-lockade-per-till-ingenjorsyrket-2\\\/#breadcrumb\",\"itemListElement\":[{\"@type\":\"ListItem\",\"position\":1,\"name\":\"Hemsida\",\"item\":\"https:\\\/\\\/www.systra.com\\\/sweden\\\/en\\\/\"},{\"@type\":\"ListItem\",\"position\":2,\"name\":\"\u00a0Karri\u00e4r\",\"item\":\"https:\\\/\\\/www.systra.com\\\/sweden\\\/karriar\\\/\"},{\"@type\":\"ListItem\",\"position\":3,\"name\":\"Medarbetarportr\u00e4tt\",\"item\":\"https:\\\/\\\/www.systra.com\\\/sweden\\\/karriar\\\/medarbetarportratt\\\/\"},{\"@type\":\"ListItem\",\"position\":4,\"name\":\"Gestaltning och gemenskap i samspel\"}]},{\"@type\":\"WebSite\",\"@id\":\"https:\\\/\\\/www.systra.com\\\/sweden\\\/#website\",\"url\":\"https:\\\/\\\/www.systra.com\\\/sweden\\\/\",\"name\":\"SYSTRA Sweden\",\"description\":\"Un site utilisant Les sites de Systra\",\"potentialAction\":[{\"@type\":\"SearchAction\",\"target\":{\"@type\":\"EntryPoint\",\"urlTemplate\":\"https:\\\/\\\/www.systra.com\\\/sweden\\\/?s={search_term_string}\"},\"query-input\":{\"@type\":\"PropertyValueSpecification\",\"valueRequired\":true,\"valueName\":\"search_term_string\"}}],\"inLanguage\":\"en-US\"}]}<\/script>\n<!-- \/ Yoast SEO Premium plugin. -->","yoast_head_json":{"title":"Gestaltning och gemenskap i samspel - SYSTRA Sweden","description":"Gestaltning och gemenskap i samspel - SYSTRA Nordic, consulting and engineering firm, world leader in public transport infrastructure engineering.","robots":{"index":"index","follow":"follow","max-snippet":"max-snippet:-1","max-image-preview":"max-image-preview:large","max-video-preview":"max-video-preview:-1"},"og_locale":"en_US","og_type":"article","og_title":"Gestaltning och gemenskap i samspel","og_description":"Gestaltning och gemenskap i samspel - SYSTRA Nordic, consulting and engineering firm, world leader in public transport infrastructure engineering.","og_url":"https:\/\/www.systra.com\/sweden\/karriar\/medarbetarportratt\/den-intellektuella-utmaningen-lockade-per-till-ingenjorsyrket-2\/","og_site_name":"Sweden","article_modified_time":"2025-07-02T07:40:28+00:00","og_image":[{"width":2380,"height":1500,"url":"https:\/\/www.systra.com\/sweden\/wp-content\/uploads\/sites\/13\/2025\/06\/la-ostra-ramp-systra.jpg","type":"image\/jpeg"}],"twitter_card":"summary_large_image","twitter_misc":{"Est. reading time":"3 minutes"},"schema":{"@context":"https:\/\/schema.org","@graph":[{"@type":"WebPage","@id":"https:\/\/www.systra.com\/sweden\/karriar\/medarbetarportratt\/den-intellektuella-utmaningen-lockade-per-till-ingenjorsyrket-2\/","url":"https:\/\/www.systra.com\/sweden\/karriar\/medarbetarportratt\/den-intellektuella-utmaningen-lockade-per-till-ingenjorsyrket-2\/","name":"Gestaltning och gemenskap i samspel - SYSTRA Sweden","isPartOf":{"@id":"https:\/\/www.systra.com\/sweden\/#website"},"primaryImageOfPage":{"@id":"https:\/\/www.systra.com\/sweden\/karriar\/medarbetarportratt\/den-intellektuella-utmaningen-lockade-per-till-ingenjorsyrket-2\/#primaryimage"},"image":{"@id":"https:\/\/www.systra.com\/sweden\/karriar\/medarbetarportratt\/den-intellektuella-utmaningen-lockade-per-till-ingenjorsyrket-2\/#primaryimage"},"thumbnailUrl":"https:\/\/www.systra.com\/sweden\/wp-content\/uploads\/sites\/13\/2025\/06\/la-ostra-ramp-systra.jpg","datePublished":"2025-07-02T07:37:50+00:00","dateModified":"2025-07-02T07:40:28+00:00","description":"Gestaltning och gemenskap i samspel - SYSTRA Nordic, consulting and engineering firm, world leader in public transport infrastructure engineering.","breadcrumb":{"@id":"https:\/\/www.systra.com\/sweden\/karriar\/medarbetarportratt\/den-intellektuella-utmaningen-lockade-per-till-ingenjorsyrket-2\/#breadcrumb"},"inLanguage":"en-US","potentialAction":[{"@type":"ReadAction","target":["https:\/\/www.systra.com\/sweden\/karriar\/medarbetarportratt\/den-intellektuella-utmaningen-lockade-per-till-ingenjorsyrket-2\/"]}]},{"@type":"ImageObject","inLanguage":"en-US","@id":"https:\/\/www.systra.com\/sweden\/karriar\/medarbetarportratt\/den-intellektuella-utmaningen-lockade-per-till-ingenjorsyrket-2\/#primaryimage","url":"https:\/\/www.systra.com\/sweden\/wp-content\/uploads\/sites\/13\/2025\/06\/la-ostra-ramp-systra.jpg","contentUrl":"https:\/\/www.systra.com\/sweden\/wp-content\/uploads\/sites\/13\/2025\/06\/la-ostra-ramp-systra.jpg","width":2380,"height":1500},{"@type":"BreadcrumbList","@id":"https:\/\/www.systra.com\/sweden\/karriar\/medarbetarportratt\/den-intellektuella-utmaningen-lockade-per-till-ingenjorsyrket-2\/#breadcrumb","itemListElement":[{"@type":"ListItem","position":1,"name":"Hemsida","item":"https:\/\/www.systra.com\/sweden\/en\/"},{"@type":"ListItem","position":2,"name":"\u00a0Karri\u00e4r","item":"https:\/\/www.systra.com\/sweden\/karriar\/"},{"@type":"ListItem","position":3,"name":"Medarbetarportr\u00e4tt","item":"https:\/\/www.systra.com\/sweden\/karriar\/medarbetarportratt\/"},{"@type":"ListItem","position":4,"name":"Gestaltning och gemenskap i samspel"}]},{"@type":"WebSite","@id":"https:\/\/www.systra.com\/sweden\/#website","url":"https:\/\/www.systra.com\/sweden\/","name":"SYSTRA Sweden","description":"Un site utilisant Les sites de Systra","potentialAction":[{"@type":"SearchAction","target":{"@type":"EntryPoint","urlTemplate":"https:\/\/www.systra.com\/sweden\/?s={search_term_string}"},"query-input":{"@type":"PropertyValueSpecification","valueRequired":true,"valueName":"search_term_string"}}],"inLanguage":"en-US"}]}},"lang":"sv","translations":{"sv":31972},"pll_sync_post":[],"_links":{"self":[{"href":"https:\/\/www.systra.com\/sweden\/wp-json\/wp\/v2\/pages\/31972","targetHints":{"allow":["GET"]}}],"collection":[{"href":"https:\/\/www.systra.com\/sweden\/wp-json\/wp\/v2\/pages"}],"about":[{"href":"https:\/\/www.systra.com\/sweden\/wp-json\/wp\/v2\/types\/page"}],"author":[{"embeddable":true,"href":"https:\/\/www.systra.com\/sweden\/wp-json\/wp\/v2\/users\/186"}],"replies":[{"embeddable":true,"href":"https:\/\/www.systra.com\/sweden\/wp-json\/wp\/v2\/comments?post=31972"}],"version-history":[{"count":4,"href":"https:\/\/www.systra.com\/sweden\/wp-json\/wp\/v2\/pages\/31972\/revisions"}],"predecessor-version":[{"id":32150,"href":"https:\/\/www.systra.com\/sweden\/wp-json\/wp\/v2\/pages\/31972\/revisions\/32150"}],"up":[{"embeddable":true,"href":"https:\/\/www.systra.com\/sweden\/wp-json\/wp\/v2\/pages\/19224"}],"wp:featuredmedia":[{"embeddable":true,"href":"https:\/\/www.systra.com\/sweden\/wp-json\/wp\/v2\/media\/32064"}],"wp:attachment":[{"href":"https:\/\/www.systra.com\/sweden\/wp-json\/wp\/v2\/media?parent=31972"}],"curies":[{"name":"wp","href":"https:\/\/api.w.org\/{rel}","templated":true}]}}