{"id":430,"date":"2024-03-15T11:19:21","date_gmt":"2024-03-15T10:19:21","guid":{"rendered":"https:\/\/www.systra.com\/norway\/?page_id=430"},"modified":"2026-03-11T09:12:56","modified_gmt":"2026-03-11T08:12:56","slug":"juridisk-informasjon","status":"publish","type":"page","link":"https:\/\/www.systra.com\/norway\/juridisk-informasjon\/","title":{"rendered":"Juridisk informasjon"},"content":{"rendered":"\n<p>SYSTRA Group-portalen er eiendommen til SYSTRA SA, et aksjeselskap med et styre og en ledelse og en aksjekapital p\u00e5 34 204 226 euro, registrert i Paris Trade and Companies Register under nummer 387 949 530 og med hovedkontor p\u00e5 72-76, rue Henry Farman &#8211; 75015 Paris. &nbsp;<br>Telefon: +33 (0) 1 40 16 61 00. &nbsp;<br>Merverdiavgiftsnummer: FR19 387949530.&nbsp;<br>&nbsp;<br>&#8220;SYSTRA Group&#8221; refererer til gruppen dannet av SYSTRA SA og selskapene de kontrollerer, direkte eller indirekte.&nbsp;<br>&nbsp;<br>Utgiveren av SYSTRA-gruppens portal er: Group Communications Department.&nbsp;<br>&nbsp;<br>Design: Nettsiden <a href=\"http:\/\/www.systra.com\/\" target=\"_blank\" rel=\"noreferrer noopener\">www.systra.com<\/a> ble designet og opprettet av Whodunit WordPress-byr\u00e5et, som ligger p\u00e5 38 rue Dunois 75013 Paris.&nbsp;<br>&nbsp;<br>SYSTRA-gruppens portal er hosted av DATA CAMPUS.&nbsp;<\/p>\n\n\n\n<div style=\"height:78px\" aria-hidden=\"true\" class=\"wp-block-spacer\"><\/div>\n\n\n\n<h3 class=\"wp-block-heading\" id=\"h-generelle-bruksvilkar-nbsp\">GENERELLE BRUKSVILK\u00c5R&nbsp;<\/h3>\n\n\n\n<div style=\"height:20px\" aria-hidden=\"true\" class=\"wp-block-spacer\"><\/div>\n\n\n\n<div style=\"height:20px\" aria-hidden=\"true\" class=\"wp-block-spacer\"><\/div>\n\n\n\n<p>Brukeren erkjenner \u00e5 ha lest disse generelle bruksvilk\u00e5rene og forplikter seg til \u00e5 respektere dem. SYSTRA forbeholder seg retten til \u00e5 endre denne meldingen n\u00e5r som helst. Brukeren forplikter seg derfor til \u00e5 sjekke den jevnlig.&nbsp;<br>&nbsp;<br>Hvis du f\u00e5r tilgang til SYSTRA-gruppens portal fra et annet land enn Frankrike, forplikter du deg ogs\u00e5 til \u00e5 s\u00f8rge for at du overholder lokal gjeldende lovgivning.&nbsp;<\/p>\n\n\n\n<div style=\"height:78px\" aria-hidden=\"true\" class=\"wp-block-spacer\"><\/div>\n\n\n\n<h3 class=\"wp-block-heading\" id=\"h-portalinnhold-nbsp\">PORTALINNHOLD&nbsp;<\/h3>\n\n\n\n<div style=\"height:20px\" aria-hidden=\"true\" class=\"wp-block-spacer\"><\/div>\n\n\n\n<div style=\"height:20px\" aria-hidden=\"true\" class=\"wp-block-spacer\"><\/div>\n\n\n\n<p>SYSTRA-portalen er en nettside som gir tilgang til andre nettsteder eller selskaper i SYSTRA-gruppen, som kan ha egne juridiske merknader som b\u00f8r sjekkes og respekteres. Informasjonen som gis p\u00e5 SYSTRA-gruppens portal er rent informativ og indikerende. SYSTRA kan ikke garantere at informasjonen som publiseres p\u00e5 nettstedet, er n\u00f8yaktig, komplett eller oppdatert, inkludert alle hyperkoblinger eller andre datalink som brukes direkte eller indirekte fra nettstedet. Det fritar ikke brukeren fra en supplerende og passende analyse. SYSTRA kan derfor ikke holdes ansvarlig for feil eller utelatelser eller for utilgjengeligheten av informasjon og tjenester. Mer generelt kan ikke SYSTRA holdes ansvarlig p\u00e5 noen m\u00e5te for deres bruk til private eller profesjonelle form\u00e5l.&nbsp;<br>&nbsp;<br>Som f\u00f8lge av dette, erkjenner brukeren at han eller hun bruker denne informasjonen p\u00e5 eget ansvar. SYSTRA kan ikke holdes ansvarlig for direkte eller indirekte skade som kan oppst\u00e5 som f\u00f8lge av tilgang til, eller bruk av SYSTRA-gruppens portal, inkludert utilgjengelighet, tap av data og\/eller virus p\u00e5 nettstedet. Denne listen er ikke inkluderende for alt som kan oppst\u00e5.&nbsp;<br>&nbsp;<br>Hver bruker erkl\u00e6rer at han\/hun aksepterer egenskapene og begrensningene til Internett og erkjenner spesielt at han\/hun er klar over Internett-nettverkets natur og spesielt dets tekniske ytelse. Spesielt kan ikke SYSTRA holdes ansvarlig p\u00e5 noen m\u00e5te i tilfelle umulighet av tilgang til nettstedet eller feilfunksjon av nettstedet. Det samme gjelder for alle andre grunner utenfor SYSTRA.&nbsp;<br>&nbsp;<br>SYSTRA forbeholder seg retten til \u00e5 korrigere innholdet p\u00e5 dette nettstedet n\u00e5r som helst og uten varsel.&nbsp;<br>&nbsp;<br>SYSTRA kan ogs\u00e5 m\u00e5tte avbryte nettstedet av vedlikeholds\u00e5rsaker. Denne avbruddet vil bli kunngjort ved hjelp av en advarsel p\u00e5 hjemmesiden eller ved hjelp av andre midler. SYSTRA skal ikke holdes ansvarlig for et slikt avbrudd, og er ikke ansvarlig for \u00e5 gi kompensasjon.&nbsp;<br>&nbsp;<br>Informasjonen publisert p\u00e5 nettstedet m\u00e5 p\u00e5 ingen m\u00e5te tolkes som markedsf\u00f8ring og utgj\u00f8r ikke et tilbud om \u00e5 abonnere, investere, kj\u00f8pe eller utveksle aksjer eller andre verdipapirer fra SYSTRA, dets datterselskaper eller gruppen den tilh\u00f8rer. Det har derfor ikke v\u00e6rt underlagt kontroll av relevante myndigheter som kreves i sammenheng med offentlige fremgang for tilbud.&nbsp;<\/p>\n\n\n\n<div style=\"height:78px\" aria-hidden=\"true\" class=\"wp-block-spacer\"><\/div>\n\n\n\n<h3 class=\"wp-block-heading\" id=\"h-datavern-personvernansvarlig-dpo-informasjonskapsler\">DATAVERN \/ PERSONVERNANSVARLIG (DPO) \/ INFORMASJONSKAPSLER<\/h3>\n\n\n\n<div style=\"height:20px\" aria-hidden=\"true\" class=\"wp-block-spacer\"><\/div>\n\n\n\n<div style=\"height:20px\" aria-hidden=\"true\" class=\"wp-block-spacer\"><\/div>\n\n\n\n<p>For mer informasjon, vennligst bes\u00f8k siden dedikert til personvernpolicyen.&nbsp;<\/p>\n\n\n\n<div style=\"height:78px\" aria-hidden=\"true\" class=\"wp-block-spacer\"><\/div>\n\n\n\n<h3 class=\"wp-block-heading\" id=\"h-immateriell-eiendom-nbsp\">IMMATERIELL EIENDOM&nbsp;<\/h3>\n\n\n\n<div style=\"height:20px\" aria-hidden=\"true\" class=\"wp-block-spacer\"><\/div>\n\n\n\n<div style=\"height:20px\" aria-hidden=\"true\" class=\"wp-block-spacer\"><\/div>\n\n\n\n<p>Presentasjonen og innholdet p\u00e5 nettstedet utgj\u00f8r sammen arbeid som er beskyttet av gjeldende lover om immateriell eiendom. Ingen reproduksjon og\/eller representasjon, delvis eller fullstendig, kan utf\u00f8res uten forh\u00e5ndsskrevet samtykke fra SYSTRA.&nbsp;<br>&nbsp;<br>Med mindre annet er angitt, er de immaterielle eiendomsrettene til dokumentene som finnes p\u00e5 nettstedet, og hvert av elementene opprettet for dette nettstedet (varemerker, logoer, tegninger, fotografier, bilder, tekster, animerte sekvenser med eller uten lyd, etc.), og annen dokumentasjon er den eksklusive eiendommen til SYSTRA, som ikke gir noen lisens eller annen rett enn den til \u00e5 konsultere nettstedet. Mer generelt, er enhver total eller delvis reproduksjon eller representasjon, enten alene eller integrert med andre elementer, uten uttrykkelig forh\u00e5ndsskrevet tillatelse fra SYSTRA eller de ber\u00f8rte selskapene i SYSTRA-gruppen, strengt forbudt. Spesielt kan ingen kommersiell bruk, selv delvis, av dataene som presenteres p\u00e5 nettstedet, gj\u00f8res uten forh\u00e5ndsskrevet avtale fra SYSTRA.&nbsp;<br>&nbsp;<br>Den generelle strukturen, programvaren, tekstene, bildene, videoene, lydene, knowhow, animasjonene og mer generelt all informasjon og innhold som vises p\u00e5 SYSTRA-gruppens portal, er eiendommen til SYSTRA eller er underlagt en bruks- eller utnyttelsesrett. Disse elementene er underlagt lovgivningen som beskytter opphavsretten.&nbsp;<br>&nbsp;<br>Enhver representasjon, modifikasjon, reproduksjon, forvrengning, total eller delvis, av hele eller deler av nettstedet eller dets innhold, gjennom en prosess, og p\u00e5 alle medium, ville utgj\u00f8re en overtredelse som kan straffes etter artikkel L 335-2 og f\u00f8lgende i den intellektuelle eiendomsretten (L 335-2 and following of the Intellectual Property Code.&nbsp;<br>&nbsp;<br>Databasene som vises, der det er aktuelt, p\u00e5 SYSTRA-gruppens portal er beskyttet av bestemmelsene i lov av 1. juli 1998 som gjennomf\u00f8rer i den intellektuelle eiendomsretten i det europeiske direktivet av 11. mars 1996 som omhandler den juridiske beskyttelsen av databaser. Som s\u00e5dan forbyr SYSTRA uttrykkelig enhver gjentatt bruk, reproduksjon eller utvinning av elementer fra disse databasene. Enhver uautorisert gjentatt bruk, reproduksjon eller utvinning vil v\u00e6re brukerens ansvar.&nbsp;<br>&nbsp;<br>SYSTRA forbeholder seg retten til \u00e5 slette uten forsinkelse, og uten forh\u00e5ndsvarsel, ethvert innhold: melding, tekst, bilde, grafikk som strider mot gjeldende lover og regler, og spesielt de ovenfor spesifiserte reglene.&nbsp;<br>&nbsp;<br>Hvis du \u00f8nsker \u00e5 bruke noe av innholdet p\u00e5 nettstedet (tekst, bilde, etc.), m\u00e5 du skaffe deg uttrykkelig forh\u00e5ndsskrevet tillatelse fra SYSTRA, ved \u00e5 skrive til adressen angitt i overskriften &#8220;Juridisk informasjon&#8221; eller ved \u00e5 sende en e-post til webmaster.&nbsp;<\/p>\n\n\n\n<div style=\"height:78px\" aria-hidden=\"true\" class=\"wp-block-spacer\"><\/div>\n\n\n\n<h3 class=\"wp-block-heading\" id=\"h-lenker-nbsp\">LENKER&nbsp;<\/h3>\n\n\n\n<p>Enhver lenke eller rammeverk av nettstedet er strengt forbudt, og f\u00f8lgelig kan ingen element som vises p\u00e5 en side av nettstedet, delvis eller helt, sendes, overf\u00f8res eller settes inn p\u00e5 et annet nettsted, heller ikke brukes til \u00e5 lage derivatprodukter.&nbsp;<br>&nbsp;<br>I tillegg har lenker p\u00e5 SYSTRA-gruppens portal til eksterne nettsteder v\u00e6rt gjenstand for uttrykkelig forh\u00e5ndsgodkjenning.&nbsp;<br>&nbsp;<br>Likevel, siden SYSTRA ikke er utgiveren av disse nettstedene, har SYSTRA ingen kontroll over deres innhold. F\u00f8lgelig kan ikke SYSTRA holdes ansvarlig for innholdet p\u00e5 disse nettstedene, eller for innsamling og overf\u00f8ring av personopplysninger, installasjon av informasjonskapsler eller noen annen prosess med samme form\u00e5l utf\u00f8rt av disse nettstedene.&nbsp;<br>&nbsp;<br>Du kan ikke opprette en hypertext-lenke til SYSTRA-gruppens portal uten SYSTRAs uttrykkelige forh\u00e5ndsskrevne tillatelse. Foresp\u00f8rsler b\u00f8r sendes til Utgiverdirekt\u00f8ren for SYSTRA-gruppens portal.&nbsp;<\/p>\n\n\n\n<div style=\"height:100px\" aria-hidden=\"true\" class=\"wp-block-spacer\"><\/div>\n\n\n\n<h3 class=\"wp-block-heading\" id=\"h-gjeldende-lov-nbsp\">GJELDENDE LOV&nbsp;<\/h3>\n\n\n\n<div style=\"height:20px\" aria-hidden=\"true\" class=\"wp-block-spacer\"><\/div>\n\n\n\n<div style=\"height:20px\" aria-hidden=\"true\" class=\"wp-block-spacer\"><\/div>\n\n\n\n<p>Lovgivningen som gjelder for SYSTRA-gruppens portal, er fransk lov. De fleste av de online innholdene og tjenestene p\u00e5 SYSTRA-gruppens portal er tilgjengelige p\u00e5 fransk og engelsk. Ved tvist vil det franske spr\u00e5ket ha forrang.&nbsp;<br>&nbsp;<br>Ved tvist om tolkning og\/eller utf\u00f8relse av de generelle bruksvilk\u00e5rene, forplikter partene seg til \u00e5 konsultere hverandre i et fors\u00f8k p\u00e5 \u00e5 finne en minnelig l\u00f8sning. Hvis dette ikke lykkes, skal de franske domstolene ha eneansvar for \u00e5 avgj\u00f8re eventuelle tvister om de generelle bruksvilk\u00e5rene.&nbsp;<\/p>\n\n\n\n<div style=\"height:78px\" aria-hidden=\"true\" class=\"wp-block-spacer\"><\/div>\n\n\n\n<h3 class=\"wp-block-heading\" id=\"h-assistanse-og-kontakter-nbsp\">ASSISTANSE OG KONTAKTER&nbsp;<\/h3>\n\n\n\n<div style=\"height:20px\" aria-hidden=\"true\" class=\"wp-block-spacer\"><\/div>\n\n\n\n<div style=\"height:20px\" aria-hidden=\"true\" class=\"wp-block-spacer\"><\/div>\n\n\n\n<p>For all behov for teknisk assistanse (tilgangsproblemer, visningsproblemer, etc.), kan hver bruker sende en e-post via nettstedets kontaktskjema, eller kontakte:&nbsp;<br>&nbsp;<br><strong>SYSTRA&nbsp;<\/strong><br>72-76, Rue Henry Farman &#8211; 75015 Paris &#8211; Frankrike&nbsp;<br>Tlf: +33 (0)1 40 16 61 00&nbsp;<\/p>\n\n\n\n<div style=\"height:76px\" aria-hidden=\"true\" class=\"wp-block-spacer\"><\/div>\n\n\n\n<h3 class=\"wp-block-heading\" id=\"h-likestilling-og-mangfold\">Likestilling og mangfold<\/h3>\n\n\n\n<div style=\"height:20px\" aria-hidden=\"true\" class=\"wp-block-spacer\"><\/div>\n\n\n\n<p>Selskapet har som m\u00e5l \u00e5 v\u00e6re en arbeidsplass der det r\u00e5der full likestilling mellom kvinner og menn. Det skal ikke forekomme forskjellsbehandling p\u00e5 grunn av kj\u00f8nn i saker som l\u00f8nn, posisjoner eller rekruttering, og vi har et s\u00e6rskilt fokus p\u00e5 \u00e5 styrke rekrutteringen av kvinner. I tr\u00e5d med gjeldende lovverk gjennomf\u00f8rer vi regelmessig likestillingsstatistikk. Av hensyn til GDPR utelates kategorier med under 5 personer, og statistikk p\u00e5 barselpermisjon og deltidsstillinger tas ikke med ved publisering. Tallene under er basert p\u00e5 v\u00e5r oppdaterte l\u00f8nns- og ansattoversikt.<\/p>\n\n\n\n<div style=\"height:12px\" aria-hidden=\"true\" class=\"wp-block-spacer\"><\/div>\n\n\n\n<p><br>I 2025 var gjennomsnittlig antall uker i foreldrepermisjon 6,42 uker for kvinner og 10,60 uker for menn.<\/p>\n\n\n\n<div style=\"height:76px\" aria-hidden=\"true\" class=\"wp-block-spacer\"><\/div>\n\n\n\n<h3 class=\"wp-block-heading\">Kj\u00f8nnsfordeling<\/h3>\n\n\n\n<div style=\"height:20px\" aria-hidden=\"true\" class=\"wp-block-spacer\"><\/div>\n\n\n\n<p>Basert p\u00e5 registrerte medarbeidere i datagrunnlaget har vi 21 kvinner og 43 menn, tilsvarende omtrent 33 % kvinner og 67 % menn.<\/p>\n\n\n\n<div style=\"height:76px\" aria-hidden=\"true\" class=\"wp-block-spacer\"><\/div>\n\n\n\n<h3 class=\"wp-block-heading\">Prosentvis l\u00f8nn vs. segmentmedian<\/h3>\n\n\n\n<div style=\"height:20px\" aria-hidden=\"true\" class=\"wp-block-spacer\"><\/div>\n\n\n\n<p>Tabellen viser kvinners og menns medianl\u00f8nn som prosent av segmentets samlede median innen aldersgruppene 30\u201340 \u00e5r, 40\u201350 \u00e5r, 50\u201360 \u00e5r og over 60.<\/p>\n\n\n\n<div style=\"height:12px\" aria-hidden=\"true\" class=\"wp-block-spacer\"><\/div>\n\n\n\n<p>Referansen (segmentmedian) er 100 %.<\/p>\n\n\n\n<div style=\"height:38px\" aria-hidden=\"true\" class=\"wp-block-spacer\"><\/div>\n\n\n\n<figure class=\"wp-block-table aligncenter has-medium-font-size\"><table class=\"has-fixed-layout\"><thead><tr><th><strong>Alderssegment<\/strong><\/th><th><strong>Kvinner<\/strong><br><strong>(% av segmentmedian)<\/strong><\/th><th><strong>Menn<br>(% av segmentmedian)<\/strong><\/th><\/tr><\/thead><tbody><tr><td><strong>30\u201340 \u00e5r<\/strong><\/td><td>99%<\/td><td>101%<\/td><\/tr><tr><td><strong>40\u201350 \u00e5r<\/strong><\/td><td>101%<\/td><td>99%<\/td><\/tr><tr><td><strong>50\u201360 \u00e5r<\/strong><\/td><td>100%<\/td><td>100%<\/td><\/tr><tr><td><strong>Over 60 \u00e5r<\/strong><\/td><td>98%<\/td><td>102%<\/td><\/tr><\/tbody><\/table><\/figure>\n\n\n\n<div style=\"height:23px\" aria-hidden=\"true\" class=\"wp-block-spacer\"><\/div>\n\n\n\n<p>Du kan lese mer om SYSTRAs arbeid med mangfold og likestilling <a href=\"https:\/\/www.systra.com\/wp-content\/uploads\/sites\/1\/brochures\/RDD_2023_EN\/#page=20\">her<\/a><br>Sp\u00f8rsm\u00e5l relatert til SYSTRA Norge, kontakt oss <a href=\"https:\/\/www.systra.com\/norway\/kontakt\/\">her<\/a><br>Du kan lese mer om SYSTRA Norge og \u00c5penhetsloven <a href=\"https:\/\/www.systra.com\/norway\/2024-norway-transparency-act-report\/?preview=true\">her<\/a><br><\/p>\n","protected":false},"excerpt":{"rendered":"<p>SYSTRA Group-portalen er eiendommen til SYSTRA SA, et aksjeselskap med et styre og en ledelse og en aksjekapital p\u00e5 34 204 226 euro, registrert i Paris Trade and Companies Register under nummer 387 949 530 og med hovedkontor p\u00e5 72-76, rue Henry Farman &#8211; 75015 Paris. &nbsp;Telefon: +33 (0) 1 40 16 61 00. &nbsp;Merverdiavgiftsnummer: [&hellip;]<\/p>\n","protected":false},"author":113,"featured_media":764,"parent":0,"menu_order":0,"comment_status":"closed","ping_status":"closed","template":"","meta":{"_acf_changed":false,"_relevanssi_hide_post":"","_relevanssi_hide_content":"","_relevanssi_pin_for_all":"","_relevanssi_pin_keywords":"","_relevanssi_unpin_keywords":"","_relevanssi_related_keywords":"","_relevanssi_related_include_ids":"","_relevanssi_related_exclude_ids":"","_relevanssi_related_no_append":"","_relevanssi_related_not_related":"","_relevanssi_related_posts":"1","_relevanssi_noindex_reason":"","footnotes":""},"class_list":["post-430","page","type-page","status-publish","has-post-thumbnail","hentry"],"acf":[],"yoast_head":"<!-- This site is optimized with the Yoast SEO Premium plugin v27.3 (Yoast SEO v27.3) - https:\/\/yoast.com\/product\/yoast-seo-premium-wordpress\/ -->\n<title>Juridisk informasjon - Norway<\/title>\n<meta name=\"robots\" content=\"index, follow, max-snippet:-1, max-image-preview:large, max-video-preview:-1\" \/>\n<meta property=\"og:locale\" content=\"nb_NO\" \/>\n<meta property=\"og:type\" content=\"article\" \/>\n<meta property=\"og:title\" content=\"Juridisk informasjon\" \/>\n<meta property=\"og:description\" content=\"SYSTRA Group-portalen er eiendommen til SYSTRA SA, et aksjeselskap med et styre og en ledelse og en aksjekapital p\u00e5 34 204 226 euro, registrert i Paris Trade and Companies Register under nummer 387 949 530 og med hovedkontor p\u00e5 72-76, rue Henry Farman &#8211; 75015 Paris. &nbsp;Telefon: +33 (0) 1 40 16 61 00. &nbsp;Merverdiavgiftsnummer: [&hellip;]\" \/>\n<meta property=\"og:url\" content=\"https:\/\/www.systra.com\/norway\/juridisk-informasjon\/\" \/>\n<meta property=\"og:site_name\" content=\"Norway\" \/>\n<meta property=\"article:modified_time\" content=\"2026-03-11T08:12:56+00:00\" \/>\n<meta property=\"og:image\" content=\"https:\/\/www.systra.com\/norway\/wp-content\/uploads\/sites\/27\/2024\/03\/juridisk-heading.jpg\" \/>\n\t<meta property=\"og:image:width\" content=\"1950\" \/>\n\t<meta property=\"og:image:height\" content=\"1300\" \/>\n\t<meta property=\"og:image:type\" content=\"image\/jpeg\" \/>\n<meta name=\"twitter:card\" content=\"summary_large_image\" \/>\n<meta name=\"twitter:label1\" content=\"Ansl. lesetid\" \/>\n\t<meta name=\"twitter:data1\" content=\"8 minutter\" \/>\n<script type=\"application\/ld+json\" class=\"yoast-schema-graph\">{\"@context\":\"https:\\\/\\\/schema.org\",\"@graph\":[{\"@type\":\"WebPage\",\"@id\":\"https:\\\/\\\/www.systra.com\\\/norway\\\/juridisk-informasjon\\\/\",\"url\":\"https:\\\/\\\/www.systra.com\\\/norway\\\/juridisk-informasjon\\\/\",\"name\":\"Juridisk informasjon - Norway\",\"isPartOf\":{\"@id\":\"https:\\\/\\\/www.systra.com\\\/norway\\\/#website\"},\"primaryImageOfPage\":{\"@id\":\"https:\\\/\\\/www.systra.com\\\/norway\\\/juridisk-informasjon\\\/#primaryimage\"},\"image\":{\"@id\":\"https:\\\/\\\/www.systra.com\\\/norway\\\/juridisk-informasjon\\\/#primaryimage\"},\"thumbnailUrl\":\"https:\\\/\\\/www.systra.com\\\/norway\\\/wp-content\\\/uploads\\\/sites\\\/27\\\/2024\\\/03\\\/juridisk-heading.jpg\",\"datePublished\":\"2024-03-15T10:19:21+00:00\",\"dateModified\":\"2026-03-11T08:12:56+00:00\",\"breadcrumb\":{\"@id\":\"https:\\\/\\\/www.systra.com\\\/norway\\\/juridisk-informasjon\\\/#breadcrumb\"},\"inLanguage\":\"nb-NO\",\"potentialAction\":[{\"@type\":\"ReadAction\",\"target\":[\"https:\\\/\\\/www.systra.com\\\/norway\\\/juridisk-informasjon\\\/\"]}]},{\"@type\":\"ImageObject\",\"inLanguage\":\"nb-NO\",\"@id\":\"https:\\\/\\\/www.systra.com\\\/norway\\\/juridisk-informasjon\\\/#primaryimage\",\"url\":\"https:\\\/\\\/www.systra.com\\\/norway\\\/wp-content\\\/uploads\\\/sites\\\/27\\\/2024\\\/03\\\/juridisk-heading.jpg\",\"contentUrl\":\"https:\\\/\\\/www.systra.com\\\/norway\\\/wp-content\\\/uploads\\\/sites\\\/27\\\/2024\\\/03\\\/juridisk-heading.jpg\",\"width\":1950,\"height\":1300},{\"@type\":\"BreadcrumbList\",\"@id\":\"https:\\\/\\\/www.systra.com\\\/norway\\\/juridisk-informasjon\\\/#breadcrumb\",\"itemListElement\":[{\"@type\":\"ListItem\",\"position\":1,\"name\":\"Accueil\",\"item\":\"https:\\\/\\\/www.systra.com\\\/norway\\\/\"},{\"@type\":\"ListItem\",\"position\":2,\"name\":\"Juridisk informasjon\"}]},{\"@type\":\"WebSite\",\"@id\":\"https:\\\/\\\/www.systra.com\\\/norway\\\/#website\",\"url\":\"https:\\\/\\\/www.systra.com\\\/norway\\\/\",\"name\":\"Norway\",\"description\":\"\",\"potentialAction\":[{\"@type\":\"SearchAction\",\"target\":{\"@type\":\"EntryPoint\",\"urlTemplate\":\"https:\\\/\\\/www.systra.com\\\/norway\\\/?s={search_term_string}\"},\"query-input\":{\"@type\":\"PropertyValueSpecification\",\"valueRequired\":true,\"valueName\":\"search_term_string\"}}],\"inLanguage\":\"nb-NO\"}]}<\/script>\n<!-- \/ Yoast SEO Premium plugin. -->","yoast_head_json":{"title":"Juridisk informasjon - Norway","robots":{"index":"index","follow":"follow","max-snippet":"max-snippet:-1","max-image-preview":"max-image-preview:large","max-video-preview":"max-video-preview:-1"},"og_locale":"nb_NO","og_type":"article","og_title":"Juridisk informasjon","og_description":"SYSTRA Group-portalen er eiendommen til SYSTRA SA, et aksjeselskap med et styre og en ledelse og en aksjekapital p\u00e5 34 204 226 euro, registrert i Paris Trade and Companies Register under nummer 387 949 530 og med hovedkontor p\u00e5 72-76, rue Henry Farman &#8211; 75015 Paris. &nbsp;Telefon: +33 (0) 1 40 16 61 00. &nbsp;Merverdiavgiftsnummer: [&hellip;]","og_url":"https:\/\/www.systra.com\/norway\/juridisk-informasjon\/","og_site_name":"Norway","article_modified_time":"2026-03-11T08:12:56+00:00","og_image":[{"width":1950,"height":1300,"url":"https:\/\/www.systra.com\/norway\/wp-content\/uploads\/sites\/27\/2024\/03\/juridisk-heading.jpg","type":"image\/jpeg"}],"twitter_card":"summary_large_image","twitter_misc":{"Ansl. lesetid":"8 minutter"},"schema":{"@context":"https:\/\/schema.org","@graph":[{"@type":"WebPage","@id":"https:\/\/www.systra.com\/norway\/juridisk-informasjon\/","url":"https:\/\/www.systra.com\/norway\/juridisk-informasjon\/","name":"Juridisk informasjon - Norway","isPartOf":{"@id":"https:\/\/www.systra.com\/norway\/#website"},"primaryImageOfPage":{"@id":"https:\/\/www.systra.com\/norway\/juridisk-informasjon\/#primaryimage"},"image":{"@id":"https:\/\/www.systra.com\/norway\/juridisk-informasjon\/#primaryimage"},"thumbnailUrl":"https:\/\/www.systra.com\/norway\/wp-content\/uploads\/sites\/27\/2024\/03\/juridisk-heading.jpg","datePublished":"2024-03-15T10:19:21+00:00","dateModified":"2026-03-11T08:12:56+00:00","breadcrumb":{"@id":"https:\/\/www.systra.com\/norway\/juridisk-informasjon\/#breadcrumb"},"inLanguage":"nb-NO","potentialAction":[{"@type":"ReadAction","target":["https:\/\/www.systra.com\/norway\/juridisk-informasjon\/"]}]},{"@type":"ImageObject","inLanguage":"nb-NO","@id":"https:\/\/www.systra.com\/norway\/juridisk-informasjon\/#primaryimage","url":"https:\/\/www.systra.com\/norway\/wp-content\/uploads\/sites\/27\/2024\/03\/juridisk-heading.jpg","contentUrl":"https:\/\/www.systra.com\/norway\/wp-content\/uploads\/sites\/27\/2024\/03\/juridisk-heading.jpg","width":1950,"height":1300},{"@type":"BreadcrumbList","@id":"https:\/\/www.systra.com\/norway\/juridisk-informasjon\/#breadcrumb","itemListElement":[{"@type":"ListItem","position":1,"name":"Accueil","item":"https:\/\/www.systra.com\/norway\/"},{"@type":"ListItem","position":2,"name":"Juridisk informasjon"}]},{"@type":"WebSite","@id":"https:\/\/www.systra.com\/norway\/#website","url":"https:\/\/www.systra.com\/norway\/","name":"Norway","description":"","potentialAction":[{"@type":"SearchAction","target":{"@type":"EntryPoint","urlTemplate":"https:\/\/www.systra.com\/norway\/?s={search_term_string}"},"query-input":{"@type":"PropertyValueSpecification","valueRequired":true,"valueName":"search_term_string"}}],"inLanguage":"nb-NO"}]}},"lang":"nb","translations":{"nb":430},"pll_sync_post":[],"_links":{"self":[{"href":"https:\/\/www.systra.com\/norway\/wp-json\/wp\/v2\/pages\/430","targetHints":{"allow":["GET"]}}],"collection":[{"href":"https:\/\/www.systra.com\/norway\/wp-json\/wp\/v2\/pages"}],"about":[{"href":"https:\/\/www.systra.com\/norway\/wp-json\/wp\/v2\/types\/page"}],"author":[{"embeddable":true,"href":"https:\/\/www.systra.com\/norway\/wp-json\/wp\/v2\/users\/113"}],"replies":[{"embeddable":true,"href":"https:\/\/www.systra.com\/norway\/wp-json\/wp\/v2\/comments?post=430"}],"version-history":[{"count":2,"href":"https:\/\/www.systra.com\/norway\/wp-json\/wp\/v2\/pages\/430\/revisions"}],"predecessor-version":[{"id":72347,"href":"https:\/\/www.systra.com\/norway\/wp-json\/wp\/v2\/pages\/430\/revisions\/72347"}],"wp:featuredmedia":[{"embeddable":true,"href":"https:\/\/www.systra.com\/norway\/wp-json\/wp\/v2\/media\/764"}],"wp:attachment":[{"href":"https:\/\/www.systra.com\/norway\/wp-json\/wp\/v2\/media?parent=430"}],"curies":[{"name":"wp","href":"https:\/\/api.w.org\/{rel}","templated":true}]}}