{"id":1045,"date":"2024-09-09T15:25:23","date_gmt":"2024-09-09T13:25:23","guid":{"rendered":"https:\/\/www.systra.com\/norway\/?page_id=1045"},"modified":"2024-09-13T15:09:19","modified_gmt":"2024-09-13T13:09:19","slug":"baerekraft","status":"publish","type":"page","link":"https:\/\/www.systra.com\/norway\/hvem-er-vi\/baerekraft\/","title":{"rendered":"B\u00e6rekraft"},"content":{"rendered":"\n<h2 class=\"wp-block-heading has-khaki-color has-griplusclair-background-color has-text-color has-background has-link-color wp-elements-76dcac48e5a53de1d7e2e34e0e8d9777\" id=\"h-vi-gir-rad-om-valg-som-tar-hensyn-til-miljoet-og-bidrar-til-resultater-som-er-positive-for-fremtiden\">VI gir R\u00c5D OM VALG som tar hensyn til milj\u00f8et og bidrar til resultater som er positive for fremtiden<\/h2>\n\n\n\n<div style=\"height:40px\" aria-hidden=\"true\" class=\"wp-block-spacer\"><\/div>\n\n\n\n<div class=\"wp-block-columns is-layout-flex wp-container-core-columns-is-layout-9d6595d7 wp-block-columns-is-layout-flex\">\n<div class=\"wp-block-column is-layout-flow wp-block-column-is-layout-flow\" style=\"flex-basis:33.33%\">\n<h2 class=\"wp-block-heading\" id=\"h-baerekraft-i-prosjekter\">b\u00e6rekraft i prosjekter <\/h2>\n<\/div>\n\n\n\n<div class=\"wp-block-column is-layout-flow wp-block-column-is-layout-flow\" style=\"flex-basis:66.66%\">\n<p>Det \u00e5 ta ansvar i forhold til b\u00e6rekraft og klima st\u00e5r sentralt i v\u00e5r forretningsstrategi. I praksis betyr det at vi jobber m\u00e5lrettet for \u00e5 bidra til mer b\u00e6rekraftige resultater for v\u00e5re oppdragsgivere og samfunnet \u00f8vrig.<\/p>\n\n\n\n<p>Vi er til enhver tid oppdatert p\u00e5\u202fEUs taksonomi og FNs b\u00e6rekraftsm\u00e5l, og legger til rette for b\u00e6rekraftig utvikling i alle prosjekter vi er en del av.<\/p>\n<\/div>\n<\/div>\n\n\n\n<div style=\"height:100px\" aria-hidden=\"true\" class=\"wp-block-spacer\"><\/div>\n\n\n\n<div class=\"wp-block-media-text alignwide has-media-on-the-right is-stacked-on-mobile is-image-fill has-pale-mauve-background-color has-background\" style=\"grid-template-columns:auto 32%\"><div class=\"wp-block-media-text__content\">\n<div style=\"height:20px\" aria-hidden=\"true\" class=\"wp-block-spacer\"><\/div>\n\n\n\n<h2 class=\"wp-block-heading has-light-eggplant-color has-text-color has-link-color has-large-font-size wp-elements-2e5d68e0d2e9323525e111cef4c8975d\" id=\"h-vi-planlegger-for-fremtiden\" style=\"text-transform:uppercase\">vi planlegger for fremtiden <\/h2>\n\n\n\n<p>Holdbarhet er et n\u00f8kkelord n\u00e5r vi snakker om b\u00e6rekraft. Hver eneste gang det produseres, bygges eller implementeres nye systemer, medf\u00f8rer det en belastning p\u00e5 v\u00e5rt milj\u00f8 og klima. Det er derfor avgj\u00f8rende \u00e5 ha fokus p\u00e5 b\u00e6rekraft helt fra oppstarten av et prosjekt. Det handler om om \u00e5 ta smarte valg i dag som skaper en bedre verden i morgen.<br><br>Vi i SYSTRA Norge kan bist\u00e5 med \u00e5 integrere b\u00e6rekraft i prosjektene. <br>Kontakt b\u00e6rekraftansvarlig i SYSTRA Norge, <a href=\"mailto: tmo1@systra.com\">Tore Mo<\/a>, for mer informasjon.<\/p>\n\n\n\n<div style=\"height:20px\" aria-hidden=\"true\" class=\"wp-block-spacer\"><\/div>\n<\/div><figure class=\"wp-block-media-text__media\" style=\"background-image:url(https:\/\/www.systra.com\/norway\/wp-content\/uploads\/sites\/27\/2024\/06\/thorbjorn-og-tore_systra-norge-878x1024.jpg);background-position:98% 10%\"><img loading=\"lazy\" decoding=\"async\" width=\"878\" height=\"1024\" src=\"https:\/\/www.systra.com\/norway\/wp-content\/uploads\/sites\/27\/2024\/06\/thorbjorn-og-tore_systra-norge-878x1024.jpg\" alt=\"\" class=\"wp-image-3523 size-full\" srcset=\"https:\/\/www.systra.com\/norway\/wp-content\/uploads\/sites\/27\/2024\/06\/thorbjorn-og-tore_systra-norge-878x1024.jpg 878w, https:\/\/www.systra.com\/norway\/wp-content\/uploads\/sites\/27\/2024\/06\/thorbjorn-og-tore_systra-norge-257x300.jpg 257w, https:\/\/www.systra.com\/norway\/wp-content\/uploads\/sites\/27\/2024\/06\/thorbjorn-og-tore_systra-norge-768x895.jpg 768w, https:\/\/www.systra.com\/norway\/wp-content\/uploads\/sites\/27\/2024\/06\/thorbjorn-og-tore_systra-norge-474x553.jpg 474w, https:\/\/www.systra.com\/norway\/wp-content\/uploads\/sites\/27\/2024\/06\/thorbjorn-og-tore_systra-norge-800x933.jpg 800w, https:\/\/www.systra.com\/norway\/wp-content\/uploads\/sites\/27\/2024\/06\/thorbjorn-og-tore_systra-norge-180x210.jpg 180w, https:\/\/www.systra.com\/norway\/wp-content\/uploads\/sites\/27\/2024\/06\/thorbjorn-og-tore_systra-norge-153x178.jpg 153w, https:\/\/www.systra.com\/norway\/wp-content\/uploads\/sites\/27\/2024\/06\/thorbjorn-og-tore_systra-norge-230x268.jpg 230w, https:\/\/www.systra.com\/norway\/wp-content\/uploads\/sites\/27\/2024\/06\/thorbjorn-og-tore_systra-norge.jpg 1000w\" sizes=\"auto, (max-width: 878px) 100vw, 878px\" \/><\/figure><\/div>\n\n\n\n<div style=\"height:100px\" aria-hidden=\"true\" class=\"wp-block-spacer\"><\/div>\n\n\n\n<div class=\"wp-block-columns is-layout-flex wp-container-core-columns-is-layout-9d6595d7 wp-block-columns-is-layout-flex\">\n<div class=\"wp-block-column has-khaki-background-color has-background is-layout-flow wp-block-column-is-layout-flow\" style=\"flex-basis:33.33%\">\n<div style=\"height:40px\" aria-hidden=\"true\" class=\"wp-block-spacer\"><\/div>\n\n\n\n<h3 class=\"wp-block-heading has-text-align-center has-blanc-color has-text-color has-link-color wp-elements-9d2b999edb4b6131ccecfb9455fae841\" id=\"h-vi-bygger-bro-mellom-strategier-og-resultater\">VI BYGGER BRO MELLOM STRATEGIER OG RESULTATER<\/h3>\n<\/div>\n\n\n\n<div class=\"wp-block-column is-layout-flow wp-block-column-is-layout-flow\" style=\"flex-basis:66.66%\">\n<p><strong>I Norge og internasjonalt er SYSTRA sterkt engasjert i \u00e5 bidra til et kliman\u00f8ytralt samfunn og mindre CO2-utslipp.<\/strong> <br><br>For \u00e5 sikre at v\u00e5re prosjekter er s\u00e5 b\u00e6rekraftige som mulig, s\u00e5 har vi f\u00f8lgende tiln\u00e6rming i oppdragene:<br><br><a href=\"https:\/\/www.systra.com\/en\/our-vision\/sustainable-development\/\">A COMPANY FOCUSED ON THE CREATION OF SUSTAINABLE VALUE<\/a><\/p>\n<\/div>\n<\/div>\n\n\n\n<div style=\"height:100px\" aria-hidden=\"true\" class=\"wp-block-spacer\"><\/div>\n\n\n\n<div class=\"wp-block-columns is-layout-flex wp-container-core-columns-is-layout-9d6595d7 wp-block-columns-is-layout-flex\">\n<div class=\"wp-block-column is-layout-flow wp-block-column-is-layout-flow\" style=\"flex-basis:66.66%\">\n<p><strong>FNs b\u00e6rekraftsm\u00e5l<\/strong> bidrar til endring i rammebetingelsene i offentlig og privat sektor. Krav til gr\u00f8nn vekst og teknologiske nyvinninger p\u00e5virker m\u00e5ten vi lever p\u00e5 og valgene vi tar. Vi jobber kontinuerlig med l\u00f8sninger for \u00e5 ivareta klima og natur i prosjektene til v\u00e5re oppdragsgivere. Dette b\u00f8r du h\u00f8re mer om! <\/p>\n\n\n\n<div class=\"wp-block-buttons is-layout-flex wp-block-buttons-is-layout-flex\">\n<div class=\"wp-block-button\"><a class=\"wp-block-button__link wp-element-button\" href=\"https:\/\/www.systra.com\/norway\/kontakt\/\" style=\"border-radius:100px\">Kontakt oss her<\/a><\/div>\n<\/div>\n<\/div>\n\n\n\n<div class=\"wp-block-column has-dusty-blue-background-color has-background is-layout-flow wp-block-column-is-layout-flow\" style=\"flex-basis:33.33%\">\n<div style=\"height:40px\" aria-hidden=\"true\" class=\"wp-block-spacer\"><\/div>\n\n\n\n<h3 class=\"wp-block-heading has-text-align-center has-blanc-color has-text-color has-link-color wp-elements-80af8345667caaaa4672a3ee61180095\" id=\"h-fns-baerekraftsmal\">FNs B\u00c6REKRAFTSM\u00c5L<\/h3>\n<\/div>\n<\/div>\n\n\n\n<div style=\"height:100px\" aria-hidden=\"true\" class=\"wp-block-spacer\"><\/div>\n\n\n\n<div class=\"wp-block-columns is-layout-flex wp-container-core-columns-is-layout-9d6595d7 wp-block-columns-is-layout-flex\">\n<div class=\"wp-block-column has-pale-mauve-background-color has-background is-layout-flow wp-block-column-is-layout-flow\" style=\"flex-basis:33.33%\">\n<div style=\"height:40px\" aria-hidden=\"true\" class=\"wp-block-spacer\"><\/div>\n\n\n\n<h3 class=\"wp-block-heading has-text-align-center\" id=\"h-baerekraft-som-konkurransefortrinn\">B\u00c6REKRAFT SOM KONKURRANSEFORTRINN<\/h3>\n<\/div>\n\n\n\n<div class=\"wp-block-column is-layout-flow wp-block-column-is-layout-flow\" style=\"flex-basis:66.66%\">\n<p>Fremtidens forbrukere trekkes mot virksomheter som \u00f8nsker \u00e5 bidra til en positiv endring i samfunnet. Det leder n\u00e6ringslivet i retning av \u00e5 ikke bare vektlegge finansiell avkastning, men ogs\u00e5 \u00e5 ta et sosialt ansvar som p\u00e5virker strategi, markedsf\u00f8ring og valg av samarbeidspartnere.<br>La oss snakke  mer om hvordan dere kan legge til rette for \u00e5 ta et sosialt ansvar og bruke b\u00e6rekraft som et konkurransefortrinn.<a href=\"https:\/\/www.systra.com\/norway\/kontakt\/\"> Kontakt oss<\/a><\/p>\n<\/div>\n<\/div>\n\n\n\n<div style=\"height:100px\" aria-hidden=\"true\" class=\"wp-block-spacer\"><\/div>\n\n\n\n<div class=\"wp-block-cover is-light has-custom-content-position is-position-bottom-left\" style=\"min-height:204px;aspect-ratio:unset;\"><span aria-hidden=\"true\" class=\"wp-block-cover__background has-background-dim\" style=\"background-color:#a6afb6\"><\/span><img loading=\"lazy\" decoding=\"async\" width=\"2560\" height=\"1819\" class=\"wp-block-cover__image-background wp-image-667\" alt=\"\" src=\"https:\/\/www.systra.com\/norway\/wp-content\/uploads\/sites\/27\/2024\/03\/hjorundfjordenflemming_fotocbknap-scaled.jpg\" data-object-fit=\"cover\" srcset=\"https:\/\/www.systra.com\/norway\/wp-content\/uploads\/sites\/27\/2024\/03\/hjorundfjordenflemming_fotocbknap-scaled.jpg 2560w, https:\/\/www.systra.com\/norway\/wp-content\/uploads\/sites\/27\/2024\/03\/hjorundfjordenflemming_fotocbknap-300x213.jpg 300w, https:\/\/www.systra.com\/norway\/wp-content\/uploads\/sites\/27\/2024\/03\/hjorundfjordenflemming_fotocbknap-1024x728.jpg 1024w, https:\/\/www.systra.com\/norway\/wp-content\/uploads\/sites\/27\/2024\/03\/hjorundfjordenflemming_fotocbknap-768x546.jpg 768w, https:\/\/www.systra.com\/norway\/wp-content\/uploads\/sites\/27\/2024\/03\/hjorundfjordenflemming_fotocbknap-1536x1091.jpg 1536w, https:\/\/www.systra.com\/norway\/wp-content\/uploads\/sites\/27\/2024\/03\/hjorundfjordenflemming_fotocbknap-2048x1455.jpg 2048w, https:\/\/www.systra.com\/norway\/wp-content\/uploads\/sites\/27\/2024\/03\/hjorundfjordenflemming_fotocbknap-474x337.jpg 474w, https:\/\/www.systra.com\/norway\/wp-content\/uploads\/sites\/27\/2024\/03\/hjorundfjordenflemming_fotocbknap-1700x1208.jpg 1700w, https:\/\/www.systra.com\/norway\/wp-content\/uploads\/sites\/27\/2024\/03\/hjorundfjordenflemming_fotocbknap-1352x961.jpg 1352w, https:\/\/www.systra.com\/norway\/wp-content\/uploads\/sites\/27\/2024\/03\/hjorundfjordenflemming_fotocbknap-800x568.jpg 800w, https:\/\/www.systra.com\/norway\/wp-content\/uploads\/sites\/27\/2024\/03\/hjorundfjordenflemming_fotocbknap-180x128.jpg 180w, https:\/\/www.systra.com\/norway\/wp-content\/uploads\/sites\/27\/2024\/03\/hjorundfjordenflemming_fotocbknap-153x109.jpg 153w, https:\/\/www.systra.com\/norway\/wp-content\/uploads\/sites\/27\/2024\/03\/hjorundfjordenflemming_fotocbknap-230x163.jpg 230w\" sizes=\"auto, (max-width: 2560px) 100vw, 2560px\" \/><div class=\"wp-block-cover__inner-container is-layout-constrained wp-block-cover-is-layout-constrained\">\n<div class=\"wp-block-buttons is-layout-flex wp-block-buttons-is-layout-flex\">\n<div class=\"wp-block-button has-custom-width wp-block-button__width-100 is-style-fill\"><a class=\"wp-block-button__link wp-element-button\" href=\"https:\/\/www.systra.com\/wp-content\/uploads\/2024\/04\/systra_sustainability_report_2023_2.pdf\" style=\"border-radius:0px\" target=\"_blank\" rel=\"noreferrer noopener\"><br>Systras b\u00e6rekraftsrapport<br>kan du lese her<\/a><\/div>\n<\/div>\n<\/div><\/div>\n\n\n\n<div style=\"height:100px\" aria-hidden=\"true\" class=\"wp-block-spacer\"><\/div>\n\n\n\n<div class=\"wp-block-slider-images\">\n            <h2 class=\"h2like\">Vi bidrar til et mer b\u00e6rekraftig samfunn gjennom:<\/h2>\n        <div class=\"wrapper-content-slider-images\">\n                    <ul class=\"content-slider-images\">\n                            <li class=\"wrapper-legende-img\">\n                    <a class=\"single-slider-popup\" href=\"https:\/\/www.systra.com\/norway\/wp-content\/uploads\/sites\/27\/2024\/04\/andreas-og-janrune_systranorge_fotocbknap-scaled.jpg\" title=\"KOMPETANSE:  Vi hjelper v\u00e5re oppdragsgivere med \u00e5 oppn\u00e5 mer b\u00e6rekraftige resultater i prosjektene\">\n                        <div class=\"single-slider-images\" style=\"background-image: url(https:\/\/www.systra.com\/norway\/wp-content\/uploads\/sites\/27\/2024\/04\/andreas-og-janrune_systranorge_fotocbknap-scaled.jpg); background-position: center center ;\"><\/div>\n                                                    <span class=\"single-slider-legende\"><span>KOMPETANSE:  Vi hjelper v\u00e5re oppdragsgivere med \u00e5 oppn\u00e5 mer b\u00e6rekraftige resultater i prosjektene<\/span><\/span>\n                                            <\/a>\n                <\/li>\n                            <li class=\"wrapper-legende-img\">\n                    <a class=\"single-slider-popup\" href=\"https:\/\/www.systra.com\/norway\/wp-content\/uploads\/sites\/27\/2024\/04\/1test_opera-vinter.jpg\" title=\"ERFARING: Prosjekter innen bygg,  digitalisering og kollektivtransport som bidrar til et mer b\u00e6rekraftig samfunn\">\n                        <div class=\"single-slider-images\" style=\"background-image: url(https:\/\/www.systra.com\/norway\/wp-content\/uploads\/sites\/27\/2024\/04\/1test_opera-vinter.jpg); background-position: center center ;\"><\/div>\n                                                    <span class=\"single-slider-legende\"><span>ERFARING: Prosjekter innen bygg,  digitalisering og kollektivtransport som bidrar til et mer b\u00e6rekraftig samfunn<\/span><\/span>\n                                            <\/a>\n                <\/li>\n                            <li class=\"wrapper-legende-img\">\n                    <a class=\"single-slider-popup\" href=\"https:\/\/www.systra.com\/norway\/wp-content\/uploads\/sites\/27\/2024\/04\/87451_atkins_1330-scaled.jpg\" title=\"FOKUS: N\u00f8dvendige sertifiseringer som ISO 140001\">\n                        <div class=\"single-slider-images\" style=\"background-image: url(https:\/\/www.systra.com\/norway\/wp-content\/uploads\/sites\/27\/2024\/04\/87451_atkins_1330-scaled.jpg); background-position: center center ;\"><\/div>\n                                                    <span class=\"single-slider-legende\"><span>FOKUS: N\u00f8dvendige sertifiseringer som ISO 140001<\/span><\/span>\n                                            <\/a>\n                <\/li>\n                        <\/ul>\n            <\/div>\n\n<\/div>","protected":false},"excerpt":{"rendered":"<p>VI gir R\u00c5D OM VALG som tar hensyn til milj\u00f8et og bidrar til resultater som er positive for fremtiden b\u00e6rekraft i prosjekter Det \u00e5 ta ansvar i forhold til b\u00e6rekraft og klima st\u00e5r sentralt i v\u00e5r forretningsstrategi. I praksis betyr det at vi jobber m\u00e5lrettet for \u00e5 bidra til mer b\u00e6rekraftige resultater for v\u00e5re oppdragsgivere [&hellip;]<\/p>\n","protected":false},"author":113,"featured_media":1089,"parent":5127,"menu_order":0,"comment_status":"closed","ping_status":"closed","template":"","meta":{"_acf_changed":false,"_relevanssi_hide_post":"","_relevanssi_hide_content":"","_relevanssi_pin_for_all":"","_relevanssi_pin_keywords":"","_relevanssi_unpin_keywords":"","_relevanssi_related_keywords":"","_relevanssi_related_include_ids":"","_relevanssi_related_exclude_ids":"","_relevanssi_related_no_append":"","_relevanssi_related_not_related":"","_relevanssi_related_posts":"1","_relevanssi_noindex_reason":"","footnotes":""},"class_list":["post-1045","page","type-page","status-publish","has-post-thumbnail","hentry"],"acf":[],"yoast_head":"<!-- This site is optimized with the Yoast SEO Premium plugin v27.3 (Yoast SEO v27.3) - https:\/\/yoast.com\/product\/yoast-seo-premium-wordpress\/ -->\n<title>B\u00e6rekraft - Norway<\/title>\n<meta name=\"description\" content=\"B\u00e6rekraft i prosjekter. B\u00e6rekraft og klima st\u00e5r sentralt i v\u00e5r forretningsstrategi. Vi er til enhver tid oppdatert p\u00e5\u202fEUs taksonomi og FNs b\u00e6rekraftsm\u00e5l. https:\/\/www.systra.com\/norway\/\" \/>\n<meta name=\"robots\" content=\"index, follow, max-snippet:-1, max-image-preview:large, max-video-preview:-1\" \/>\n<meta property=\"og:locale\" content=\"nb_NO\" \/>\n<meta property=\"og:type\" content=\"article\" \/>\n<meta property=\"og:title\" content=\"B\u00e6rekraft\" \/>\n<meta property=\"og:description\" content=\"B\u00e6rekraft i prosjekter. B\u00e6rekraft og klima st\u00e5r sentralt i v\u00e5r forretningsstrategi. Vi er til enhver tid oppdatert p\u00e5\u202fEUs taksonomi og FNs b\u00e6rekraftsm\u00e5l. https:\/\/www.systra.com\/norway\/\" \/>\n<meta property=\"og:url\" content=\"https:\/\/www.systra.com\/norway\/hvem-er-vi\/baerekraft\/\" \/>\n<meta property=\"og:site_name\" content=\"Norway\" \/>\n<meta property=\"article:modified_time\" content=\"2024-09-13T13:09:19+00:00\" \/>\n<meta property=\"og:image\" content=\"https:\/\/www.systra.com\/norway\/wp-content\/uploads\/sites\/27\/2024\/04\/prekestolen_fotocbknap-scaled.jpg\" \/>\n\t<meta property=\"og:image:width\" content=\"2560\" \/>\n\t<meta property=\"og:image:height\" content=\"1086\" \/>\n\t<meta property=\"og:image:type\" content=\"image\/jpeg\" \/>\n<meta name=\"twitter:card\" content=\"summary_large_image\" \/>\n<meta name=\"twitter:label1\" content=\"Ansl. lesetid\" \/>\n\t<meta name=\"twitter:data1\" content=\"3 minutter\" \/>\n<script type=\"application\/ld+json\" class=\"yoast-schema-graph\">{\"@context\":\"https:\\\/\\\/schema.org\",\"@graph\":[{\"@type\":\"WebPage\",\"@id\":\"https:\\\/\\\/www.systra.com\\\/norway\\\/hvem-er-vi\\\/baerekraft\\\/\",\"url\":\"https:\\\/\\\/www.systra.com\\\/norway\\\/hvem-er-vi\\\/baerekraft\\\/\",\"name\":\"B\u00e6rekraft - Norway\",\"isPartOf\":{\"@id\":\"https:\\\/\\\/www.systra.com\\\/norway\\\/#website\"},\"primaryImageOfPage\":{\"@id\":\"https:\\\/\\\/www.systra.com\\\/norway\\\/hvem-er-vi\\\/baerekraft\\\/#primaryimage\"},\"image\":{\"@id\":\"https:\\\/\\\/www.systra.com\\\/norway\\\/hvem-er-vi\\\/baerekraft\\\/#primaryimage\"},\"thumbnailUrl\":\"https:\\\/\\\/www.systra.com\\\/norway\\\/wp-content\\\/uploads\\\/sites\\\/27\\\/2024\\\/04\\\/prekestolen_fotocbknap-scaled.jpg\",\"datePublished\":\"2024-09-09T13:25:23+00:00\",\"dateModified\":\"2024-09-13T13:09:19+00:00\",\"description\":\"B\u00e6rekraft i prosjekter. B\u00e6rekraft og klima st\u00e5r sentralt i v\u00e5r forretningsstrategi. Vi er til enhver tid oppdatert p\u00e5\u202fEUs taksonomi og FNs b\u00e6rekraftsm\u00e5l. https:\\\/\\\/www.systra.com\\\/norway\\\/\",\"breadcrumb\":{\"@id\":\"https:\\\/\\\/www.systra.com\\\/norway\\\/hvem-er-vi\\\/baerekraft\\\/#breadcrumb\"},\"inLanguage\":\"nb-NO\",\"potentialAction\":[{\"@type\":\"ReadAction\",\"target\":[\"https:\\\/\\\/www.systra.com\\\/norway\\\/hvem-er-vi\\\/baerekraft\\\/\"]}]},{\"@type\":\"ImageObject\",\"inLanguage\":\"nb-NO\",\"@id\":\"https:\\\/\\\/www.systra.com\\\/norway\\\/hvem-er-vi\\\/baerekraft\\\/#primaryimage\",\"url\":\"https:\\\/\\\/www.systra.com\\\/norway\\\/wp-content\\\/uploads\\\/sites\\\/27\\\/2024\\\/04\\\/prekestolen_fotocbknap-scaled.jpg\",\"contentUrl\":\"https:\\\/\\\/www.systra.com\\\/norway\\\/wp-content\\\/uploads\\\/sites\\\/27\\\/2024\\\/04\\\/prekestolen_fotocbknap-scaled.jpg\",\"width\":2560,\"height\":1086},{\"@type\":\"BreadcrumbList\",\"@id\":\"https:\\\/\\\/www.systra.com\\\/norway\\\/hvem-er-vi\\\/baerekraft\\\/#breadcrumb\",\"itemListElement\":[{\"@type\":\"ListItem\",\"position\":1,\"name\":\"Accueil\",\"item\":\"https:\\\/\\\/www.systra.com\\\/norway\\\/\"},{\"@type\":\"ListItem\",\"position\":2,\"name\":\"Hvem Er Vi\",\"item\":\"https:\\\/\\\/www.systra.com\\\/norway\\\/hvem-er-vi\\\/\"},{\"@type\":\"ListItem\",\"position\":3,\"name\":\"B\u00e6rekraft\"}]},{\"@type\":\"WebSite\",\"@id\":\"https:\\\/\\\/www.systra.com\\\/norway\\\/#website\",\"url\":\"https:\\\/\\\/www.systra.com\\\/norway\\\/\",\"name\":\"Norway\",\"description\":\"\",\"potentialAction\":[{\"@type\":\"SearchAction\",\"target\":{\"@type\":\"EntryPoint\",\"urlTemplate\":\"https:\\\/\\\/www.systra.com\\\/norway\\\/?s={search_term_string}\"},\"query-input\":{\"@type\":\"PropertyValueSpecification\",\"valueRequired\":true,\"valueName\":\"search_term_string\"}}],\"inLanguage\":\"nb-NO\"}]}<\/script>\n<!-- \/ Yoast SEO Premium plugin. -->","yoast_head_json":{"title":"B\u00e6rekraft - Norway","description":"B\u00e6rekraft i prosjekter. B\u00e6rekraft og klima st\u00e5r sentralt i v\u00e5r forretningsstrategi. Vi er til enhver tid oppdatert p\u00e5\u202fEUs taksonomi og FNs b\u00e6rekraftsm\u00e5l. https:\/\/www.systra.com\/norway\/","robots":{"index":"index","follow":"follow","max-snippet":"max-snippet:-1","max-image-preview":"max-image-preview:large","max-video-preview":"max-video-preview:-1"},"og_locale":"nb_NO","og_type":"article","og_title":"B\u00e6rekraft","og_description":"B\u00e6rekraft i prosjekter. B\u00e6rekraft og klima st\u00e5r sentralt i v\u00e5r forretningsstrategi. Vi er til enhver tid oppdatert p\u00e5\u202fEUs taksonomi og FNs b\u00e6rekraftsm\u00e5l. https:\/\/www.systra.com\/norway\/","og_url":"https:\/\/www.systra.com\/norway\/hvem-er-vi\/baerekraft\/","og_site_name":"Norway","article_modified_time":"2024-09-13T13:09:19+00:00","og_image":[{"width":2560,"height":1086,"url":"https:\/\/www.systra.com\/norway\/wp-content\/uploads\/sites\/27\/2024\/04\/prekestolen_fotocbknap-scaled.jpg","type":"image\/jpeg"}],"twitter_card":"summary_large_image","twitter_misc":{"Ansl. lesetid":"3 minutter"},"schema":{"@context":"https:\/\/schema.org","@graph":[{"@type":"WebPage","@id":"https:\/\/www.systra.com\/norway\/hvem-er-vi\/baerekraft\/","url":"https:\/\/www.systra.com\/norway\/hvem-er-vi\/baerekraft\/","name":"B\u00e6rekraft - Norway","isPartOf":{"@id":"https:\/\/www.systra.com\/norway\/#website"},"primaryImageOfPage":{"@id":"https:\/\/www.systra.com\/norway\/hvem-er-vi\/baerekraft\/#primaryimage"},"image":{"@id":"https:\/\/www.systra.com\/norway\/hvem-er-vi\/baerekraft\/#primaryimage"},"thumbnailUrl":"https:\/\/www.systra.com\/norway\/wp-content\/uploads\/sites\/27\/2024\/04\/prekestolen_fotocbknap-scaled.jpg","datePublished":"2024-09-09T13:25:23+00:00","dateModified":"2024-09-13T13:09:19+00:00","description":"B\u00e6rekraft i prosjekter. B\u00e6rekraft og klima st\u00e5r sentralt i v\u00e5r forretningsstrategi. Vi er til enhver tid oppdatert p\u00e5\u202fEUs taksonomi og FNs b\u00e6rekraftsm\u00e5l. https:\/\/www.systra.com\/norway\/","breadcrumb":{"@id":"https:\/\/www.systra.com\/norway\/hvem-er-vi\/baerekraft\/#breadcrumb"},"inLanguage":"nb-NO","potentialAction":[{"@type":"ReadAction","target":["https:\/\/www.systra.com\/norway\/hvem-er-vi\/baerekraft\/"]}]},{"@type":"ImageObject","inLanguage":"nb-NO","@id":"https:\/\/www.systra.com\/norway\/hvem-er-vi\/baerekraft\/#primaryimage","url":"https:\/\/www.systra.com\/norway\/wp-content\/uploads\/sites\/27\/2024\/04\/prekestolen_fotocbknap-scaled.jpg","contentUrl":"https:\/\/www.systra.com\/norway\/wp-content\/uploads\/sites\/27\/2024\/04\/prekestolen_fotocbknap-scaled.jpg","width":2560,"height":1086},{"@type":"BreadcrumbList","@id":"https:\/\/www.systra.com\/norway\/hvem-er-vi\/baerekraft\/#breadcrumb","itemListElement":[{"@type":"ListItem","position":1,"name":"Accueil","item":"https:\/\/www.systra.com\/norway\/"},{"@type":"ListItem","position":2,"name":"Hvem Er Vi","item":"https:\/\/www.systra.com\/norway\/hvem-er-vi\/"},{"@type":"ListItem","position":3,"name":"B\u00e6rekraft"}]},{"@type":"WebSite","@id":"https:\/\/www.systra.com\/norway\/#website","url":"https:\/\/www.systra.com\/norway\/","name":"Norway","description":"","potentialAction":[{"@type":"SearchAction","target":{"@type":"EntryPoint","urlTemplate":"https:\/\/www.systra.com\/norway\/?s={search_term_string}"},"query-input":{"@type":"PropertyValueSpecification","valueRequired":true,"valueName":"search_term_string"}}],"inLanguage":"nb-NO"}]}},"lang":"nb","translations":{"nb":1045},"pll_sync_post":[],"_links":{"self":[{"href":"https:\/\/www.systra.com\/norway\/wp-json\/wp\/v2\/pages\/1045","targetHints":{"allow":["GET"]}}],"collection":[{"href":"https:\/\/www.systra.com\/norway\/wp-json\/wp\/v2\/pages"}],"about":[{"href":"https:\/\/www.systra.com\/norway\/wp-json\/wp\/v2\/types\/page"}],"author":[{"embeddable":true,"href":"https:\/\/www.systra.com\/norway\/wp-json\/wp\/v2\/users\/113"}],"replies":[{"embeddable":true,"href":"https:\/\/www.systra.com\/norway\/wp-json\/wp\/v2\/comments?post=1045"}],"version-history":[{"count":83,"href":"https:\/\/www.systra.com\/norway\/wp-json\/wp\/v2\/pages\/1045\/revisions"}],"predecessor-version":[{"id":4078,"href":"https:\/\/www.systra.com\/norway\/wp-json\/wp\/v2\/pages\/1045\/revisions\/4078"}],"up":[{"embeddable":true,"href":"https:\/\/www.systra.com\/norway\/wp-json\/wp\/v2\/pages\/5127"}],"wp:featuredmedia":[{"embeddable":true,"href":"https:\/\/www.systra.com\/norway\/wp-json\/wp\/v2\/media\/1089"}],"wp:attachment":[{"href":"https:\/\/www.systra.com\/norway\/wp-json\/wp\/v2\/media?parent=1045"}],"curies":[{"name":"wp","href":"https:\/\/api.w.org\/{rel}","templated":true}]}}