{"id":956,"date":"2024-12-06T14:25:44","date_gmt":"2024-12-06T13:25:44","guid":{"rendered":"https:\/\/www.systra.com\/iberica-hispanoamerica\/?page_id=956"},"modified":"2025-01-24T18:29:38","modified_gmt":"2025-01-24T17:29:38","slug":"sustentabilidad","status":"publish","type":"page","link":"https:\/\/www.systra.com\/iberica-hispanoamerica\/quienes-somos\/sustentabilidad\/","title":{"rendered":"Sustentabilidad"},"content":{"rendered":"\n<div style=\"height:50px\" aria-hidden=\"true\" class=\"wp-block-spacer\"><\/div>\n\n\n\n<h2 class=\"wp-block-heading has-text-align-left has-khaki-color has-text-color has-link-color wp-elements-997355668415c656a058dfffa3397a43\" id=\"h-movilidad-sustentable-y-desarrollo-economico-responsable\"> Movilidad Sustentable y Desarrollo Econ\u00f3mico Responsable<\/h2>\n\n\n\n<div style=\"height:100px\" aria-hidden=\"true\" class=\"wp-block-spacer\"><\/div>\n\n\n\n<div class=\"wp-block-media-text is-stacked-on-mobile is-image-fill-element is-style-default has-pale-blue-background-color has-background\"><figure class=\"wp-block-media-text__media\"><img loading=\"lazy\" decoding=\"async\" width=\"1024\" height=\"1003\" src=\"https:\/\/www.systra.com\/iberica-hispanoamerica\/wp-content\/uploads\/sites\/30\/2025\/01\/c-chichignoud_2023-1024x1003.jpg\" alt=\"\" class=\"wp-image-1651 size-full\" style=\"object-position:52% 6%\" srcset=\"https:\/\/www.systra.com\/iberica-hispanoamerica\/wp-content\/uploads\/sites\/30\/2025\/01\/c-chichignoud_2023-1024x1003.jpg 1024w, https:\/\/www.systra.com\/iberica-hispanoamerica\/wp-content\/uploads\/sites\/30\/2025\/01\/c-chichignoud_2023-300x294.jpg 300w, https:\/\/www.systra.com\/iberica-hispanoamerica\/wp-content\/uploads\/sites\/30\/2025\/01\/c-chichignoud_2023-768x752.jpg 768w, https:\/\/www.systra.com\/iberica-hispanoamerica\/wp-content\/uploads\/sites\/30\/2025\/01\/c-chichignoud_2023-474x464.jpg 474w, https:\/\/www.systra.com\/iberica-hispanoamerica\/wp-content\/uploads\/sites\/30\/2025\/01\/c-chichignoud_2023-1352x1324.jpg 1352w, https:\/\/www.systra.com\/iberica-hispanoamerica\/wp-content\/uploads\/sites\/30\/2025\/01\/c-chichignoud_2023-800x783.jpg 800w, https:\/\/www.systra.com\/iberica-hispanoamerica\/wp-content\/uploads\/sites\/30\/2025\/01\/c-chichignoud_2023-180x176.jpg 180w, https:\/\/www.systra.com\/iberica-hispanoamerica\/wp-content\/uploads\/sites\/30\/2025\/01\/c-chichignoud_2023-153x150.jpg 153w, https:\/\/www.systra.com\/iberica-hispanoamerica\/wp-content\/uploads\/sites\/30\/2025\/01\/c-chichignoud_2023-230x225.jpg 230w, https:\/\/www.systra.com\/iberica-hispanoamerica\/wp-content\/uploads\/sites\/30\/2025\/01\/c-chichignoud_2023.jpg 1400w\" sizes=\"auto, (max-width: 1024px) 100vw, 1024px\" \/><\/figure><div class=\"wp-block-media-text__content\">\n<blockquote class=\"wp-block-quote is-layout-flow wp-block-quote-is-layout-flow\">\n<p>La sustentabilidad en SYSTRA ya no es s\u00f3lo una ambici\u00f3n: es una realidad. Esta realidad se materializa actuando de manera directa tanto en nuestras implantaciones como en nuestros proyectos para proteger el medio ambiente, apoyar a las comunidades locales y desempe\u00f1ar un papel en la transici\u00f3n energ\u00e9tica.\u201d<\/p>\n<cite>Christelle Chichignoud, Vicepresidenta de Sostenibilidad del Grupo Systra<\/cite><\/blockquote>\n<\/div><\/div>\n\n\n\n<div style=\"height:100px\" aria-hidden=\"true\" class=\"wp-block-spacer\"><\/div>\n\n\n\n<h3 class=\"wp-block-heading alignfull has-text-align-center has-blanc-color has-khaki-background-color has-text-color has-background has-link-color wp-elements-004fdbb3c1af0caad4f418fe3fa1572b\" id=\"h-actuamos-en-favor-de-infraestructuras-sustentables\">ACTUAMOS EN FAVOR DE INFRAESTRUCTURAS SUSTENTABLES\u200b<\/h3>\n\n\n\n<div style=\"height:50px\" aria-hidden=\"true\" class=\"wp-block-spacer\"><\/div>\n\n\n\n<div class=\"wp-block-group\"><div class=\"wp-block-group__inner-container is-layout-constrained wp-block-group-is-layout-constrained\">\n<p class=\"has-text-align-left\"><strong>Como empresa l\u00edder en concebir las infraestructuras <\/strong><strong>del futuro, tenemos un enorme papel que <\/strong><strong>desempe\u00f1ar en el campo de la sostenibilidad, en <\/strong><strong>todos sus aspectos. <\/strong>\u200b<\/p>\n\n\n\n<p class=\"has-text-align-left\">Queremos preservar el medio ambiente, acompa\u00f1ar a nuestros clientes hacia una movilidad sostenible y ser un empleador comprometido y responsable \u200b<\/p>\n<\/div><\/div>\n\n\n\n<div style=\"height:50px\" aria-hidden=\"true\" class=\"wp-block-spacer\"><\/div>\n\n\n\n<h3 class=\"wp-block-heading has-khaki-color has-text-color has-link-color wp-elements-2f2e57b0036f2d0ef912e698c43fabf0\" id=\"h-nuestra-vision-de-la-sustentabilidad\">nuestra visi\u00f3n de la sUsteNTABILIDAD<\/h3>\n\n\n\n<div style=\"height:44px\" aria-hidden=\"true\" class=\"wp-block-spacer\"><\/div>\n\n\n\n<p>Nuestro trabajo consiste en crear infraestructuras que favorezcan el acceso a regiones y servicios, el desarrollo econ\u00f3mico y la circulaci\u00f3n de personas y mercanc\u00edas. Es la raz\u00f3n de nuestra existencia. Tenemos la responsabilidad de ofrecer a cada ciudadano la oportunidad de vivir mejor. \u200b<\/p>\n\n\n\n<p>\u200bLas infraestructuras que desarrollamos deben ser fiables, sostenibles y resilientes, para apoyar el desarrollo econ\u00f3mico de las ciudades y regiones, pero tambi\u00e9n para fomentar el bienestar de todos creando un acceso asequible y justo. \u200b<\/p>\n\n\n\n<p>En un contexto de emergencia clim\u00e1tica y transici\u00f3n energ\u00e9tica, nos centramos especialmente en la gesti\u00f3n de los recursos y en el tratamiento de la huella de carbono. \u200b \u200b<\/p>\n\n\n\n<div style=\"height:100px\" aria-hidden=\"true\" class=\"wp-block-spacer\"><\/div>\n\n\n\n<h3 class=\"wp-block-heading has-khaki-color has-text-color has-link-color wp-elements-c1b22bfb8e5d33cff30b3e0963e12a56\" id=\"h-nuestro-modelo-de-negocio\">NUESTRO MODELO DE NEGOCIO: <\/h3>\n\n\n\n<h3 class=\"wp-block-heading has-noir-color has-text-color has-link-color wp-elements-91f6fb28d64ea9dcbc7755c719479ea6\" id=\"h-una-empresa-centrada-en-la-creacion-de-valor-sustentable\">UNA EMPRESA CENTRADA EN LA CREACI\u00d3N DE VALOR SUSTENTABLE<\/h3>\n\n\n\n<div style=\"height:50px\" aria-hidden=\"true\" class=\"wp-block-spacer\"><\/div>\n\n\n\n<p>Nuestras actividades y nuestra forma de operar pretenden tener un impacto positivo para todas las partes interesadas. Con nuestros valores y compromisos con el medio ambiente, la \u00e9tica y la salud, la seguridad y la protecci\u00f3n como ejes de nuestras actividades, respondemos a los grandes retos que plantea un futuro sustentable.\u200b<\/p>\n\n\n\n<div style=\"height:50px\" aria-hidden=\"true\" class=\"wp-block-spacer\"><\/div>\n\n\n\n<h3 class=\"wp-block-heading has-khaki-color has-text-color has-link-color wp-elements-feb5d12eb74d81cb405cc7dfc11456ee\" id=\"h-nuestra-responsabilidad-medioambiental-y-social\">NUESTRA RESPONSABILIDAD MEDIOAMBIENTAL Y SOCIAL<\/h3>\n\n\n\n<div style=\"height:50px\" aria-hidden=\"true\" class=\"wp-block-spacer\"><\/div>\n\n\n\n<div class=\"wp-block-group is-style-extended-background\"><div class=\"wp-block-group__inner-container is-layout-constrained wp-block-group-is-layout-constrained\">\n<div class=\"wp-block-media-text is-stacked-on-mobile is-image-fill-element is-style-offer-with-rail\" style=\"grid-template-columns:42% auto\"><figure class=\"wp-block-media-text__media\"><img decoding=\"async\" src=\"https:\/\/www.systra.com\/iberica-hispanoamerica\/wp-content\/uploads\/2023\/11\/2017-getty-images-1024x701.jpg\" alt=\"\" class=\"wp-image-10000016929104 size-full\" style=\"object-position:0% 65%\" srcset=\"https:\/\/www.systra.com\/iberica-hispanoamerica\/wp-content\/uploads\/2023\/11\/2017-getty-images-1024x701.jpg 1024w, https:\/\/www.systra.com\/iberica-hispanoamerica\/wp-content\/uploads\/2023\/11\/2017-getty-images-300x206.jpg 300w, https:\/\/www.systra.com\/iberica-hispanoamerica\/wp-content\/uploads\/2023\/11\/2017-getty-images-768x526.jpg 768w, https:\/\/www.systra.com\/iberica-hispanoamerica\/wp-content\/uploads\/2023\/11\/2017-getty-images-1536x1052.jpg 1536w, https:\/\/www.systra.com\/iberica-hispanoamerica\/wp-content\/uploads\/2023\/11\/2017-getty-images-2048x1403.jpg 2048w, https:\/\/www.systra.com\/iberica-hispanoamerica\/wp-content\/uploads\/2023\/11\/2017-getty-images-474x325.jpg 474w, https:\/\/www.systra.com\/iberica-hispanoamerica\/wp-content\/uploads\/2023\/11\/2017-getty-images-75x50.jpg 75w, https:\/\/www.systra.com\/iberica-hispanoamerica\/wp-content\/uploads\/2023\/11\/2017-getty-images-1700x1165.jpg 1700w, https:\/\/www.systra.com\/iberica-hispanoamerica\/wp-content\/uploads\/2023\/11\/2017-getty-images-1352x926.jpg 1352w, https:\/\/www.systra.com\/iberica-hispanoamerica\/wp-content\/uploads\/2023\/11\/2017-getty-images-800x548.jpg 800w, https:\/\/www.systra.com\/iberica-hispanoamerica\/wp-content\/uploads\/2023\/11\/2017-getty-images-180x123.jpg 180w, https:\/\/www.systra.com\/iberica-hispanoamerica\/wp-content\/uploads\/2023\/11\/2017-getty-images-153x105.jpg 153w, https:\/\/www.systra.com\/iberica-hispanoamerica\/wp-content\/uploads\/2023\/11\/2017-getty-images-230x158.jpg 230w\" sizes=\"(max-width: 1024px) 100vw, 1024px\" \/><\/figure><div class=\"wp-block-media-text__content\">\n<div style=\"height:30px\" aria-hidden=\"true\" class=\"wp-block-spacer\"><\/div>\n\n\n\n<p>Nuestra responsabilidad medioambiental y social est\u00e1 plenamente integrada en las respuestas que damos a las necesidades de nuestros clientes y usuarios. Por la diversidad de nuestras misiones y la naturaleza de los proyectos en los que participamos, somos actores de una movilidad sostenible, de infraestructuras de agua y energ\u00eda duraderas y de una miner\u00eda respetuosa con el medio ambiente. \u200b<\/p>\n\n\n\n<p>Nuestras decisiones t\u00e9cnicas y de innovaci\u00f3n se basan en un enfoque de econom\u00eda circular. De este modo, conciliamos los imperativos econ\u00f3micos, la reducci\u00f3n de los impactos negativos y la evaluaci\u00f3n de los impactos positivos en una visi\u00f3n a largo plazo. Asimismo, colocamos la iniciativa del ecodise\u00f1o en el centro de nuestros proyectos, teniendo en cuenta los desaf\u00edos en todas las etapas del ciclo de vida de los proyectos, desde la planificaci\u00f3n hasta el dise\u00f1o, pasando por las fases de explotaci\u00f3n y mantenimiento.\u200b<\/p>\n\n\n\n<div style=\"height:30px\" aria-hidden=\"true\" class=\"wp-block-spacer\"><\/div>\n<\/div><\/div>\n<\/div><\/div>\n\n\n\n<div style=\"height:200px\" aria-hidden=\"true\" class=\"wp-block-spacer\"><\/div>\n\n\n\n<p><\/p>\n","protected":false},"excerpt":{"rendered":"<p>Movilidad Sustentable y Desarrollo Econ\u00f3mico Responsable ACTUAMOS EN FAVOR DE INFRAESTRUCTURAS SUSTENTABLES\u200b Como empresa l\u00edder en concebir las infraestructuras del futuro, tenemos un enorme papel que desempe\u00f1ar en el campo de la sostenibilidad, en todos sus aspectos. \u200b Queremos preservar el medio ambiente, acompa\u00f1ar a nuestros clientes hacia una movilidad sostenible y ser un empleador [&hellip;]<\/p>\n","protected":false},"author":175,"featured_media":1000002157,"parent":86,"menu_order":0,"comment_status":"closed","ping_status":"closed","template":"","meta":{"_acf_changed":false,"_relevanssi_hide_post":"","_relevanssi_hide_content":"","_relevanssi_pin_for_all":"","_relevanssi_pin_keywords":"","_relevanssi_unpin_keywords":"","_relevanssi_related_keywords":"","_relevanssi_related_include_ids":"","_relevanssi_related_exclude_ids":"","_relevanssi_related_no_append":"","_relevanssi_related_not_related":"","_relevanssi_related_posts":"1","_relevanssi_noindex_reason":"","footnotes":""},"class_list":["post-956","page","type-page","status-publish","has-post-thumbnail","hentry"],"acf":[],"yoast_head":"<!-- This site is optimized with the Yoast SEO Premium plugin v27.4 (Yoast SEO v27.4) - https:\/\/yoast.com\/product\/yoast-seo-premium-wordpress\/ -->\n<title>Sustentabilidad - Ib\u00e9rica &amp; Hispanoam\u00e9rica<\/title>\n<meta name=\"robots\" content=\"index, follow, max-snippet:-1, max-image-preview:large, max-video-preview:-1\" \/>\n<meta property=\"og:locale\" content=\"en_US\" \/>\n<meta property=\"og:type\" content=\"article\" \/>\n<meta property=\"og:title\" content=\"Sustentabilidad\" \/>\n<meta property=\"og:description\" content=\"Movilidad Sustentable y Desarrollo Econ\u00f3mico Responsable ACTUAMOS EN FAVOR DE INFRAESTRUCTURAS SUSTENTABLES\u200b Como empresa l\u00edder en concebir las infraestructuras del futuro, tenemos un enorme papel que desempe\u00f1ar en el campo de la sostenibilidad, en todos sus aspectos. \u200b Queremos preservar el medio ambiente, acompa\u00f1ar a nuestros clientes hacia una movilidad sostenible y ser un empleador [&hellip;]\" \/>\n<meta property=\"og:url\" content=\"https:\/\/www.systra.com\/iberica-hispanoamerica\/quienes-somos\/sustentabilidad\/\" \/>\n<meta property=\"og:site_name\" content=\"Ib\u00e9rica &amp; Hispanoam\u00e9rica\" \/>\n<meta property=\"article:modified_time\" content=\"2025-01-24T17:29:38+00:00\" \/>\n<meta name=\"twitter:card\" content=\"summary_large_image\" \/>\n<meta name=\"twitter:label1\" content=\"Est. reading time\" \/>\n\t<meta name=\"twitter:data1\" content=\"3 minutes\" \/>\n<script type=\"application\/ld+json\" class=\"yoast-schema-graph\">{\"@context\":\"https:\\\/\\\/schema.org\",\"@graph\":[{\"@type\":\"WebPage\",\"@id\":\"https:\\\/\\\/www.systra.com\\\/iberica-hispanoamerica\\\/quienes-somos\\\/sustentabilidad\\\/\",\"url\":\"https:\\\/\\\/www.systra.com\\\/iberica-hispanoamerica\\\/quienes-somos\\\/sustentabilidad\\\/\",\"name\":\"Sustentabilidad - Ib\u00e9rica &amp; Hispanoam\u00e9rica\",\"isPartOf\":{\"@id\":\"https:\\\/\\\/www.systra.com\\\/iberica-hispanoamerica\\\/#website\"},\"primaryImageOfPage\":{\"@id\":\"https:\\\/\\\/www.systra.com\\\/iberica-hispanoamerica\\\/quienes-somos\\\/sustentabilidad\\\/#primaryimage\"},\"image\":{\"@id\":\"https:\\\/\\\/www.systra.com\\\/iberica-hispanoamerica\\\/quienes-somos\\\/sustentabilidad\\\/#primaryimage\"},\"thumbnailUrl\":\"https:\\\/\\\/www.systra.com\\\/iberica-hispanoamerica\\\/wp-content\\\/uploads\\\/2020\\\/07\\\/panama-canal-bridge_5.jpg\",\"datePublished\":\"2024-12-06T13:25:44+00:00\",\"dateModified\":\"2025-01-24T17:29:38+00:00\",\"breadcrumb\":{\"@id\":\"https:\\\/\\\/www.systra.com\\\/iberica-hispanoamerica\\\/quienes-somos\\\/sustentabilidad\\\/#breadcrumb\"},\"inLanguage\":\"en-US\",\"potentialAction\":[{\"@type\":\"ReadAction\",\"target\":[\"https:\\\/\\\/www.systra.com\\\/iberica-hispanoamerica\\\/quienes-somos\\\/sustentabilidad\\\/\"]}]},{\"@type\":\"ImageObject\",\"inLanguage\":\"en-US\",\"@id\":\"https:\\\/\\\/www.systra.com\\\/iberica-hispanoamerica\\\/quienes-somos\\\/sustentabilidad\\\/#primaryimage\",\"url\":\"https:\\\/\\\/www.systra.com\\\/iberica-hispanoamerica\\\/wp-content\\\/uploads\\\/2020\\\/07\\\/panama-canal-bridge_5.jpg\",\"contentUrl\":\"https:\\\/\\\/www.systra.com\\\/iberica-hispanoamerica\\\/wp-content\\\/uploads\\\/2020\\\/07\\\/panama-canal-bridge_5.jpg\"},{\"@type\":\"BreadcrumbList\",\"@id\":\"https:\\\/\\\/www.systra.com\\\/iberica-hispanoamerica\\\/quienes-somos\\\/sustentabilidad\\\/#breadcrumb\",\"itemListElement\":[{\"@type\":\"ListItem\",\"position\":1,\"name\":\"Accueil\",\"item\":\"https:\\\/\\\/www.systra.com\\\/iberica-hispanoamerica\\\/\"},{\"@type\":\"ListItem\",\"position\":2,\"name\":\"Qui\u00e9nes somos\",\"item\":\"https:\\\/\\\/www.systra.com\\\/spain-hispanoamerica\\\/quienes-somos\\\/\"},{\"@type\":\"ListItem\",\"position\":3,\"name\":\"Sustentabilidad\"}]},{\"@type\":\"WebSite\",\"@id\":\"https:\\\/\\\/www.systra.com\\\/iberica-hispanoamerica\\\/#website\",\"url\":\"https:\\\/\\\/www.systra.com\\\/iberica-hispanoamerica\\\/\",\"name\":\"Ib\u00e9rica &amp; Hispanoam\u00e9rica\",\"description\":\"\",\"publisher\":{\"@id\":\"https:\\\/\\\/www.systra.com\\\/iberica-hispanoamerica\\\/#organization\"},\"potentialAction\":[{\"@type\":\"SearchAction\",\"target\":{\"@type\":\"EntryPoint\",\"urlTemplate\":\"https:\\\/\\\/www.systra.com\\\/iberica-hispanoamerica\\\/?s={search_term_string}\"},\"query-input\":{\"@type\":\"PropertyValueSpecification\",\"valueRequired\":true,\"valueName\":\"search_term_string\"}}],\"inLanguage\":\"en-US\"},{\"@type\":\"Organization\",\"@id\":\"https:\\\/\\\/www.systra.com\\\/iberica-hispanoamerica\\\/#organization\",\"name\":\"Ib\u00e9rica &amp; Hispanoam\u00e9rica\",\"url\":\"https:\\\/\\\/www.systra.com\\\/iberica-hispanoamerica\\\/\",\"logo\":{\"@type\":\"ImageObject\",\"inLanguage\":\"en-US\",\"@id\":\"https:\\\/\\\/www.systra.com\\\/iberica-hispanoamerica\\\/#\\\/schema\\\/logo\\\/image\\\/\",\"url\":\"https:\\\/\\\/www.systra.com\\\/iberica-hispanoamerica\\\/wp-content\\\/uploads\\\/sites\\\/30\\\/2024\\\/12\\\/logo3.svg\",\"contentUrl\":\"https:\\\/\\\/www.systra.com\\\/iberica-hispanoamerica\\\/wp-content\\\/uploads\\\/sites\\\/30\\\/2024\\\/12\\\/logo3.svg\",\"width\":468,\"height\":469,\"caption\":\"Ib\u00e9rica &amp; Hispanoam\u00e9rica\"},\"image\":{\"@id\":\"https:\\\/\\\/www.systra.com\\\/iberica-hispanoamerica\\\/#\\\/schema\\\/logo\\\/image\\\/\"}}]}<\/script>\n<!-- \/ Yoast SEO Premium plugin. -->","yoast_head_json":{"title":"Sustentabilidad - Ib\u00e9rica &amp; Hispanoam\u00e9rica","robots":{"index":"index","follow":"follow","max-snippet":"max-snippet:-1","max-image-preview":"max-image-preview:large","max-video-preview":"max-video-preview:-1"},"og_locale":"en_US","og_type":"article","og_title":"Sustentabilidad","og_description":"Movilidad Sustentable y Desarrollo Econ\u00f3mico Responsable ACTUAMOS EN FAVOR DE INFRAESTRUCTURAS SUSTENTABLES\u200b Como empresa l\u00edder en concebir las infraestructuras del futuro, tenemos un enorme papel que desempe\u00f1ar en el campo de la sostenibilidad, en todos sus aspectos. \u200b Queremos preservar el medio ambiente, acompa\u00f1ar a nuestros clientes hacia una movilidad sostenible y ser un empleador [&hellip;]","og_url":"https:\/\/www.systra.com\/iberica-hispanoamerica\/quienes-somos\/sustentabilidad\/","og_site_name":"Ib\u00e9rica &amp; Hispanoam\u00e9rica","article_modified_time":"2025-01-24T17:29:38+00:00","twitter_card":"summary_large_image","twitter_misc":{"Est. reading time":"3 minutes"},"schema":{"@context":"https:\/\/schema.org","@graph":[{"@type":"WebPage","@id":"https:\/\/www.systra.com\/iberica-hispanoamerica\/quienes-somos\/sustentabilidad\/","url":"https:\/\/www.systra.com\/iberica-hispanoamerica\/quienes-somos\/sustentabilidad\/","name":"Sustentabilidad - Ib\u00e9rica &amp; Hispanoam\u00e9rica","isPartOf":{"@id":"https:\/\/www.systra.com\/iberica-hispanoamerica\/#website"},"primaryImageOfPage":{"@id":"https:\/\/www.systra.com\/iberica-hispanoamerica\/quienes-somos\/sustentabilidad\/#primaryimage"},"image":{"@id":"https:\/\/www.systra.com\/iberica-hispanoamerica\/quienes-somos\/sustentabilidad\/#primaryimage"},"thumbnailUrl":"https:\/\/www.systra.com\/iberica-hispanoamerica\/wp-content\/uploads\/2020\/07\/panama-canal-bridge_5.jpg","datePublished":"2024-12-06T13:25:44+00:00","dateModified":"2025-01-24T17:29:38+00:00","breadcrumb":{"@id":"https:\/\/www.systra.com\/iberica-hispanoamerica\/quienes-somos\/sustentabilidad\/#breadcrumb"},"inLanguage":"en-US","potentialAction":[{"@type":"ReadAction","target":["https:\/\/www.systra.com\/iberica-hispanoamerica\/quienes-somos\/sustentabilidad\/"]}]},{"@type":"ImageObject","inLanguage":"en-US","@id":"https:\/\/www.systra.com\/iberica-hispanoamerica\/quienes-somos\/sustentabilidad\/#primaryimage","url":"https:\/\/www.systra.com\/iberica-hispanoamerica\/wp-content\/uploads\/2020\/07\/panama-canal-bridge_5.jpg","contentUrl":"https:\/\/www.systra.com\/iberica-hispanoamerica\/wp-content\/uploads\/2020\/07\/panama-canal-bridge_5.jpg"},{"@type":"BreadcrumbList","@id":"https:\/\/www.systra.com\/iberica-hispanoamerica\/quienes-somos\/sustentabilidad\/#breadcrumb","itemListElement":[{"@type":"ListItem","position":1,"name":"Accueil","item":"https:\/\/www.systra.com\/iberica-hispanoamerica\/"},{"@type":"ListItem","position":2,"name":"Qui\u00e9nes somos","item":"https:\/\/www.systra.com\/spain-hispanoamerica\/quienes-somos\/"},{"@type":"ListItem","position":3,"name":"Sustentabilidad"}]},{"@type":"WebSite","@id":"https:\/\/www.systra.com\/iberica-hispanoamerica\/#website","url":"https:\/\/www.systra.com\/iberica-hispanoamerica\/","name":"Ib\u00e9rica &amp; Hispanoam\u00e9rica","description":"","publisher":{"@id":"https:\/\/www.systra.com\/iberica-hispanoamerica\/#organization"},"potentialAction":[{"@type":"SearchAction","target":{"@type":"EntryPoint","urlTemplate":"https:\/\/www.systra.com\/iberica-hispanoamerica\/?s={search_term_string}"},"query-input":{"@type":"PropertyValueSpecification","valueRequired":true,"valueName":"search_term_string"}}],"inLanguage":"en-US"},{"@type":"Organization","@id":"https:\/\/www.systra.com\/iberica-hispanoamerica\/#organization","name":"Ib\u00e9rica &amp; Hispanoam\u00e9rica","url":"https:\/\/www.systra.com\/iberica-hispanoamerica\/","logo":{"@type":"ImageObject","inLanguage":"en-US","@id":"https:\/\/www.systra.com\/iberica-hispanoamerica\/#\/schema\/logo\/image\/","url":"https:\/\/www.systra.com\/iberica-hispanoamerica\/wp-content\/uploads\/sites\/30\/2024\/12\/logo3.svg","contentUrl":"https:\/\/www.systra.com\/iberica-hispanoamerica\/wp-content\/uploads\/sites\/30\/2024\/12\/logo3.svg","width":468,"height":469,"caption":"Ib\u00e9rica &amp; Hispanoam\u00e9rica"},"image":{"@id":"https:\/\/www.systra.com\/iberica-hispanoamerica\/#\/schema\/logo\/image\/"}}]}},"lang":"es","translations":{"es":956},"pll_sync_post":[],"_links":{"self":[{"href":"https:\/\/www.systra.com\/iberica-hispanoamerica\/wp-json\/wp\/v2\/pages\/956","targetHints":{"allow":["GET"]}}],"collection":[{"href":"https:\/\/www.systra.com\/iberica-hispanoamerica\/wp-json\/wp\/v2\/pages"}],"about":[{"href":"https:\/\/www.systra.com\/iberica-hispanoamerica\/wp-json\/wp\/v2\/types\/page"}],"author":[{"embeddable":true,"href":"https:\/\/www.systra.com\/iberica-hispanoamerica\/wp-json\/wp\/v2\/users\/175"}],"replies":[{"embeddable":true,"href":"https:\/\/www.systra.com\/iberica-hispanoamerica\/wp-json\/wp\/v2\/comments?post=956"}],"version-history":[{"count":3,"href":"https:\/\/www.systra.com\/iberica-hispanoamerica\/wp-json\/wp\/v2\/pages\/956\/revisions"}],"predecessor-version":[{"id":2361,"href":"https:\/\/www.systra.com\/iberica-hispanoamerica\/wp-json\/wp\/v2\/pages\/956\/revisions\/2361"}],"up":[{"embeddable":true,"href":"https:\/\/www.systra.com\/iberica-hispanoamerica\/wp-json\/wp\/v2\/pages\/86"}],"wp:featuredmedia":[{"embeddable":true,"href":"https:\/\/www.systra.com\/iberica-hispanoamerica\/wp-json\/"}],"wp:attachment":[{"href":"https:\/\/www.systra.com\/iberica-hispanoamerica\/wp-json\/wp\/v2\/media?parent=956"}],"curies":[{"name":"wp","href":"https:\/\/api.w.org\/{rel}","templated":true}]}}