{"id":40755,"date":"2025-09-23T10:40:05","date_gmt":"2025-09-23T08:40:05","guid":{"rendered":"https:\/\/www.systra.com\/france\/?page_id=40755"},"modified":"2026-02-13T15:24:50","modified_gmt":"2026-02-13T14:24:50","slug":"martin-chourrout","status":"publish","type":"page","link":"https:\/\/www.systra.com\/france\/martin-chourrout\/","title":{"rendered":"Martin Chourrout"},"content":{"rendered":"\n<h3 class=\"wp-block-heading\" id=\"h-directeur-adjoint-business-unit-conseil-amenagement-et-territoires\">Directeur adjoint Business Unit Conseil, Am\u00e9nagement et territoires<\/h3>\n\n\n\n<div style=\"height:100px\" aria-hidden=\"true\" class=\"wp-block-spacer\"><\/div>\n\n\n\n<div class=\"wp-block-media-text is-stacked-on-mobile\" style=\"grid-template-columns:36% auto\"><figure class=\"wp-block-media-text__media\"><img decoding=\"async\" width=\"354\" height=\"354\" src=\"https:\/\/www.systra.com\/france\/wp-content\/uploads\/sites\/4\/2026\/01\/design-sans-titre-1.png\" alt=\"\" class=\"wp-image-56604 size-full\" srcset=\"https:\/\/www.systra.com\/france\/wp-content\/uploads\/sites\/4\/2026\/01\/design-sans-titre-1.png 354w, https:\/\/www.systra.com\/france\/wp-content\/uploads\/sites\/4\/2026\/01\/design-sans-titre-1-300x300.png 300w, https:\/\/www.systra.com\/france\/wp-content\/uploads\/sites\/4\/2026\/01\/design-sans-titre-1-150x150.png 150w, https:\/\/www.systra.com\/france\/wp-content\/uploads\/sites\/4\/2026\/01\/design-sans-titre-1-180x180.png 180w, https:\/\/www.systra.com\/france\/wp-content\/uploads\/sites\/4\/2026\/01\/design-sans-titre-1-153x153.png 153w, https:\/\/www.systra.com\/france\/wp-content\/uploads\/sites\/4\/2026\/01\/design-sans-titre-1-230x230.png 230w\" sizes=\"(max-width: 354px) 100vw, 354px\" \/><\/figure><div class=\"wp-block-media-text__content\">\n<p>Dipl\u00f4m\u00e9 de l&#8217;\u00c9cole Polytechnique et de l&#8217;\u00c9cole Nationale des Ponts et Chauss\u00e9es, Martin exerce depuis 20 ans des fonctions de management et de directeur de projet dans le domaine du conseil et de la planification des transports.<\/p>\n\n\n\n<p>Il a rejoint SYSTRA en 2021 apr\u00e8s avoir particip\u00e9 \u00e0 la cr\u00e9ation et le d\u00e9veloppement d&#8217;une soci\u00e9t\u00e9 de conseil ind\u00e9pendante.<\/p>\n\n\n\n<p>Martin occupe actuellement le poste de Directeur adjoint de la direction Conseil, Am\u00e9nagement et Territoires de SYSTRA.<\/p>\n<\/div><\/div>\n\n\n\n<div style=\"height:100px\" aria-hidden=\"true\" class=\"wp-block-spacer\"><\/div>\n\n\n\n<div class=\"wp-block-buttons is-layout-flex wp-block-buttons-is-layout-flex\">\n<div class=\"wp-block-button has-custom-width wp-block-button__width-100\"><a class=\"wp-block-button__link has-dirty-purple-background-color has-background wp-element-button\" href=\"https:\/\/www.systra.com\/france\/gouvernance\/\" target=\"_blank\" rel=\"noreferrer noopener\">Gouvernance<\/a><\/div>\n<\/div>\n\n\n\n<p><\/p>\n","protected":false},"excerpt":{"rendered":"<p>Directeur adjoint Business Unit Conseil, Am\u00e9nagement et territoires Dipl\u00f4m\u00e9 de l&#8217;\u00c9cole Polytechnique et de l&#8217;\u00c9cole Nationale des Ponts et Chauss\u00e9es, Martin exerce depuis 20 ans des fonctions de management et de directeur de projet dans le domaine du conseil et de la planification des transports. Il a rejoint SYSTRA en 2021 apr\u00e8s avoir particip\u00e9 \u00e0 [&hellip;]<\/p>\n","protected":false},"author":23,"featured_media":0,"parent":0,"menu_order":0,"comment_status":"closed","ping_status":"closed","template":"","meta":{"_acf_changed":false,"_relevanssi_hide_post":"","_relevanssi_hide_content":"","_relevanssi_pin_for_all":"","_relevanssi_pin_keywords":"","_relevanssi_unpin_keywords":"","_relevanssi_related_keywords":"","_relevanssi_related_include_ids":"","_relevanssi_related_exclude_ids":"","_relevanssi_related_no_append":"","_relevanssi_related_not_related":"","_relevanssi_related_posts":"4401,3781,23061,4667,5979,3793","_relevanssi_noindex_reason":"","footnotes":""},"class_list":["post-40755","page","type-page","status-publish","hentry"],"acf":[],"yoast_head":"<!-- This site is optimized with the Yoast SEO Premium plugin v27.4 (Yoast SEO v27.4) - https:\/\/yoast.com\/product\/yoast-seo-premium-wordpress\/ -->\n<title>Martin Chourrout - France<\/title>\n<meta name=\"description\" content=\"Directeur adjoint Business Unit Conseil, Am\u00e9nagement et territoires Dipl\u00f4m\u00e9 de l&#039;\u00c9cole Polytechnique et de l&#039;\u00c9cole Nationale des Ponts et Chauss\u00e9es,\" \/>\n<meta name=\"robots\" content=\"index, follow, max-snippet:-1, max-image-preview:large, max-video-preview:-1\" \/>\n<meta property=\"og:locale\" content=\"fr_FR\" \/>\n<meta property=\"og:type\" content=\"article\" \/>\n<meta property=\"og:title\" content=\"Martin Chourrout\" \/>\n<meta property=\"og:description\" content=\"Directeur adjoint Business Unit Conseil, Am\u00e9nagement et territoires Dipl\u00f4m\u00e9 de l&#039;\u00c9cole Polytechnique et de l&#039;\u00c9cole Nationale des Ponts et Chauss\u00e9es,\" \/>\n<meta property=\"og:url\" content=\"https:\/\/www.systra.com\/france\/martin-chourrout\/\" \/>\n<meta property=\"og:site_name\" content=\"France\" \/>\n<meta property=\"article:publisher\" content=\"https:\/\/www.facebook.com\/SYSTRA\" \/>\n<meta property=\"article:modified_time\" content=\"2026-02-13T14:24:50+00:00\" \/>\n<meta property=\"og:image\" content=\"https:\/\/www.systra.com\/france\/wp-content\/uploads\/sites\/4\/2026\/01\/design-sans-titre-1.png\" \/>\n\t<meta property=\"og:image:width\" content=\"354\" \/>\n\t<meta property=\"og:image:height\" content=\"354\" \/>\n\t<meta property=\"og:image:type\" content=\"image\/png\" \/>\n<meta name=\"twitter:card\" content=\"summary_large_image\" \/>\n<meta name=\"twitter:site\" content=\"@SYSTRA_LTD\" \/>\n<meta name=\"twitter:label1\" content=\"Dur\u00e9e de lecture estim\u00e9e\" \/>\n\t<meta name=\"twitter:data1\" content=\"1 minute\" \/>\n<script type=\"application\/ld+json\" class=\"yoast-schema-graph\">{\"@context\":\"https:\\\/\\\/schema.org\",\"@graph\":[{\"@type\":\"WebPage\",\"@id\":\"https:\\\/\\\/www.systra.com\\\/france\\\/martin-chourrout\\\/\",\"url\":\"https:\\\/\\\/www.systra.com\\\/france\\\/martin-chourrout\\\/\",\"name\":\"Martin Chourrout - France\",\"isPartOf\":{\"@id\":\"https:\\\/\\\/www.systra.com\\\/france\\\/#website\"},\"primaryImageOfPage\":{\"@id\":\"https:\\\/\\\/www.systra.com\\\/france\\\/martin-chourrout\\\/#primaryimage\"},\"image\":{\"@id\":\"https:\\\/\\\/www.systra.com\\\/france\\\/martin-chourrout\\\/#primaryimage\"},\"thumbnailUrl\":\"https:\\\/\\\/www.systra.com\\\/france\\\/wp-content\\\/uploads\\\/sites\\\/4\\\/2026\\\/01\\\/design-sans-titre-1.png\",\"datePublished\":\"2025-09-23T08:40:05+00:00\",\"dateModified\":\"2026-02-13T14:24:50+00:00\",\"description\":\"Directeur adjoint Business Unit Conseil, Am\u00e9nagement et territoires Dipl\u00f4m\u00e9 de l'\u00c9cole Polytechnique et de l'\u00c9cole Nationale des Ponts et Chauss\u00e9es,\",\"breadcrumb\":{\"@id\":\"https:\\\/\\\/www.systra.com\\\/france\\\/martin-chourrout\\\/#breadcrumb\"},\"inLanguage\":\"fr-FR\",\"potentialAction\":[{\"@type\":\"ReadAction\",\"target\":[\"https:\\\/\\\/www.systra.com\\\/france\\\/martin-chourrout\\\/\"]}]},{\"@type\":\"ImageObject\",\"inLanguage\":\"fr-FR\",\"@id\":\"https:\\\/\\\/www.systra.com\\\/france\\\/martin-chourrout\\\/#primaryimage\",\"url\":\"https:\\\/\\\/www.systra.com\\\/france\\\/wp-content\\\/uploads\\\/sites\\\/4\\\/2026\\\/01\\\/design-sans-titre-1.png\",\"contentUrl\":\"https:\\\/\\\/www.systra.com\\\/france\\\/wp-content\\\/uploads\\\/sites\\\/4\\\/2026\\\/01\\\/design-sans-titre-1.png\",\"width\":354,\"height\":354},{\"@type\":\"BreadcrumbList\",\"@id\":\"https:\\\/\\\/www.systra.com\\\/france\\\/martin-chourrout\\\/#breadcrumb\",\"itemListElement\":[{\"@type\":\"ListItem\",\"position\":1,\"name\":\"Accueil\",\"item\":\"https:\\\/\\\/www.systra.com\\\/france\\\/\"},{\"@type\":\"ListItem\",\"position\":2,\"name\":\"Martin Chourrout\"}]},{\"@type\":\"WebSite\",\"@id\":\"https:\\\/\\\/www.systra.com\\\/france\\\/#website\",\"url\":\"https:\\\/\\\/www.systra.com\\\/france\\\/\",\"name\":\"France\",\"description\":\"La confiance transporte le monde\",\"publisher\":{\"@id\":\"https:\\\/\\\/www.systra.com\\\/france\\\/#organization\"},\"potentialAction\":[{\"@type\":\"SearchAction\",\"target\":{\"@type\":\"EntryPoint\",\"urlTemplate\":\"https:\\\/\\\/www.systra.com\\\/france\\\/?s={search_term_string}\"},\"query-input\":{\"@type\":\"PropertyValueSpecification\",\"valueRequired\":true,\"valueName\":\"search_term_string\"}}],\"inLanguage\":\"fr-FR\"},{\"@type\":\"Organization\",\"@id\":\"https:\\\/\\\/www.systra.com\\\/france\\\/#organization\",\"name\":\"Systra France\",\"url\":\"https:\\\/\\\/www.systra.com\\\/france\\\/\",\"logo\":{\"@type\":\"ImageObject\",\"inLanguage\":\"fr-FR\",\"@id\":\"https:\\\/\\\/www.systra.com\\\/france\\\/#\\\/schema\\\/logo\\\/image\\\/\",\"url\":\"https:\\\/\\\/www.systra.com\\\/france\\\/wp-content\\\/uploads\\\/sites\\\/4\\\/2021\\\/03\\\/systra_logo_svg.svg\",\"contentUrl\":\"https:\\\/\\\/www.systra.com\\\/france\\\/wp-content\\\/uploads\\\/sites\\\/4\\\/2021\\\/03\\\/systra_logo_svg.svg\",\"width\":179,\"height\":34,\"caption\":\"Systra France\"},\"image\":{\"@id\":\"https:\\\/\\\/www.systra.com\\\/france\\\/#\\\/schema\\\/logo\\\/image\\\/\"},\"sameAs\":[\"https:\\\/\\\/www.facebook.com\\\/SYSTRA\",\"https:\\\/\\\/x.com\\\/SYSTRA_LTD\",\"https:\\\/\\\/www.linkedin.com\\\/company\\\/systra\\\/\"]}]}<\/script>\n<!-- \/ Yoast SEO Premium plugin. -->","yoast_head_json":{"title":"Martin Chourrout - France","description":"Directeur adjoint Business Unit Conseil, Am\u00e9nagement et territoires Dipl\u00f4m\u00e9 de l'\u00c9cole Polytechnique et de l'\u00c9cole Nationale des Ponts et Chauss\u00e9es,","robots":{"index":"index","follow":"follow","max-snippet":"max-snippet:-1","max-image-preview":"max-image-preview:large","max-video-preview":"max-video-preview:-1"},"og_locale":"fr_FR","og_type":"article","og_title":"Martin Chourrout","og_description":"Directeur adjoint Business Unit Conseil, Am\u00e9nagement et territoires Dipl\u00f4m\u00e9 de l'\u00c9cole Polytechnique et de l'\u00c9cole Nationale des Ponts et Chauss\u00e9es,","og_url":"https:\/\/www.systra.com\/france\/martin-chourrout\/","og_site_name":"France","article_publisher":"https:\/\/www.facebook.com\/SYSTRA","article_modified_time":"2026-02-13T14:24:50+00:00","og_image":[{"width":354,"height":354,"url":"https:\/\/www.systra.com\/france\/wp-content\/uploads\/sites\/4\/2026\/01\/design-sans-titre-1.png","type":"image\/png"}],"twitter_card":"summary_large_image","twitter_site":"@SYSTRA_LTD","twitter_misc":{"Dur\u00e9e de lecture estim\u00e9e":"1 minute"},"schema":{"@context":"https:\/\/schema.org","@graph":[{"@type":"WebPage","@id":"https:\/\/www.systra.com\/france\/martin-chourrout\/","url":"https:\/\/www.systra.com\/france\/martin-chourrout\/","name":"Martin Chourrout - France","isPartOf":{"@id":"https:\/\/www.systra.com\/france\/#website"},"primaryImageOfPage":{"@id":"https:\/\/www.systra.com\/france\/martin-chourrout\/#primaryimage"},"image":{"@id":"https:\/\/www.systra.com\/france\/martin-chourrout\/#primaryimage"},"thumbnailUrl":"https:\/\/www.systra.com\/france\/wp-content\/uploads\/sites\/4\/2026\/01\/design-sans-titre-1.png","datePublished":"2025-09-23T08:40:05+00:00","dateModified":"2026-02-13T14:24:50+00:00","description":"Directeur adjoint Business Unit Conseil, Am\u00e9nagement et territoires Dipl\u00f4m\u00e9 de l'\u00c9cole Polytechnique et de l'\u00c9cole Nationale des Ponts et Chauss\u00e9es,","breadcrumb":{"@id":"https:\/\/www.systra.com\/france\/martin-chourrout\/#breadcrumb"},"inLanguage":"fr-FR","potentialAction":[{"@type":"ReadAction","target":["https:\/\/www.systra.com\/france\/martin-chourrout\/"]}]},{"@type":"ImageObject","inLanguage":"fr-FR","@id":"https:\/\/www.systra.com\/france\/martin-chourrout\/#primaryimage","url":"https:\/\/www.systra.com\/france\/wp-content\/uploads\/sites\/4\/2026\/01\/design-sans-titre-1.png","contentUrl":"https:\/\/www.systra.com\/france\/wp-content\/uploads\/sites\/4\/2026\/01\/design-sans-titre-1.png","width":354,"height":354},{"@type":"BreadcrumbList","@id":"https:\/\/www.systra.com\/france\/martin-chourrout\/#breadcrumb","itemListElement":[{"@type":"ListItem","position":1,"name":"Accueil","item":"https:\/\/www.systra.com\/france\/"},{"@type":"ListItem","position":2,"name":"Martin Chourrout"}]},{"@type":"WebSite","@id":"https:\/\/www.systra.com\/france\/#website","url":"https:\/\/www.systra.com\/france\/","name":"France","description":"La confiance transporte le monde","publisher":{"@id":"https:\/\/www.systra.com\/france\/#organization"},"potentialAction":[{"@type":"SearchAction","target":{"@type":"EntryPoint","urlTemplate":"https:\/\/www.systra.com\/france\/?s={search_term_string}"},"query-input":{"@type":"PropertyValueSpecification","valueRequired":true,"valueName":"search_term_string"}}],"inLanguage":"fr-FR"},{"@type":"Organization","@id":"https:\/\/www.systra.com\/france\/#organization","name":"Systra France","url":"https:\/\/www.systra.com\/france\/","logo":{"@type":"ImageObject","inLanguage":"fr-FR","@id":"https:\/\/www.systra.com\/france\/#\/schema\/logo\/image\/","url":"https:\/\/www.systra.com\/france\/wp-content\/uploads\/sites\/4\/2021\/03\/systra_logo_svg.svg","contentUrl":"https:\/\/www.systra.com\/france\/wp-content\/uploads\/sites\/4\/2021\/03\/systra_logo_svg.svg","width":179,"height":34,"caption":"Systra France"},"image":{"@id":"https:\/\/www.systra.com\/france\/#\/schema\/logo\/image\/"},"sameAs":["https:\/\/www.facebook.com\/SYSTRA","https:\/\/x.com\/SYSTRA_LTD","https:\/\/www.linkedin.com\/company\/systra\/"]}]}},"lang":"fr","translations":{"fr":40755},"pll_sync_post":[],"_links":{"self":[{"href":"https:\/\/www.systra.com\/france\/wp-json\/wp\/v2\/pages\/40755","targetHints":{"allow":["GET"]}}],"collection":[{"href":"https:\/\/www.systra.com\/france\/wp-json\/wp\/v2\/pages"}],"about":[{"href":"https:\/\/www.systra.com\/france\/wp-json\/wp\/v2\/types\/page"}],"author":[{"embeddable":true,"href":"https:\/\/www.systra.com\/france\/wp-json\/wp\/v2\/users\/23"}],"replies":[{"embeddable":true,"href":"https:\/\/www.systra.com\/france\/wp-json\/wp\/v2\/comments?post=40755"}],"version-history":[{"count":2,"href":"https:\/\/www.systra.com\/france\/wp-json\/wp\/v2\/pages\/40755\/revisions"}],"predecessor-version":[{"id":56606,"href":"https:\/\/www.systra.com\/france\/wp-json\/wp\/v2\/pages\/40755\/revisions\/56606"}],"wp:attachment":[{"href":"https:\/\/www.systra.com\/france\/wp-json\/wp\/v2\/media?parent=40755"}],"curies":[{"name":"wp","href":"https:\/\/api.w.org\/{rel}","templated":true}]}}