{"id":1502,"date":"2024-01-20T21:31:48","date_gmt":"2024-01-20T20:31:48","guid":{"rendered":"https:\/\/www.systra.com\/denmark\/?page_id=1502"},"modified":"2026-01-05T15:24:25","modified_gmt":"2026-01-05T14:24:25","slug":"er-du-studerende","status":"publish","type":"page","link":"https:\/\/www.systra.com\/denmark\/karriere\/er-du-studerende\/","title":{"rendered":"Er du studerende?"},"content":{"rendered":"\n<h2 class=\"wp-block-heading has-pale-mauve-background-color has-background\" id=\"h-er-radgiverbranchen-noget-for-dig-i-systra-bliver-du-del-af-et-stort-og-spaendende-fagligt-miljo-hvor-du-kan-gro\">ER R\u00c5DGIVERBRANCHEN NOGET FOR DIG? I SYSTRA BLIVER DU DEL AF ET STORT OG SP\u00c6NDENDE FAGLIGT MILJ\u00d8, HVOR DU KAN GRO.<\/h2>\n\n\n\n<div style=\"height:100px\" aria-hidden=\"true\" class=\"wp-block-spacer\"><\/div>\n\n\n\n<div class=\"wp-block-media-text alignwide is-stacked-on-mobile has-pale-mauve-background-color has-background\" style=\"grid-template-columns:35% auto\"><figure class=\"wp-block-media-text__media\"><img loading=\"lazy\" decoding=\"async\" width=\"1024\" height=\"683\" src=\"https:\/\/www.systra.com\/denmark\/wp-content\/uploads\/sites\/26\/2024\/01\/baeredygtighed-metro-kobenhavn-by-gron-72-dpi-1-1024x683.jpg\" alt=\"\" class=\"wp-image-1661 size-full\" srcset=\"https:\/\/www.systra.com\/denmark\/wp-content\/uploads\/sites\/26\/2024\/01\/baeredygtighed-metro-kobenhavn-by-gron-72-dpi-1-1024x683.jpg 1024w, https:\/\/www.systra.com\/denmark\/wp-content\/uploads\/sites\/26\/2024\/01\/baeredygtighed-metro-kobenhavn-by-gron-72-dpi-1-300x200.jpg 300w, https:\/\/www.systra.com\/denmark\/wp-content\/uploads\/sites\/26\/2024\/01\/baeredygtighed-metro-kobenhavn-by-gron-72-dpi-1-768x512.jpg 768w, https:\/\/www.systra.com\/denmark\/wp-content\/uploads\/sites\/26\/2024\/01\/baeredygtighed-metro-kobenhavn-by-gron-72-dpi-1-375x250.jpg 375w, https:\/\/www.systra.com\/denmark\/wp-content\/uploads\/sites\/26\/2024\/01\/baeredygtighed-metro-kobenhavn-by-gron-72-dpi-1-376x250.jpg 376w, https:\/\/www.systra.com\/denmark\/wp-content\/uploads\/sites\/26\/2024\/01\/baeredygtighed-metro-kobenhavn-by-gron-72-dpi-1-474x316.jpg 474w, https:\/\/www.systra.com\/denmark\/wp-content\/uploads\/sites\/26\/2024\/01\/baeredygtighed-metro-kobenhavn-by-gron-72-dpi-1-75x50.jpg 75w, https:\/\/www.systra.com\/denmark\/wp-content\/uploads\/sites\/26\/2024\/01\/baeredygtighed-metro-kobenhavn-by-gron-72-dpi-1-900x600.jpg 900w, https:\/\/www.systra.com\/denmark\/wp-content\/uploads\/sites\/26\/2024\/01\/baeredygtighed-metro-kobenhavn-by-gron-72-dpi-1-800x533.jpg 800w, https:\/\/www.systra.com\/denmark\/wp-content\/uploads\/sites\/26\/2024\/01\/baeredygtighed-metro-kobenhavn-by-gron-72-dpi-1-180x120.jpg 180w, https:\/\/www.systra.com\/denmark\/wp-content\/uploads\/sites\/26\/2024\/01\/baeredygtighed-metro-kobenhavn-by-gron-72-dpi-1-153x102.jpg 153w, https:\/\/www.systra.com\/denmark\/wp-content\/uploads\/sites\/26\/2024\/01\/baeredygtighed-metro-kobenhavn-by-gron-72-dpi-1-230x153.jpg 230w, https:\/\/www.systra.com\/denmark\/wp-content\/uploads\/sites\/26\/2024\/01\/baeredygtighed-metro-kobenhavn-by-gron-72-dpi-1.jpg 1311w\" sizes=\"auto, (max-width: 1024px) 100vw, 1024px\" \/><\/figure><div class=\"wp-block-media-text__content\">\n<div style=\"height:20px\" aria-hidden=\"true\" class=\"wp-block-spacer\"><\/div>\n\n\n\n<h3 class=\"wp-block-heading\" id=\"h-confidence-moves-the-world\">Confidence moves the world<\/h3>\n\n\n\n<p>SYSTRA er r\u00e5dgivende ingeni\u00f8rer. Vi planl\u00e6gger og projekterer broer, veje og stier, baner, letbaner, metroer og energiforsyning. Vi laver IT-udvikling og arbejder med h\u00e5ndtering af vand og klimatilpasning. Hos os er sikkerhed og b\u00e6redygtighed vigtige elementer i de projekter, vi l\u00f8ser.<\/p>\n\n\n\n<p>Som studerende i SYSTRA ser du med til at sikre, at du og alle andre nemt kan bev\u00e6ge sig fra et sted til et andet. De projekter vi l\u00f8ser er rygraden og hjertet i et velfungerende og dynamisk samfund.<\/p>\n\n\n\n<div style=\"height:20px\" aria-hidden=\"true\" class=\"wp-block-spacer\"><\/div>\n<\/div><\/div>\n\n\n\n<div style=\"height:100px\" aria-hidden=\"true\" class=\"wp-block-spacer\"><\/div>\n\n\n\n<div class=\"wp-block-columns is-layout-flex wp-container-core-columns-is-layout-9d6595d7 wp-block-columns-is-layout-flex\">\n<div class=\"wp-block-column is-layout-flow wp-block-column-is-layout-flow\" style=\"flex-basis:33.33%\">\n<h2 class=\"wp-block-heading\" id=\"h-praktik-studieprojekt-eller-pa-udkig-efter-et-studiejob\">Praktik, studieprojekt eller p\u00e5 udkig efter et studiejob?<\/h2>\n<\/div>\n\n\n\n<div class=\"wp-block-column is-layout-flow wp-block-column-is-layout-flow\" style=\"flex-basis:66.66%\">\n<p>Som arbejdsgiver, praktiksted eller som samarbejdspartner p\u00e5 dit studieprojekt, kan vi tilbyde dig faglig sparring, ansvar og st\u00f8ttende kolleger, der gerne deler ud af deres erfaringer og tager imod dine input. Her bliver du del af en stor, dynamisk virksomhed med karrieremuligheder, der ogs\u00e5 kan r\u00e6kke ud over landets gr\u00e6nser.<\/p>\n\n\n\n<div style=\"height:20px\" aria-hidden=\"true\" class=\"wp-block-spacer\"><\/div>\n\n\n\n<p>Uanset om du leder efter dit f\u00f8rste job, en praktikplads, et studiejob eller en samarbejdspartner til dit afgangsprojekt, s\u00e5 er du meget velkommen til at kontakte os. Ans\u00f8g&nbsp;<strong><a href=\"https:\/\/jobs.systra.com\/job\/Aarhus%2C-Copenhagen%2C-Horsens%2C-E-Uopfordret-ans%C3%B8gning-til-SYSTRA-Danmark\/1015864901\/\" target=\"_blank\" rel=\"noreferrer noopener\">uopfordret<\/a>&nbsp;<\/strong>eller send os en&nbsp;<a href=\"mailto:dk_info@systra.com\"><strong>email<\/strong><\/a>, hvor du beskriver det emne, du gerne vil skrive afgangsprojekt om i samarbejde med SYSTRA.<\/p>\n<\/div>\n<\/div>\n\n\n\n<div style=\"height:100px\" aria-hidden=\"true\" class=\"wp-block-spacer\"><\/div>\n\n\n\n<div class=\"wp-block-media-text alignwide has-media-on-the-right is-stacked-on-mobile has-pale-mauve-background-color has-background\" style=\"grid-template-columns:auto 39%\"><div class=\"wp-block-media-text__content\">\n<div style=\"height:20px\" aria-hidden=\"true\" class=\"wp-block-spacer\"><\/div>\n\n\n\n<h3 class=\"wp-block-heading\" id=\"h-mod-os-pa-uddannelsesmesser\">M\u00f8d os p\u00e5 uddannelsesmesser<\/h3>\n\n\n\n<div style=\"height:20px\" aria-hidden=\"true\" class=\"wp-block-spacer\"><\/div>\n\n\n\n<p>Vi deltager p\u00e5 uddannelsesmesser, som:<\/p>\n\n\n\n<ul class=\"wp-block-list\">\n<li>DSE messen p\u00e5 DTU i Lyngby<\/li>\n\n\n\n<li>Company Dating p\u00e5 Via College i Horsens<\/li>\n\n\n\n<li>Praktikmatch p\u00e5 Navitas i Aarhus<\/li>\n<\/ul>\n\n\n\n<div style=\"height:20px\" aria-hidden=\"true\" class=\"wp-block-spacer\"><\/div>\n<\/div><figure class=\"wp-block-media-text__media\"><img loading=\"lazy\" decoding=\"async\" width=\"1024\" height=\"645\" src=\"https:\/\/www.systra.com\/denmark\/wp-content\/uploads\/sites\/26\/2024\/01\/website-1024x645.jpg\" alt=\"\" class=\"wp-image-1769 size-full\" srcset=\"https:\/\/www.systra.com\/denmark\/wp-content\/uploads\/sites\/26\/2024\/01\/website-1024x645.jpg 1024w, https:\/\/www.systra.com\/denmark\/wp-content\/uploads\/sites\/26\/2024\/01\/website-300x189.jpg 300w, https:\/\/www.systra.com\/denmark\/wp-content\/uploads\/sites\/26\/2024\/01\/website-768x484.jpg 768w, https:\/\/www.systra.com\/denmark\/wp-content\/uploads\/sites\/26\/2024\/01\/website-1536x968.jpg 1536w, https:\/\/www.systra.com\/denmark\/wp-content\/uploads\/sites\/26\/2024\/01\/website-2048x1291.jpg 2048w, https:\/\/www.systra.com\/denmark\/wp-content\/uploads\/sites\/26\/2024\/01\/website-474x299.jpg 474w, https:\/\/www.systra.com\/denmark\/wp-content\/uploads\/sites\/26\/2024\/01\/website-1700x1071.jpg 1700w, https:\/\/www.systra.com\/denmark\/wp-content\/uploads\/sites\/26\/2024\/01\/website-1352x852.jpg 1352w, https:\/\/www.systra.com\/denmark\/wp-content\/uploads\/sites\/26\/2024\/01\/website-800x504.jpg 800w, https:\/\/www.systra.com\/denmark\/wp-content\/uploads\/sites\/26\/2024\/01\/website-180x113.jpg 180w, https:\/\/www.systra.com\/denmark\/wp-content\/uploads\/sites\/26\/2024\/01\/website-153x96.jpg 153w, https:\/\/www.systra.com\/denmark\/wp-content\/uploads\/sites\/26\/2024\/01\/website-230x145.jpg 230w\" sizes=\"auto, (max-width: 1024px) 100vw, 1024px\" \/><\/figure><\/div>\n\n\n\n<div style=\"height:100px\" aria-hidden=\"true\" class=\"wp-block-spacer\"><\/div>\n\n\n\n<div class=\"wp-block-columns is-layout-flex wp-container-core-columns-is-layout-9d6595d7 wp-block-columns-is-layout-flex\">\n<div class=\"wp-block-column is-layout-flow wp-block-column-is-layout-flow\" style=\"flex-basis:33.33%\">\n<h2 class=\"wp-block-heading\" id=\"h-i-systra-er-du-en-del-af-det-sociale-sammenhold\">I systra er du en del af det sociale sammenhold<\/h2>\n<\/div>\n\n\n\n<div class=\"wp-block-column is-layout-flow wp-block-column-is-layout-flow\" style=\"flex-basis:66.66%\">\n<p>I SYSTRA f\u00e5r du ogs\u00e5 mulighed for at deltage i vores arrangementer og adgang til vores medarbejderfordele:<\/p>\n\n\n\n<ul class=\"wp-block-list\">\n<li>Fredagsbar<\/li>\n\n\n\n<li>Julefrokost<\/li>\n\n\n\n<li>Sommerfest<\/li>\n\n\n\n<li>Personaleforening med fx br\u00e6tspilsaftener, kulturelle tilbud, rideture, mm.<\/li>\n\n\n\n<li>Adgang til tr\u00e6ningsrum og fx yogaundervisning<\/li>\n\n\n\n<li>Adgang til en lang r\u00e6kke af rabatordninger<\/li>\n<\/ul>\n<\/div>\n<\/div>\n","protected":false},"excerpt":{"rendered":"<p>ER R\u00c5DGIVERBRANCHEN NOGET FOR DIG? I SYSTRA BLIVER DU DEL AF ET STORT OG SP\u00c6NDENDE FAGLIGT MILJ\u00d8, HVOR DU KAN GRO. Praktik, studieprojekt eller p\u00e5 udkig efter et studiejob? Som arbejdsgiver, praktiksted eller som samarbejdspartner p\u00e5 dit studieprojekt, kan vi tilbyde dig faglig sparring, ansvar og st\u00f8ttende kolleger, der gerne deler ud af deres erfaringer [&hellip;]<\/p>\n","protected":false},"author":101,"featured_media":1781,"parent":2395,"menu_order":0,"comment_status":"closed","ping_status":"closed","template":"","meta":{"_acf_changed":false,"_relevanssi_hide_post":"","_relevanssi_hide_content":"","_relevanssi_pin_for_all":"","_relevanssi_pin_keywords":"","_relevanssi_unpin_keywords":"","_relevanssi_related_keywords":"","_relevanssi_related_include_ids":"","_relevanssi_related_exclude_ids":"","_relevanssi_related_no_append":"","_relevanssi_related_not_related":"","_relevanssi_related_posts":"471,508,760,468,867,622","_relevanssi_noindex_reason":"","footnotes":""},"class_list":["post-1502","page","type-page","status-publish","has-post-thumbnail","hentry"],"acf":[],"yoast_head":"<!-- This site is optimized with the Yoast SEO Premium plugin v27.4 (Yoast SEO v27.4) - https:\/\/yoast.com\/product\/yoast-seo-premium-wordpress\/ -->\n<title>Er du studerende? - SYSTRA Danmark<\/title>\n<meta name=\"description\" content=\"Er du studerende? - SYSTRA er en af verdens f\u00f8rende ingeni\u00f8r- og r\u00e5dgivningskoncerner med speciale i offentlig transport og mobilitetsl\u00f8sninger.\" \/>\n<meta name=\"robots\" content=\"index, follow, max-snippet:-1, max-image-preview:large, max-video-preview:-1\" \/>\n<meta property=\"og:locale\" content=\"en_US\" \/>\n<meta property=\"og:type\" content=\"article\" \/>\n<meta property=\"og:title\" content=\"Er du studerende?\" \/>\n<meta property=\"og:description\" content=\"Er du studerende? - SYSTRA er en af verdens f\u00f8rende ingeni\u00f8r- og r\u00e5dgivningskoncerner med speciale i offentlig transport og mobilitetsl\u00f8sninger.\" \/>\n<meta property=\"og:url\" content=\"https:\/\/www.systra.com\/denmark\/karriere\/er-du-studerende\/\" \/>\n<meta property=\"og:site_name\" content=\"Denmark\" \/>\n<meta property=\"article:modified_time\" content=\"2026-01-05T14:24:25+00:00\" \/>\n<meta property=\"og:image\" content=\"https:\/\/www.systra.com\/denmark\/wp-content\/uploads\/sites\/26\/2024\/01\/istock-1010059710_website-scaled.jpg\" \/>\n\t<meta property=\"og:image:width\" content=\"2560\" \/>\n\t<meta property=\"og:image:height\" content=\"1613\" \/>\n\t<meta property=\"og:image:type\" content=\"image\/jpeg\" \/>\n<meta name=\"twitter:card\" content=\"summary_large_image\" \/>\n<meta name=\"twitter:label1\" content=\"Est. reading time\" \/>\n\t<meta name=\"twitter:data1\" content=\"2 minutes\" \/>\n<script type=\"application\/ld+json\" class=\"yoast-schema-graph\">{\"@context\":\"https:\\\/\\\/schema.org\",\"@graph\":[{\"@type\":\"WebPage\",\"@id\":\"https:\\\/\\\/www.systra.com\\\/denmark\\\/karriere\\\/er-du-studerende\\\/\",\"url\":\"https:\\\/\\\/www.systra.com\\\/denmark\\\/karriere\\\/er-du-studerende\\\/\",\"name\":\"Er du studerende? - SYSTRA Danmark\",\"isPartOf\":{\"@id\":\"https:\\\/\\\/www.systra.com\\\/denmark\\\/#website\"},\"primaryImageOfPage\":{\"@id\":\"https:\\\/\\\/www.systra.com\\\/denmark\\\/karriere\\\/er-du-studerende\\\/#primaryimage\"},\"image\":{\"@id\":\"https:\\\/\\\/www.systra.com\\\/denmark\\\/karriere\\\/er-du-studerende\\\/#primaryimage\"},\"thumbnailUrl\":\"https:\\\/\\\/www.systra.com\\\/denmark\\\/wp-content\\\/uploads\\\/sites\\\/26\\\/2024\\\/01\\\/istock-1010059710_website-scaled.jpg\",\"datePublished\":\"2024-01-20T20:31:48+00:00\",\"dateModified\":\"2026-01-05T14:24:25+00:00\",\"description\":\"Er du studerende? - SYSTRA er en af verdens f\u00f8rende ingeni\u00f8r- og r\u00e5dgivningskoncerner med speciale i offentlig transport og mobilitetsl\u00f8sninger.\",\"breadcrumb\":{\"@id\":\"https:\\\/\\\/www.systra.com\\\/denmark\\\/karriere\\\/er-du-studerende\\\/#breadcrumb\"},\"inLanguage\":\"en-US\",\"potentialAction\":[{\"@type\":\"ReadAction\",\"target\":[\"https:\\\/\\\/www.systra.com\\\/denmark\\\/karriere\\\/er-du-studerende\\\/\"]}]},{\"@type\":\"ImageObject\",\"inLanguage\":\"en-US\",\"@id\":\"https:\\\/\\\/www.systra.com\\\/denmark\\\/karriere\\\/er-du-studerende\\\/#primaryimage\",\"url\":\"https:\\\/\\\/www.systra.com\\\/denmark\\\/wp-content\\\/uploads\\\/sites\\\/26\\\/2024\\\/01\\\/istock-1010059710_website-scaled.jpg\",\"contentUrl\":\"https:\\\/\\\/www.systra.com\\\/denmark\\\/wp-content\\\/uploads\\\/sites\\\/26\\\/2024\\\/01\\\/istock-1010059710_website-scaled.jpg\",\"width\":2560,\"height\":1613,\"caption\":\"Female student sitting amongst classmates and smiling in lecture room. University students in classroom after lecture.\"},{\"@type\":\"BreadcrumbList\",\"@id\":\"https:\\\/\\\/www.systra.com\\\/denmark\\\/karriere\\\/er-du-studerende\\\/#breadcrumb\",\"itemListElement\":[{\"@type\":\"ListItem\",\"position\":1,\"name\":\"Home\",\"item\":\"https:\\\/\\\/www.systra.com\\\/denmark\\\/\"},{\"@type\":\"ListItem\",\"position\":2,\"name\":\"Job i SYSTRA\",\"item\":\"https:\\\/\\\/www.systra.com\\\/denmark\\\/karriere\\\/\"},{\"@type\":\"ListItem\",\"position\":3,\"name\":\"Er du studerende?\"}]},{\"@type\":\"WebSite\",\"@id\":\"https:\\\/\\\/www.systra.com\\\/denmark\\\/#website\",\"url\":\"https:\\\/\\\/www.systra.com\\\/denmark\\\/\",\"name\":\"Denmark\",\"description\":\"Un site utilisant Les sites de Systra\",\"potentialAction\":[{\"@type\":\"SearchAction\",\"target\":{\"@type\":\"EntryPoint\",\"urlTemplate\":\"https:\\\/\\\/www.systra.com\\\/denmark\\\/?s={search_term_string}\"},\"query-input\":{\"@type\":\"PropertyValueSpecification\",\"valueRequired\":true,\"valueName\":\"search_term_string\"}}],\"inLanguage\":\"en-US\"}]}<\/script>\n<!-- \/ Yoast SEO Premium plugin. -->","yoast_head_json":{"title":"Er du studerende? - SYSTRA Danmark","description":"Er du studerende? - SYSTRA er en af verdens f\u00f8rende ingeni\u00f8r- og r\u00e5dgivningskoncerner med speciale i offentlig transport og mobilitetsl\u00f8sninger.","robots":{"index":"index","follow":"follow","max-snippet":"max-snippet:-1","max-image-preview":"max-image-preview:large","max-video-preview":"max-video-preview:-1"},"og_locale":"en_US","og_type":"article","og_title":"Er du studerende?","og_description":"Er du studerende? - SYSTRA er en af verdens f\u00f8rende ingeni\u00f8r- og r\u00e5dgivningskoncerner med speciale i offentlig transport og mobilitetsl\u00f8sninger.","og_url":"https:\/\/www.systra.com\/denmark\/karriere\/er-du-studerende\/","og_site_name":"Denmark","article_modified_time":"2026-01-05T14:24:25+00:00","og_image":[{"width":2560,"height":1613,"url":"https:\/\/www.systra.com\/denmark\/wp-content\/uploads\/sites\/26\/2024\/01\/istock-1010059710_website-scaled.jpg","type":"image\/jpeg"}],"twitter_card":"summary_large_image","twitter_misc":{"Est. reading time":"2 minutes"},"schema":{"@context":"https:\/\/schema.org","@graph":[{"@type":"WebPage","@id":"https:\/\/www.systra.com\/denmark\/karriere\/er-du-studerende\/","url":"https:\/\/www.systra.com\/denmark\/karriere\/er-du-studerende\/","name":"Er du studerende? - SYSTRA Danmark","isPartOf":{"@id":"https:\/\/www.systra.com\/denmark\/#website"},"primaryImageOfPage":{"@id":"https:\/\/www.systra.com\/denmark\/karriere\/er-du-studerende\/#primaryimage"},"image":{"@id":"https:\/\/www.systra.com\/denmark\/karriere\/er-du-studerende\/#primaryimage"},"thumbnailUrl":"https:\/\/www.systra.com\/denmark\/wp-content\/uploads\/sites\/26\/2024\/01\/istock-1010059710_website-scaled.jpg","datePublished":"2024-01-20T20:31:48+00:00","dateModified":"2026-01-05T14:24:25+00:00","description":"Er du studerende? - SYSTRA er en af verdens f\u00f8rende ingeni\u00f8r- og r\u00e5dgivningskoncerner med speciale i offentlig transport og mobilitetsl\u00f8sninger.","breadcrumb":{"@id":"https:\/\/www.systra.com\/denmark\/karriere\/er-du-studerende\/#breadcrumb"},"inLanguage":"en-US","potentialAction":[{"@type":"ReadAction","target":["https:\/\/www.systra.com\/denmark\/karriere\/er-du-studerende\/"]}]},{"@type":"ImageObject","inLanguage":"en-US","@id":"https:\/\/www.systra.com\/denmark\/karriere\/er-du-studerende\/#primaryimage","url":"https:\/\/www.systra.com\/denmark\/wp-content\/uploads\/sites\/26\/2024\/01\/istock-1010059710_website-scaled.jpg","contentUrl":"https:\/\/www.systra.com\/denmark\/wp-content\/uploads\/sites\/26\/2024\/01\/istock-1010059710_website-scaled.jpg","width":2560,"height":1613,"caption":"Female student sitting amongst classmates and smiling in lecture room. University students in classroom after lecture."},{"@type":"BreadcrumbList","@id":"https:\/\/www.systra.com\/denmark\/karriere\/er-du-studerende\/#breadcrumb","itemListElement":[{"@type":"ListItem","position":1,"name":"Home","item":"https:\/\/www.systra.com\/denmark\/"},{"@type":"ListItem","position":2,"name":"Job i SYSTRA","item":"https:\/\/www.systra.com\/denmark\/karriere\/"},{"@type":"ListItem","position":3,"name":"Er du studerende?"}]},{"@type":"WebSite","@id":"https:\/\/www.systra.com\/denmark\/#website","url":"https:\/\/www.systra.com\/denmark\/","name":"Denmark","description":"Un site utilisant Les sites de Systra","potentialAction":[{"@type":"SearchAction","target":{"@type":"EntryPoint","urlTemplate":"https:\/\/www.systra.com\/denmark\/?s={search_term_string}"},"query-input":{"@type":"PropertyValueSpecification","valueRequired":true,"valueName":"search_term_string"}}],"inLanguage":"en-US"}]}},"lang":"da","translations":{"da":1502,"en":13183},"pll_sync_post":[],"_links":{"self":[{"href":"https:\/\/www.systra.com\/denmark\/wp-json\/wp\/v2\/pages\/1502","targetHints":{"allow":["GET"]}}],"collection":[{"href":"https:\/\/www.systra.com\/denmark\/wp-json\/wp\/v2\/pages"}],"about":[{"href":"https:\/\/www.systra.com\/denmark\/wp-json\/wp\/v2\/types\/page"}],"author":[{"embeddable":true,"href":"https:\/\/www.systra.com\/denmark\/wp-json\/wp\/v2\/users\/101"}],"replies":[{"embeddable":true,"href":"https:\/\/www.systra.com\/denmark\/wp-json\/wp\/v2\/comments?post=1502"}],"version-history":[{"count":2,"href":"https:\/\/www.systra.com\/denmark\/wp-json\/wp\/v2\/pages\/1502\/revisions"}],"predecessor-version":[{"id":63489,"href":"https:\/\/www.systra.com\/denmark\/wp-json\/wp\/v2\/pages\/1502\/revisions\/63489"}],"up":[{"embeddable":true,"href":"https:\/\/www.systra.com\/denmark\/wp-json\/wp\/v2\/pages\/2395"}],"wp:featuredmedia":[{"embeddable":true,"href":"https:\/\/www.systra.com\/denmark\/wp-json\/wp\/v2\/media\/1781"}],"wp:attachment":[{"href":"https:\/\/www.systra.com\/denmark\/wp-json\/wp\/v2\/media?parent=1502"}],"curies":[{"name":"wp","href":"https:\/\/api.w.org\/{rel}","templated":true}]}}