{"id":1497,"date":"2024-01-20T21:15:59","date_gmt":"2024-01-20T20:15:59","guid":{"rendered":"https:\/\/www.systra.com\/denmark\/?page_id=1497"},"modified":"2026-01-06T14:16:13","modified_gmt":"2026-01-06T13:16:13","slug":"hvorfor-vaelge-et-job-i-systra","status":"publish","type":"page","link":"https:\/\/www.systra.com\/denmark\/karriere\/hvorfor-vaelge-et-job-i-systra\/","title":{"rendered":"Hvorfor v\u00e6lge et job i SYSTRA?"},"content":{"rendered":"\n<h2 class=\"wp-block-heading has-pale-mauve-background-color has-background\" id=\"h-systra-er-et-sted-for-dig-der-er-passioneret-omkring-dit-faglige-felt-og-som-onsker-at-indga-i-et-spaendende-og-givende-samarbejde-om-samfundsvigtige-projekter\">SYSTRA ER ET STED FOR DIG, DER ER PASSIONERET OMKRING DIT FAGLIGE FELT, OG SOM \u00d8NSKER AT INDG\u00c5 I ET SP\u00c6NDENDE OG GIVENDE SAMARBEJDE OM SAMFUNDSVIGTIGE PROJEKTER<\/h2>\n\n\n\n<div style=\"height:100px\" aria-hidden=\"true\" class=\"wp-block-spacer\"><\/div>\n\n\n\n<div class=\"wp-block-columns is-layout-flex wp-container-core-columns-is-layout-9d6595d7 wp-block-columns-is-layout-flex\">\n<div class=\"wp-block-column is-layout-flow wp-block-column-is-layout-flow\" style=\"flex-basis:66.66%\">\n<p>Som infrastrukturr\u00e5dgiver favner vi alt fra planl\u00e6gning, projektering og udf\u00f8relse af baner, veje og stier, metro og letbane. Derudover arbejder vi med transmission og distribution af energi, h\u00e5ndtering af regn- og spildevand og klimatilpasning. P\u00e5 it-siden arbejder vi med udvikling, drift og vedligehold af en lang r\u00e6kke it-l\u00f8sninger. <\/p>\n\n\n\n<div style=\"height:20px\" aria-hidden=\"true\" class=\"wp-block-spacer\"><\/div>\n\n\n\n<p>I Danmark er vi 350 r\u00e5dgivere, projektledere og specialister. Dertil har vi et st\u00e6rkt internationalt samarbejde og fagligt netv\u00e6rk med kolleger fra de \u00f8vrige dele af SYSTRA-koncernen &#8211; det kalder vi i SYSTRA for &#8216;Connected teams&#8217;.<\/p>\n\n\n\n<div style=\"height:20px\" aria-hidden=\"true\" class=\"wp-block-spacer\"><\/div>\n\n\n\n<p>Vi s\u00e6tter faglighed h\u00f8jt og vores passion for vores felt er med til at g\u00f8re os til en st\u00e6rk samarbejdspartner for vores kunder og partnere. <\/p>\n\n\n\n<div style=\"height:20px\" aria-hidden=\"true\" class=\"wp-block-spacer\"><\/div>\n\n\n\n<p>I SYSTRA kombinerer vi det bedste af stort og sm\u00e5t. Vores styrke er, at vi arbejder i effektive teams med st\u00f8tte fra f\u00f8rende eksperter fra hele verden. Det giver et varieret arbejdsmilj\u00f8 med gode udviklingsmuligheder. Samtidig bliver du kl\u00e6dt p\u00e5 til arbejde med nogle af verdens f\u00f8rende eksperter b\u00e5de i Danmark og i udlandet. Vi er nu i en meget ekspansiv fase, hvilket betyder, at du som ansat i SYSTRA kan v\u00e6re med til at forme forretningen. <\/p>\n<\/div>\n\n\n\n<div class=\"wp-block-column is-layout-flow wp-block-column-is-layout-flow\" style=\"flex-basis:33.33%\">\n<h2 class=\"wp-block-heading\" id=\"h-i-systra-bliver-du-del-af-et-faellesskab-af-mange-forskellige-fagligheder\">I SYSTRA bliver du del af et f\u00e6llesskab af mange forskellige fagligheder<\/h2>\n<\/div>\n<\/div>\n\n\n\n<div style=\"height:100px\" aria-hidden=\"true\" class=\"wp-block-spacer\"><\/div>\n\n\n\n<div class=\"wrapper-home-work block-home alignfull\">\n\t<div class=\"background\"><\/div>\n\t<div class=\"wrapper-table-work\">\n\t\t<div class=\"center1130 center-table-work\">\n\t\t\t<div class=\"wrapper-singles-left wrapper-card-work\">\n\t\t\t\t\t\t\t\t\t\t<a href=\"https:\/\/www.systra.com\/denmark\/news\/fra-danmark-til-saudi-arabia-humphrey-designer-transportlosninger-for-mellemosten\/\" class=\"table-work-card\"  style=\"background-image: url(https:\/\/www.systra.com\/denmark\/wp-content\/uploads\/sites\/26\/2026\/01\/humphrey-billeder-til-karriereblok-scaled.jpg)\" >\n\t\t\t\t\t\t\t<p class=\"nom\">Humphrey Hodge, Senior Konsulent, Vej &#038; Planl\u00e6gning<\/p>\n\t\t\t\t\t\t\t<!---------------------------------->\n\t\t\t\t\t\t\t<div class=\"lien_g\">\n\t\t\t\t\t\t\t\t<span class=\"desc\">\n\t\t\t\t\t\t\t\t\t<svg class=\"icon-sprite Icon\"><use xlink:href=\"#icon_quote\" \/><\/svg>\n\t\t\t\t\t\t\t\t\t<p>Hos SYSTRA kan jeg arbejde fra Danmark og bidrage til projekter over hele verden, med adgang til dygtige kolleger og specialviden.<\/p>\n\t\t\t\t\t\t\t\t<\/span>\n\t\t\t\t\t\t\t<\/div>\n\t\t\t\t\t\t\t<!---------------------------------->\n\t\t\t\t\t\t<\/a>\n\t\t\t\t\t\t\t\t\t\t\t<a href=\"\" class=\"table-work-card\"  style=\"background-image: url(https:\/\/www.systra.com\/denmark\/wp-content\/uploads\/sites\/26\/2024\/02\/mads-billeder-til-karriereblok-scaled.jpg)\" >\n\t\t\t\t\t\t\t<p class=\"nom\">Mads Flintrup, Projektchef, Broer &#038; Konstruktioner<\/p>\n\t\t\t\t\t\t\t<!---------------------------------->\n\t\t\t\t\t\t\t<div class=\"lien_g\">\n\t\t\t\t\t\t\t\t<span class=\"desc\">\n\t\t\t\t\t\t\t\t\t<svg class=\"icon-sprite Icon\"><use xlink:href=\"#icon_quote\" \/><\/svg>\n\t\t\t\t\t\t\t\t\t<p>Jeg kombinerer min rolle som projektchef p\u00e5 sp\u00e6ndende projekter med at skabe nye muligheder for SYSTRA gennem mit netv\u00e6rk &#8211; det passer godt for mig<\/p>\n\t\t\t\t\t\t\t\t<\/span>\n\t\t\t\t\t\t\t<\/div>\n\t\t\t\t\t\t\t<!---------------------------------->\n\t\t\t\t\t\t<\/a>\n\t\t\t\t\t\t\t\t\t<\/div>\n\t\t\t                    \n\t\t\t<div class=\"table-separator\"><\/div>\n\t\t\t<div class=\"wrapper-singles-right wrapper-card-work\">\n\t\t\t\t\t\t\t\t\t\t<a href=\"\" class=\"table-work-card\"  style=\"background-image: url(https:\/\/www.systra.com\/denmark\/wp-content\/uploads\/sites\/26\/2024\/02\/rasmus_billeder-til-karriereblok-scaled.jpg)\" >\n\t\t\t\t\t\t\t<p class=\"nom\">Rasmus Svith, Afdelingschef, Vej &#038; Planl\u00e6gning<\/p>\n\t\t\t\t\t\t\t<div class=\"lien_g\">\n\t\t\t\t\t\t\t\t<span class=\"desc\">\n\t\t\t\t\t\t\t\t\t<svg class=\"icon-sprite Icon\"><use xlink:href=\"#icon_quote\" \/><\/svg>\n\t\t\t\t\t\t\t\t\t<p>P\u00e5 vejomr\u00e5det arbejder vi typisk med anl\u00e6g af veje, byrum og bygge-modninger. Vi oplever stor eftersp\u00f8rgsel, s\u00e5 vi vil gerne have flere dygtige kolleger<\/p>\n\t\t\t\t\t\t\t\t<\/span>\n\t\t\t\t\t\t\t<\/div>\n\t\t\t\t\t\t<\/a>\n\t\t\t\t\t\t\t\t\t\t\t<a href=\"\" class=\"table-work-card\"  style=\"background-image: url(https:\/\/www.systra.com\/denmark\/wp-content\/uploads\/sites\/26\/2024\/02\/lotte_billeder-til-karriereblok-scaled.jpg)\" >\n\t\t\t\t\t\t\t<p class=\"nom\">Lotte Lind Larsen, Seniorr\u00e5dgiver, Spor &#038; Anl\u00e6g<\/p>\n\t\t\t\t\t\t\t<div class=\"lien_g\">\n\t\t\t\t\t\t\t\t<span class=\"desc\">\n\t\t\t\t\t\t\t\t\t<svg class=\"icon-sprite Icon\"><use xlink:href=\"#icon_quote\" \/><\/svg>\n\t\t\t\t\t\t\t\t\t<p>Som fagleder arbejder jeg med teams p\u00e5 tv\u00e6rs af landet. T\u00e6t dagligt samarbejde og gode redskaber g\u00f8r det nemt &#8211; selvom jeg er i Aarhus og andre i fx \u00d8restad<\/p>\n\t\t\t\t\t\t\t\t<\/span>\n\t\t\t\t\t\t\t<\/div>\n\t\t\t\t\t\t<\/a>\n\t\t\t\t\t\t\t\t\t<\/div>\n\t\t\t    \n\t\t<\/div>\n\t<\/div>\n\t<div class=\"home-work-top\">\n\t\t<div class=\"center1130\">\n\t\t\t<div class=\"home-work-top-content\">\n\t\t\t\t<svg class=\"icon-sprite deco-home-work-part\"><use xlink:href=\"#icon_deco_systra_blanc\" \/><\/svg>\n\t\t\t\t<div class=\"titre\">\n\t\t\t\t\tVil du v\u00e6re en del af SYSTRA?\t\t\t\t<\/div>\n\t\t\t\t<div class=\"excerpt\">\n\t\t\t\t\tKlik p\u00e5 linket nedenfor for at se alle ledige jobs.\r\nEller s\u00f8g uopfordret\t\t\t\t<\/div>\n\t\t\t\t<a href=\"https:\/\/www.systra.com\/denmark\/hvem-vi-er\/ledelse-i-danmark\/\" class=\"link\"><svg class=\"icon-sprite Icon\"><use xlink:href=\"#icon_account\" \/><\/svg><span>Kontakter i SYSTRA<\/span><\/a>\n\t\t\t<\/div>\n\t\t<\/div>\n\t\t<div class=\"wrapper-table-work-mobileview\">\n\t\t\t<div class=\"wrapper-singles-right wrapper-card-work\">\n\t\t\t\t\t\t\t\t\t\t<div class=\"table-work-card\"  style=\"background-image: url(https:\/\/www.systra.com\/denmark\/wp-content\/uploads\/sites\/26\/2024\/02\/rasmus_billeder-til-karriereblok-scaled.jpg)\" >\n\t\t\t\t\t\t\t<span class=\"nom\">Rasmus Svith, Afdelingschef, Vej &amp; Planl\u00e6gning<\/span>\n\t\t\t\t\t\t<\/span>\n\t\t\t\t\t<\/div>\n\t\t\t\t\t\t\t\t\t\t<div class=\"table-work-card\"  style=\"background-image: url(https:\/\/www.systra.com\/denmark\/wp-content\/uploads\/sites\/26\/2024\/02\/lotte_billeder-til-karriereblok-scaled.jpg)\" >\n\t\t\t\t\t\t\t<span class=\"nom\">Lotte Lind Larsen, Seniorr\u00e5dgiver, Spor &amp; Anl\u00e6g<\/span>\n\t\t\t\t\t\t<\/span>\n\t\t\t\t\t<\/div>\n\t\t\t\t\t\t\t<\/div>\n\t\t    \n\t<\/div>\n<\/div>\n<div class=\"home-work-bottom\">\n\t\t<div class=\"center1130\">\n\t\t<div class=\"line-work\">\n\t\t\t\t\t\t\t\t\t\t\t<\/div>\n\t\t<div class=\"line-work\">\n\t\t\t\t\t\t\t\t\t\t\t<\/div>\n\t\t<div class=\"line-work-last\">\n\t\t\t\t\t\t\t\t\t<a href=\"https:\/\/jobs.systra.com\/\"  target=\"_blank\" class=\"single-line-work-all btn-hover\"><svg class=\"icon-sprite Icon\"><use xlink:href=\"#icon_list\" \/><\/svg><span>See all job offers<\/span><\/a>\n\t\t\t<\/div>\t\t\t\n<\/div>\n<\/div>\n<\/div>\n\n\n\n<div style=\"height:100px\" aria-hidden=\"true\" class=\"wp-block-spacer\"><\/div>\n\n\n\n<div class=\"wp-block-columns is-layout-flex wp-container-core-columns-is-layout-9d6595d7 wp-block-columns-is-layout-flex\">\n<div class=\"wp-block-column is-layout-flow wp-block-column-is-layout-flow\" style=\"flex-basis:33.33%\">\n<h2 class=\"wp-block-heading\" id=\"h-fa-indflydelse-pa-rammerne-for-dit-arbejdsliv\">F\u00e5 Indflydelse p\u00e5 rammerne for dit arbejdsliv<\/h2>\n<\/div>\n\n\n\n<div class=\"wp-block-column is-layout-flow wp-block-column-is-layout-flow\" style=\"flex-basis:66.66%\">\n<p>Vores arbejdsmilj\u00f8 er kendetegnet ved ansvarlighed, en h\u00f8j grad af fleksibilitet og samarbejde mellem vidt forskellige, fagligt dygtige og st\u00f8ttende kolleger. <\/p>\n\n\n\n<div style=\"height:20px\" aria-hidden=\"true\" class=\"wp-block-spacer\"><\/div>\n\n\n\n<p>Hos SYSTRA f\u00e5r du indflydelse p\u00e5 egne opgaver. P\u00e5 de l\u00f8bende m\u00f8der med din leder, f\u00e5r du mulighed for en dialog om dine \u00f8nsker til nuv\u00e6rende og kommende opgaver. Det handler b\u00e5de om dit daglige arbejde, men ogs\u00e5 om din udvikling i opgaverne, jobbet og fremtidige karrieremuligheder.<\/p>\n\n\n\n<div style=\"height:20px\" aria-hidden=\"true\" class=\"wp-block-spacer\"><\/div>\n\n\n\n<p>Vi udvikler vores arbejdsplads ud fra en forst\u00e5else af, at vi alle er hele mennesker med hver vores behov, udviklings\u00f8nsker og pr\u00e6ferencer. Derfor handler fleksibilitet i SYSTRA om at give indflydelse p\u00e5 rammerne for vores arbejdsliv. For arbejdspladsen betyder det fleksible rammer for arbejdstid, arbejdssted (fx hjemmearbejde), l\u00f8npakke og kontorpladser. <\/p>\n<\/div>\n<\/div>\n\n\n\n<div style=\"height:100px\" aria-hidden=\"true\" class=\"wp-block-spacer\"><\/div>\n\n\n\n<div class=\"wp-block-media-text alignfull has-media-on-the-right is-stacked-on-mobile is-vertically-aligned-center has-pale-mauve-background-color has-background\" style=\"grid-template-columns:auto 45%\"><div class=\"wp-block-media-text__content\">\n<blockquote class=\"wp-block-quote has-pale-mauve-background-color has-background is-layout-flow wp-block-quote-is-layout-flow\">\n<p>I SYSTRA udvikler vi vores arbejdsplads ud fra forst\u00e5elsen af, at vi alle er hele mennesker med hver vores behov og pr\u00e6ferencer. Derfor handler fleksibilitet i SYSTRA om at give indflydelse p\u00e5 rammerne for vores arbejdsliv.<\/p>\n<cite>Annelise Zidi, HR-direkt\u00f8r<\/cite><\/blockquote>\n\n\n\n<div class=\"wp-block-buttons is-layout-flex wp-block-buttons-is-layout-flex\">\n<div class=\"wp-block-button\"><a class=\"wp-block-button__link wp-element-button\" href=\"https:\/\/www.systra.com\/denmark\/news\/indflydelse-og-fleksibilitet\/\">l\u00e6s mere her<\/a><\/div>\n<\/div>\n\n\n\n<div style=\"height:20px\" aria-hidden=\"true\" class=\"wp-block-spacer\"><\/div>\n<\/div><figure class=\"wp-block-media-text__media\"><img loading=\"lazy\" decoding=\"async\" width=\"1024\" height=\"683\" src=\"https:\/\/www.systra.com\/denmark\/wp-content\/uploads\/sites\/26\/2025\/07\/annelise-small-1024x683.jpg\" alt=\"\" class=\"wp-image-45678 size-full\" srcset=\"https:\/\/www.systra.com\/denmark\/wp-content\/uploads\/sites\/26\/2025\/07\/annelise-small-1024x683.jpg 1024w, https:\/\/www.systra.com\/denmark\/wp-content\/uploads\/sites\/26\/2025\/07\/annelise-small-300x200.jpg 300w, https:\/\/www.systra.com\/denmark\/wp-content\/uploads\/sites\/26\/2025\/07\/annelise-small-768x512.jpg 768w, https:\/\/www.systra.com\/denmark\/wp-content\/uploads\/sites\/26\/2025\/07\/annelise-small-1536x1024.jpg 1536w, https:\/\/www.systra.com\/denmark\/wp-content\/uploads\/sites\/26\/2025\/07\/annelise-small-375x250.jpg 375w, https:\/\/www.systra.com\/denmark\/wp-content\/uploads\/sites\/26\/2025\/07\/annelise-small-376x250.jpg 376w, https:\/\/www.systra.com\/denmark\/wp-content\/uploads\/sites\/26\/2025\/07\/annelise-small-474x316.jpg 474w, https:\/\/www.systra.com\/denmark\/wp-content\/uploads\/sites\/26\/2025\/07\/annelise-small-75x50.jpg 75w, https:\/\/www.systra.com\/denmark\/wp-content\/uploads\/sites\/26\/2025\/07\/annelise-small-900x600.jpg 900w, https:\/\/www.systra.com\/denmark\/wp-content\/uploads\/sites\/26\/2025\/07\/annelise-small-1700x1134.jpg 1700w, https:\/\/www.systra.com\/denmark\/wp-content\/uploads\/sites\/26\/2025\/07\/annelise-small-1352x902.jpg 1352w, https:\/\/www.systra.com\/denmark\/wp-content\/uploads\/sites\/26\/2025\/07\/annelise-small-800x534.jpg 800w, https:\/\/www.systra.com\/denmark\/wp-content\/uploads\/sites\/26\/2025\/07\/annelise-small-180x120.jpg 180w, https:\/\/www.systra.com\/denmark\/wp-content\/uploads\/sites\/26\/2025\/07\/annelise-small-153x102.jpg 153w, https:\/\/www.systra.com\/denmark\/wp-content\/uploads\/sites\/26\/2025\/07\/annelise-small-230x153.jpg 230w\" sizes=\"auto, (max-width: 1024px) 100vw, 1024px\" \/><\/figure><\/div>\n\n\n\n<div style=\"height:100px\" aria-hidden=\"true\" class=\"wp-block-spacer\"><\/div>\n\n\n\n<h2 class=\"wp-block-heading alignwide has-pale-mauve-background-color has-background\" id=\"h-i-systra-far-du-ogsa\">I SYSTRA f\u00e5r du ogs\u00e5&#8230;<\/h2>\n\n\n\n<div style=\"height:20px\" aria-hidden=\"true\" class=\"wp-block-spacer\"><\/div>\n\n\n\n<p>Udover et st\u00e6rkt fagligt f\u00e6llesskab og fleksible rammer tilbyder vi ogs\u00e5 andre gode ans\u00e6ttelsesvilk\u00e5r, fx:<\/p>\n\n\n\n<p><\/p>\n\n\n\n<ul class=\"wp-block-list\">\n<li>Gode barselsvilk\u00e5r til b\u00e5de m\u00f8dre og f\u00e6dre<\/li>\n\n\n\n<li>Omsorgsdage til for\u00e6ldre med b\u00f8rn under 7 \u00e5r <\/li>\n\n\n\n<li>Fleksibel pensionsordning<\/li>\n\n\n\n<li>Betalt pension under barsel i dagpengeperioden<\/li>\n\n\n\n<li>Seniorordning<\/li>\n\n\n\n<li>Tilskud til internet hjemme<\/li>\n\n\n\n<li>Telefon med adgang til fritale i Danmark og en lang r\u00e6kke lande<\/li>\n\n\n\n<li>Bruttol\u00f8nsordninger til fx aviser, massage, sundhedsforsikringer mv.<\/li>\n\n\n\n<li>Frokostordninger<\/li>\n\n\n\n<li>Sociale arrangementer, som sommerfest, julefrokost, fredagsbar<\/li>\n\n\n\n<li>Mulighed for deltagelse i studieture<\/li>\n\n\n\n<li>Automatisk medlemsskab af vores personaleforening og idr\u00e6tsforening som fx tilbyder  br\u00e6tspilsaftener, kulturelle tilbud, rideture, mm. <\/li>\n\n\n\n<li>P\u00e5 nogle lokationer er der adgang til tr\u00e6ningsrum og fx yogaundervisning<\/li>\n\n\n\n<li>Adgang til en lang r\u00e6kke af rabatordninger<\/li>\n<\/ul>\n\n\n\n<div style=\"height:100px\" aria-hidden=\"true\" class=\"wp-block-spacer\"><\/div>\n\n\n\n\n<div class=\"wrapper-home-group block-home\">\n\t<div class=\"home-group-bg\"><\/div>\n\t<div class=\"content-txt\">\n\t\t<div class=\"titre\">EN VErden af muligheder<\/div>\n\t\t<blockquote class=\"citation\">\n\t\t\t<svg class=\"icon-sprite Icon\"><use xlink:href=\"#icon_quote\" \/><\/svg>\n\t\t\t<p class=\"citation-excerpt\">\n\t\t\t\tR\u00e6k ud &#8211; alle vores kanaler er \u00e5bne\t\t\t<\/p>\n\t\t\t\t\t<\/blockquote>\n\t<\/div>\n\t\t\t<div class=\"content-img\">\n\t\t\t<a href=\"https:\/\/www.systra.com\/denmark\/kontakt\/\" class=\"btn-bloc-group-home btn-red-hover\"><span>KONTAKT SYSTRA i Danmark<\/span><\/a>\n\t\t\t<img decoding=\"async\" src=\"https:\/\/www.systra.com\/denmark\/wp-content\/uploads\/sites\/26\/2024\/02\/logo_mask_img-1.png\" alt=\"\">\n\t\t<\/div>\n\t\t\n<\/div>\n\t    ","protected":false},"excerpt":{"rendered":"<p>SYSTRA ER ET STED FOR DIG, DER ER PASSIONERET OMKRING DIT FAGLIGE FELT, OG SOM \u00d8NSKER AT INDG\u00c5 I ET SP\u00c6NDENDE OG GIVENDE SAMARBEJDE OM SAMFUNDSVIGTIGE PROJEKTER Som infrastrukturr\u00e5dgiver favner vi alt fra planl\u00e6gning, projektering og udf\u00f8relse af baner, veje og stier, metro og letbane. Derudover arbejder vi med transmission og distribution af energi, h\u00e5ndtering [&hellip;]<\/p>\n","protected":false},"author":101,"featured_media":12327,"parent":2395,"menu_order":0,"comment_status":"closed","ping_status":"closed","template":"","meta":{"_acf_changed":false,"_relevanssi_hide_post":"","_relevanssi_hide_content":"","_relevanssi_pin_for_all":"","_relevanssi_pin_keywords":"","_relevanssi_unpin_keywords":"","_relevanssi_related_keywords":"","_relevanssi_related_include_ids":"","_relevanssi_related_exclude_ids":"","_relevanssi_related_no_append":"","_relevanssi_related_not_related":"","_relevanssi_related_posts":"468,508,622,886,785,875","_relevanssi_noindex_reason":"","footnotes":""},"class_list":["post-1497","page","type-page","status-publish","has-post-thumbnail","hentry"],"acf":[],"yoast_head":"<!-- This site is optimized with the Yoast SEO Premium plugin v27.4 (Yoast SEO v27.4) - https:\/\/yoast.com\/product\/yoast-seo-premium-wordpress\/ -->\n<title>Hvorfor v\u00e6lge et job i SYSTRA? - SYSTRA Danmark<\/title>\n<meta name=\"description\" content=\"Hvorfor v\u00e6lge et job i SYSTRA? - SYSTRA er en af verdens f\u00f8rende ingeni\u00f8r- og r\u00e5dgivningskoncerner med speciale i offentlig transport og mobilitetsl\u00f8sninger.\" \/>\n<meta name=\"robots\" content=\"index, follow, max-snippet:-1, max-image-preview:large, max-video-preview:-1\" \/>\n<meta property=\"og:locale\" content=\"en_US\" \/>\n<meta property=\"og:type\" content=\"article\" \/>\n<meta property=\"og:title\" content=\"Hvorfor v\u00e6lge et job i SYSTRA?\" \/>\n<meta property=\"og:description\" content=\"Hvorfor v\u00e6lge et job i SYSTRA? - SYSTRA er en af verdens f\u00f8rende ingeni\u00f8r- og r\u00e5dgivningskoncerner med speciale i offentlig transport og mobilitetsl\u00f8sninger.\" \/>\n<meta property=\"og:url\" content=\"https:\/\/www.systra.com\/denmark\/karriere\/hvorfor-vaelge-et-job-i-systra\/\" \/>\n<meta property=\"og:site_name\" content=\"Denmark\" \/>\n<meta property=\"article:modified_time\" content=\"2026-01-06T13:16:13+00:00\" \/>\n<meta property=\"og:image\" content=\"https:\/\/www.systra.com\/denmark\/wp-content\/uploads\/sites\/26\/2024\/10\/2021-capa-copenhagen-c6a3963-scaled-e1728982276953.jpg\" \/>\n\t<meta property=\"og:image:width\" content=\"2560\" \/>\n\t<meta property=\"og:image:height\" content=\"1292\" \/>\n\t<meta property=\"og:image:type\" content=\"image\/jpeg\" \/>\n<meta name=\"twitter:card\" content=\"summary_large_image\" \/>\n<meta name=\"twitter:label1\" content=\"Est. reading time\" \/>\n\t<meta name=\"twitter:data1\" content=\"3 minutes\" \/>\n<script type=\"application\/ld+json\" class=\"yoast-schema-graph\">{\"@context\":\"https:\\\/\\\/schema.org\",\"@graph\":[{\"@type\":\"WebPage\",\"@id\":\"https:\\\/\\\/www.systra.com\\\/denmark\\\/karriere\\\/hvorfor-vaelge-et-job-i-systra\\\/\",\"url\":\"https:\\\/\\\/www.systra.com\\\/denmark\\\/karriere\\\/hvorfor-vaelge-et-job-i-systra\\\/\",\"name\":\"Hvorfor v\u00e6lge et job i SYSTRA? - SYSTRA Danmark\",\"isPartOf\":{\"@id\":\"https:\\\/\\\/www.systra.com\\\/denmark\\\/#website\"},\"primaryImageOfPage\":{\"@id\":\"https:\\\/\\\/www.systra.com\\\/denmark\\\/karriere\\\/hvorfor-vaelge-et-job-i-systra\\\/#primaryimage\"},\"image\":{\"@id\":\"https:\\\/\\\/www.systra.com\\\/denmark\\\/karriere\\\/hvorfor-vaelge-et-job-i-systra\\\/#primaryimage\"},\"thumbnailUrl\":\"https:\\\/\\\/www.systra.com\\\/denmark\\\/wp-content\\\/uploads\\\/sites\\\/26\\\/2024\\\/10\\\/2021-capa-copenhagen-c6a3963-scaled-e1728982276953.jpg\",\"datePublished\":\"2024-01-20T20:15:59+00:00\",\"dateModified\":\"2026-01-06T13:16:13+00:00\",\"description\":\"Hvorfor v\u00e6lge et job i SYSTRA? - SYSTRA er en af verdens f\u00f8rende ingeni\u00f8r- og r\u00e5dgivningskoncerner med speciale i offentlig transport og mobilitetsl\u00f8sninger.\",\"breadcrumb\":{\"@id\":\"https:\\\/\\\/www.systra.com\\\/denmark\\\/karriere\\\/hvorfor-vaelge-et-job-i-systra\\\/#breadcrumb\"},\"inLanguage\":\"en-US\",\"potentialAction\":[{\"@type\":\"ReadAction\",\"target\":[\"https:\\\/\\\/www.systra.com\\\/denmark\\\/karriere\\\/hvorfor-vaelge-et-job-i-systra\\\/\"]}]},{\"@type\":\"ImageObject\",\"inLanguage\":\"en-US\",\"@id\":\"https:\\\/\\\/www.systra.com\\\/denmark\\\/karriere\\\/hvorfor-vaelge-et-job-i-systra\\\/#primaryimage\",\"url\":\"https:\\\/\\\/www.systra.com\\\/denmark\\\/wp-content\\\/uploads\\\/sites\\\/26\\\/2024\\\/10\\\/2021-capa-copenhagen-c6a3963-scaled-e1728982276953.jpg\",\"contentUrl\":\"https:\\\/\\\/www.systra.com\\\/denmark\\\/wp-content\\\/uploads\\\/sites\\\/26\\\/2024\\\/10\\\/2021-capa-copenhagen-c6a3963-scaled-e1728982276953.jpg\",\"width\":2560,\"height\":1292},{\"@type\":\"BreadcrumbList\",\"@id\":\"https:\\\/\\\/www.systra.com\\\/denmark\\\/karriere\\\/hvorfor-vaelge-et-job-i-systra\\\/#breadcrumb\",\"itemListElement\":[{\"@type\":\"ListItem\",\"position\":1,\"name\":\"Home\",\"item\":\"https:\\\/\\\/www.systra.com\\\/denmark\\\/\"},{\"@type\":\"ListItem\",\"position\":2,\"name\":\"Job i SYSTRA\",\"item\":\"https:\\\/\\\/www.systra.com\\\/denmark\\\/karriere\\\/\"},{\"@type\":\"ListItem\",\"position\":3,\"name\":\"Hvorfor v\u00e6lge et job i SYSTRA?\"}]},{\"@type\":\"WebSite\",\"@id\":\"https:\\\/\\\/www.systra.com\\\/denmark\\\/#website\",\"url\":\"https:\\\/\\\/www.systra.com\\\/denmark\\\/\",\"name\":\"Denmark\",\"description\":\"Un site utilisant Les sites de Systra\",\"potentialAction\":[{\"@type\":\"SearchAction\",\"target\":{\"@type\":\"EntryPoint\",\"urlTemplate\":\"https:\\\/\\\/www.systra.com\\\/denmark\\\/?s={search_term_string}\"},\"query-input\":{\"@type\":\"PropertyValueSpecification\",\"valueRequired\":true,\"valueName\":\"search_term_string\"}}],\"inLanguage\":\"en-US\"}]}<\/script>\n<!-- \/ Yoast SEO Premium plugin. -->","yoast_head_json":{"title":"Hvorfor v\u00e6lge et job i SYSTRA? - SYSTRA Danmark","description":"Hvorfor v\u00e6lge et job i SYSTRA? - SYSTRA er en af verdens f\u00f8rende ingeni\u00f8r- og r\u00e5dgivningskoncerner med speciale i offentlig transport og mobilitetsl\u00f8sninger.","robots":{"index":"index","follow":"follow","max-snippet":"max-snippet:-1","max-image-preview":"max-image-preview:large","max-video-preview":"max-video-preview:-1"},"og_locale":"en_US","og_type":"article","og_title":"Hvorfor v\u00e6lge et job i SYSTRA?","og_description":"Hvorfor v\u00e6lge et job i SYSTRA? - SYSTRA er en af verdens f\u00f8rende ingeni\u00f8r- og r\u00e5dgivningskoncerner med speciale i offentlig transport og mobilitetsl\u00f8sninger.","og_url":"https:\/\/www.systra.com\/denmark\/karriere\/hvorfor-vaelge-et-job-i-systra\/","og_site_name":"Denmark","article_modified_time":"2026-01-06T13:16:13+00:00","og_image":[{"width":2560,"height":1292,"url":"https:\/\/www.systra.com\/denmark\/wp-content\/uploads\/sites\/26\/2024\/10\/2021-capa-copenhagen-c6a3963-scaled-e1728982276953.jpg","type":"image\/jpeg"}],"twitter_card":"summary_large_image","twitter_misc":{"Est. reading time":"3 minutes"},"schema":{"@context":"https:\/\/schema.org","@graph":[{"@type":"WebPage","@id":"https:\/\/www.systra.com\/denmark\/karriere\/hvorfor-vaelge-et-job-i-systra\/","url":"https:\/\/www.systra.com\/denmark\/karriere\/hvorfor-vaelge-et-job-i-systra\/","name":"Hvorfor v\u00e6lge et job i SYSTRA? - SYSTRA Danmark","isPartOf":{"@id":"https:\/\/www.systra.com\/denmark\/#website"},"primaryImageOfPage":{"@id":"https:\/\/www.systra.com\/denmark\/karriere\/hvorfor-vaelge-et-job-i-systra\/#primaryimage"},"image":{"@id":"https:\/\/www.systra.com\/denmark\/karriere\/hvorfor-vaelge-et-job-i-systra\/#primaryimage"},"thumbnailUrl":"https:\/\/www.systra.com\/denmark\/wp-content\/uploads\/sites\/26\/2024\/10\/2021-capa-copenhagen-c6a3963-scaled-e1728982276953.jpg","datePublished":"2024-01-20T20:15:59+00:00","dateModified":"2026-01-06T13:16:13+00:00","description":"Hvorfor v\u00e6lge et job i SYSTRA? - SYSTRA er en af verdens f\u00f8rende ingeni\u00f8r- og r\u00e5dgivningskoncerner med speciale i offentlig transport og mobilitetsl\u00f8sninger.","breadcrumb":{"@id":"https:\/\/www.systra.com\/denmark\/karriere\/hvorfor-vaelge-et-job-i-systra\/#breadcrumb"},"inLanguage":"en-US","potentialAction":[{"@type":"ReadAction","target":["https:\/\/www.systra.com\/denmark\/karriere\/hvorfor-vaelge-et-job-i-systra\/"]}]},{"@type":"ImageObject","inLanguage":"en-US","@id":"https:\/\/www.systra.com\/denmark\/karriere\/hvorfor-vaelge-et-job-i-systra\/#primaryimage","url":"https:\/\/www.systra.com\/denmark\/wp-content\/uploads\/sites\/26\/2024\/10\/2021-capa-copenhagen-c6a3963-scaled-e1728982276953.jpg","contentUrl":"https:\/\/www.systra.com\/denmark\/wp-content\/uploads\/sites\/26\/2024\/10\/2021-capa-copenhagen-c6a3963-scaled-e1728982276953.jpg","width":2560,"height":1292},{"@type":"BreadcrumbList","@id":"https:\/\/www.systra.com\/denmark\/karriere\/hvorfor-vaelge-et-job-i-systra\/#breadcrumb","itemListElement":[{"@type":"ListItem","position":1,"name":"Home","item":"https:\/\/www.systra.com\/denmark\/"},{"@type":"ListItem","position":2,"name":"Job i SYSTRA","item":"https:\/\/www.systra.com\/denmark\/karriere\/"},{"@type":"ListItem","position":3,"name":"Hvorfor v\u00e6lge et job i SYSTRA?"}]},{"@type":"WebSite","@id":"https:\/\/www.systra.com\/denmark\/#website","url":"https:\/\/www.systra.com\/denmark\/","name":"Denmark","description":"Un site utilisant Les sites de Systra","potentialAction":[{"@type":"SearchAction","target":{"@type":"EntryPoint","urlTemplate":"https:\/\/www.systra.com\/denmark\/?s={search_term_string}"},"query-input":{"@type":"PropertyValueSpecification","valueRequired":true,"valueName":"search_term_string"}}],"inLanguage":"en-US"}]}},"lang":"da","translations":{"da":1497,"en":13186},"pll_sync_post":[],"_links":{"self":[{"href":"https:\/\/www.systra.com\/denmark\/wp-json\/wp\/v2\/pages\/1497","targetHints":{"allow":["GET"]}}],"collection":[{"href":"https:\/\/www.systra.com\/denmark\/wp-json\/wp\/v2\/pages"}],"about":[{"href":"https:\/\/www.systra.com\/denmark\/wp-json\/wp\/v2\/types\/page"}],"author":[{"embeddable":true,"href":"https:\/\/www.systra.com\/denmark\/wp-json\/wp\/v2\/users\/101"}],"replies":[{"embeddable":true,"href":"https:\/\/www.systra.com\/denmark\/wp-json\/wp\/v2\/comments?post=1497"}],"version-history":[{"count":3,"href":"https:\/\/www.systra.com\/denmark\/wp-json\/wp\/v2\/pages\/1497\/revisions"}],"predecessor-version":[{"id":63583,"href":"https:\/\/www.systra.com\/denmark\/wp-json\/wp\/v2\/pages\/1497\/revisions\/63583"}],"up":[{"embeddable":true,"href":"https:\/\/www.systra.com\/denmark\/wp-json\/wp\/v2\/pages\/2395"}],"wp:featuredmedia":[{"embeddable":true,"href":"https:\/\/www.systra.com\/denmark\/wp-json\/wp\/v2\/media\/12327"}],"wp:attachment":[{"href":"https:\/\/www.systra.com\/denmark\/wp-json\/wp\/v2\/media?parent=1497"}],"curies":[{"name":"wp","href":"https:\/\/api.w.org\/{rel}","templated":true}]}}