{"id":28335,"date":"2024-05-15T10:06:35","date_gmt":"2024-05-15T08:06:35","guid":{"rendered":"https:\/\/www.systra.com\/canada\/politique-daccessibilite-numerique\/"},"modified":"2025-04-24T17:18:05","modified_gmt":"2025-04-24T15:18:05","slug":"politique-daccessibilite-numerique","status":"publish","type":"page","link":"https:\/\/www.systra.com\/canada\/fr\/politique-daccessibilite-numerique\/","title":{"rendered":"Politique d&#8217;accessibilit\u00e9 num\u00e9rique"},"content":{"rendered":"\n<p>Le Groupe SYSTRA souhaite offrir une exp\u00e9rience en ligne optimis\u00e9e pour le plus grand nombre, y compris aux personnes en situation de handicap. Dans le cadre de cette d\u00e9marche, SYSTRA s\u2019engage \u00e0 rendre ses sites internet accessibles conform\u00e9ment \u00e0 l\u2019article 47 de la loi n\u00b02005-102 du 11 f\u00e9vrier 2005.<\/p>\n\n\n\n<p>\u00c0 cette fin, le groupe SYSTRA a mis en \u0153uvre une strat\u00e9gie de mise en conformit\u00e9 progressive, avec un premier audit d\u2019\u00e9valuation (ao\u00fbt 2023) ayant pour objectif d\u2019identifier les probl\u00e8mes d\u2019accessibilit\u00e9 rencontr\u00e9s sur un \u00e9chantillon repr\u00e9sentatif du site et de prioriser la r\u00e9solution de ces probl\u00e8mes. Ce premier audit a \u00e9t\u00e9 suivi de plusieurs lots de corrections, \u00e0 la suite desquelles un audit de conformit\u00e9 a \u00e9t\u00e9 produit.<\/p>\n\n\n\n<p>Cette d\u00e9claration d\u2019accessibilit\u00e9 s\u2019applique aux sites du r\u00e9seau utilisant le th\u00e8me WordPress utilis\u00e9 par le site systra.com.<\/p>\n\n\n\n<div style=\"height:40px\" aria-hidden=\"true\" class=\"wp-block-spacer\"><\/div>\n\n\n\n<h2 class=\"wp-block-heading\" id=\"h-etat-de-conformite\">\u00c9tat de conformit\u00e9<\/h2>\n\n\n\n<div style=\"height:40px\" aria-hidden=\"true\" class=\"wp-block-spacer\"><\/div>\n\n\n\n<p>Le r\u00e9seau de sites du groupe SYSTRA est partiellement conforme aux crit\u00e8res du <a href=\"https:\/\/www.numerique.gouv.fr\/publications\/rgaa-accessibilite\/methode-rgaa\/criteres\/#contenu\">R\u00e9f\u00e9rentiel G\u00e9n\u00e9ral d\u2019Am\u00e9lioration de l\u2019Accessibilit\u00e9 (RGAA) version 4.1<\/a>.<\/p>\n\n\n\n<p>Le groupe SYSTRA vise une mise en conformit\u00e9 progressive de ses sites internet via une d\u00e9marche d\u2019am\u00e9lioration continue.<\/p>\n\n\n\n<div style=\"height:40px\" aria-hidden=\"true\" class=\"wp-block-spacer\"><\/div>\n\n\n\n<h3 class=\"wp-block-heading\" id=\"h-resultats-des-tests\">R\u00e9sultats des tests<\/h3>\n\n\n\n<div style=\"height:40px\" aria-hidden=\"true\" class=\"wp-block-spacer\"><\/div>\n\n\n\n<p>L\u2019audit d&#8217;\u00e9valuation r\u00e9alis\u00e9 en ao\u00fbt 2023 a r\u00e9v\u00e9l\u00e9 que 41&nbsp;% des crit\u00e8res RGAA \u00e9taient initialement respect\u00e9s.<\/p>\n\n\n\n<div style=\"height:1em\" aria-hidden=\"true\" class=\"wp-block-spacer\"><\/div>\n\n\n\n<p class=\"has-griplusclair-background-color has-background\"><strong>Apr\u00e8s mise en place de plusieurs lots de corrections, le taux de conformit\u00e9 RGAA du site est port\u00e9 \u00e0 61% en f\u00e9vrier 2025.<\/strong><\/p>\n\n\n\n<div style=\"height:1em\" aria-hidden=\"true\" class=\"wp-block-spacer\"><\/div>\n\n\n\n<p><a href=\"https:\/\/ara.numerique.gouv.fr\/rapport\/oCIyYvXPQlVqsGB_A9Pfs\">Les r\u00e9sultats de l\u2019audit peuvent \u00eatre consult\u00e9s sur la plateforme ara.numerique.gouv.fr<\/a><\/p>\n\n\n\n<div style=\"height:40px\" aria-hidden=\"true\" class=\"wp-block-spacer\"><\/div>\n\n\n\n<h3 class=\"wp-block-heading\" id=\"h-etablissement-de-cette-declaration-d-accessibilite\">\u00c9tablissement de cette d\u00e9claration d\u2019accessibilit\u00e9<\/h3>\n\n\n\n<div style=\"height:40px\" aria-hidden=\"true\" class=\"wp-block-spacer\"><\/div>\n\n\n\n<p>Cette d\u00e9claration a \u00e9t\u00e9 \u00e9tablie le 2 janvier 2024 par Jean-Baptiste Audras, directeur technique et responsable qualit\u00e9 de l\u2019agence Whodunit. Elle a \u00e9t\u00e9 mise \u00e0 jour le 19 f\u00e9vrier 2025.<br><\/p>\n\n\n\n<div style=\"height:40px\" aria-hidden=\"true\" class=\"wp-block-spacer\"><\/div>\n\n\n\n<h3 class=\"wp-block-heading\" id=\"h-non-conformites-relevees\">Non conformit\u00e9s relev\u00e9es<\/h3>\n\n\n\n<div style=\"height:40px\" aria-hidden=\"true\" class=\"wp-block-spacer\"><\/div>\n\n\n\n\n<ul class=\"wp-block-list classic\">\n<li>Certaines images ne disposent pas d\u2019une alternative textuelle pertinente<\/li>\n\n\n\n<li>Le code source g\u00e9n\u00e9r\u00e9 n\u2019est pas valide suivant le type de document HTML<\/li>\n\n\n\n<li>La zone de contenu principal n\u2019est pas identifi\u00e9e au moyen de l\u2019\u00e9l\u00e9ment <code>&lt;main&gt;<\/code><\/li>\n\n\n\n<li>L\u2019information n\u2019est pas suffisamment compr\u00e9hensible en cas de d\u00e9sactivation des feuilles de styles<\/li>\n\n\n\n<li>La navigation au clavier dans le menu \u201cQue faisons-nous\u201d est complexe<\/li>\n\n\n\n<li>Les documents bureautiques t\u00e9l\u00e9chargeables ne sont pas tous accessibles<\/li>\n\n\n\n<li>La vid\u00e9o de pr\u00e9sentation Systra contient des \u00e9l\u00e9ments textuels int\u00e9gr\u00e9s \u00e0 la vid\u00e9o mais aucun sous-titre correspondant \u00e0 ces \u00e9l\u00e9ments textuels<\/li>\n\n\n\n<li>Certains changements de langue ne sont pas indiqu\u00e9s<\/li>\n\n\n\n<li>Certains niveaux de titres ne sont pas corrects<\/li>\n\n\n\n<li>Les citations ne sont pas toujours correctement balis\u00e9es<\/li>\n\n\n\n<li>Le texte n\u2019est pas toujours lisible apr\u00e8s un zoom \u00e0 200%<\/li>\n\n\n\n<li>Les contenus cach\u00e9s ne sont pas toujours ignor\u00e9s par les technologies d\u2019assistance<\/li>\n\n\n\n<li>Certains liens ne sont pas explicites<\/li>\n<\/ul>\n\n\n\n\n<ul class=\"wp-block-list\"><\/ul>\n\n\n\n<div style=\"height:40px\" aria-hidden=\"true\" class=\"wp-block-spacer\"><\/div>\n\n\n\n<h3 class=\"wp-block-heading\" id=\"h-derogations-pour-charge-disproportionnee\">D\u00e9rogations pour charge disproportionn\u00e9e<\/h3>\n\n\n\n<div style=\"height:40px\" aria-hidden=\"true\" class=\"wp-block-spacer\"><\/div>\n\n\n\n<p>N\u00e9ant.<\/p>\n\n\n\n<div style=\"height:40px\" aria-hidden=\"true\" class=\"wp-block-spacer\"><\/div>\n\n\n\n<h3 class=\"wp-block-heading\" id=\"h-technologies-utilisees-sur-le-site\">Technologies utilis\u00e9es sur le site<\/h3>\n\n\n\n<div style=\"height:40px\" aria-hidden=\"true\" class=\"wp-block-spacer\"><\/div>\n\n\n\n<p>WordPress, HTML, CSS, Javascript, jQuery, Matomo.<\/p>\n\n\n\n<div style=\"height:40px\" aria-hidden=\"true\" class=\"wp-block-spacer\"><\/div>\n\n\n\n<h3 class=\"wp-block-heading\" id=\"h-agents-utilisateurs-technologies-d-assistance-et-outils-utilises-pour-verifier-l-accessibilite\">Agents utilisateurs, technologies d\u2019assistance et outils utilis\u00e9s pour v\u00e9rifier l\u2019accessibilit\u00e9<\/h3>\n\n\n\n<div style=\"height:40px\" aria-hidden=\"true\" class=\"wp-block-spacer\"><\/div>\n\n\n\n<p>Les v\u00e9rifications de restitution de contenus ont \u00e9t\u00e9 r\u00e9alis\u00e9es avec les configurations suivantes&nbsp;:<\/p>\n\n\n\n\n<ul class=\"wp-block-list classic\">\n<li>Chrome et Firefox avec NVDA ;<\/li>\n\n\n\n<li>Safari avec VoiceOver ;<\/li>\n<\/ul>\n\n\n\n\n<ul class=\"wp-block-list\"><\/ul>\n\n\n\n<p>Les outils de v\u00e9rification du code suivants ont \u00e9t\u00e9 utilis\u00e9s afin de v\u00e9rifier la conformit\u00e9 aux tests du RGAA&nbsp;:<\/p>\n\n\n\n\n<ul class=\"wp-block-list classic\">\n<li>Extension <bdo lang=\"en\" dir=\"ltr\">\u00ab Web Developer \u00bb<\/bdo> ;<\/li>\n\n\n\n<li><bdo lang=\"en\" dir=\"ltr\">Colour Contrast Analyser<\/bdo> ;<\/li>\n\n\n\n<li>Extension \u00ab Assistant RGAA \u00bb ;<\/li>\n\n\n\n<li>Extension \u00ab <bdo lang=\"en\" dir=\"ltr\">WCAG Contrast checker<\/bdo> \u00bb ;<\/li>\n\n\n\n<li>Extension \u00ab <bdo lang=\"en\" dir=\"ltr\">ARC Toolkit<\/bdo> \u00bb ;<\/li>\n\n\n\n<li>Extension \u00ab <bdo lang=\"en\" dir=\"ltr\">HeadingsMap<\/bdo> \u00bb ;<\/li>\n\n\n\n<li>Outils de d\u00e9veloppement int\u00e9gr\u00e9s au navigateur Firefox ;<\/li>\n\n\n\n<li>Validateur HTML du W3C.<\/li>\n<\/ul>\n\n\n\n\n<ul class=\"wp-block-list\"><\/ul>\n\n\n\n<div style=\"height:40px\" aria-hidden=\"true\" class=\"wp-block-spacer\"><\/div>\n\n\n\n<h3 class=\"wp-block-heading\" id=\"h-pages-du-site-ayant-fait-l-objet-de-la-verification-de-conformite\">Pages du site ayant fait l\u2019objet de la v\u00e9rification de conformit\u00e9<\/h3>\n\n\n\n<div style=\"height:40px\" aria-hidden=\"true\" class=\"wp-block-spacer\"><\/div>\n\n\n\n<ul class=\"wp-block-list\">\n<li><a href=\"https:\/\/www.systra.com\/\">Page d\u2019accueil<\/a><\/li>\n\n\n\n<li><a href=\"https:\/\/www.systra.com\/vision\/ambition\/\">Ambition<\/a><\/li>\n\n\n\n<li><a href=\"https:\/\/www.systra.com\/vision\/\">Page Hub Vision<\/a><\/li>\n\n\n\n<li><a href=\"https:\/\/www.systra.com\/engagements\/\">Engagement<\/a><\/li>\n\n\n\n<li><a href=\"https:\/\/www.systra.com\/carrieres\/pourquoi-systra\/\">Espace carri\u00e8re<\/a><\/li>\n\n\n\n<li><a href=\"https:\/\/www.systra.com\/markets\/metro\/\">Page March\u00e9<\/a><\/li>\n\n\n\n<li><a href=\"https:\/\/www.systra.com\/nos-projets\/\">Page Hub projets<\/a><\/li>\n\n\n\n<li><a href=\"https:\/\/www.systra.com\/project\/reseau-de-tramway-de-bordeaux-france\/\">Projet seul<\/a><\/li>\n\n\n\n<li><a href=\"https:\/\/www.systra.com\/news\/systra-publie-son-rapport-de-developpement-durable-2022\/\">Actualit\u00e9 seule<\/a><\/li>\n\n\n\n<li><a href=\"https:\/\/www.systra.com\/expert_insights\/une-approche-systemique-pour-reussir-la-transition-energetique-de-la-mobilite\/\">Regard d\u2019expert seul<\/a><\/li>\n\n\n\n<li><a href=\"https:\/\/www.systra.com\/newsroom\/actualites\/\">Page de liste d&#8217;actualit\u00e9s<\/a><\/li>\n\n\n\n<li><a href=\"https:\/\/www.systra.com\/newsroom\/publications-2\/\">Page de liste de publications<\/a><\/li>\n\n\n\n<li><a href=\"https:\/\/www.systra.com\/newsroom\/espace-medias\/\">Page relations presse<\/a><\/li>\n\n\n\n<li><a href=\"https:\/\/www.systra.com\/regards-dexperts\/\">Page de liste des regards d\u2019experts<\/a><\/li>\n\n\n\n<li><a href=\"https:\/\/www.systra.com\/contact\/\">Page avec un formulaire (contact)<\/a><\/li>\n\n\n\n<li><a href=\"https:\/\/www.systra.com\/?s=Systra\">Page de r\u00e9sultats de recherche<\/a><\/li>\n\n\n\n<li><a href=\"https:\/\/www.systra.com\/rejoignez-nous\/\">Page de liste d&#8217;offres d&#8217;emploi<\/a><\/li>\n\n\n\n<li><a href=\"https:\/\/www.systra.com\/offres-emploi\/ecologue-fauniste-h-f-lyon-marseille-fr-3488\/\">Page d&#8217;offre d&#8217;emploi seule<\/a><\/li>\n\n\n\n<li><a href=\"https:\/\/www.systra.com\/politique-daccessibilite-numerique\/\">Page de d\u00e9claration d\u2019accessibilit\u00e9 (page courante)<\/a><\/li>\n<\/ul>\n\n\n\n<div style=\"height:40px\" aria-hidden=\"true\" class=\"wp-block-spacer\"><\/div>\n\n\n\n<h2 class=\"wp-block-heading\" id=\"h-schema-pluriannuel-de-mise-en-conformite\">Sch\u00e9ma pluriannuel de mise en conformit\u00e9<\/h2>\n\n\n\n<div style=\"height:40px\" aria-hidden=\"true\" class=\"wp-block-spacer\"><\/div>\n\n\n\n<p>Dans le cadre de son sch\u00e9ma pluriannuel de mise en accessibilit\u00e9 pour la p\u00e9riode 2023-2025, le groupe SYSTRA met en \u0153uvre la strat\u00e9gie et les actions suivantes :<\/p>\n\n\n\n<ul class=\"wp-block-list\">\n<li>2023 :\n<ul class=\"wp-block-list\">\n<li>Audit d\u2019\u00e9valuation de la conformit\u00e9 du site systra.com (r\u00e9alis\u00e9 en ao\u00fbt 2023)<\/li>\n\n\n\n<li>Priorisation des corrections des non conformit\u00e9s (r\u00e9alis\u00e9e en novembre 2023)<\/li>\n\n\n\n<li>R\u00e9daction d\u2019une d\u00e9claration de conformit\u00e9 provisoire (r\u00e9alis\u00e9e en d\u00e9cembre 2023)<\/li>\n<\/ul>\n<\/li>\n\n\n\n<li>2024 :\n<ul class=\"wp-block-list\">\n<li>Publication d\u2019une d\u00e9claration de conformit\u00e9 provisoire<\/li>\n\n\n\n<li>Correction des non conformit\u00e9s relev\u00e9es suivant le niveau de priorit\u00e9 d\u00e9fini lors de l\u2019audit (en cours de planification)<\/li>\n\n\n\n<li>Contre-audit de conformit\u00e9<\/li>\n<\/ul>\n<\/li>\n\n\n\n<li>2025 : \n<ul class=\"wp-block-list\">\n<li>Publication des r\u00e9sultats de l\u2019audit de conformit\u00e9<\/li>\n\n\n\n<li>Planification des corrections restantes et d\u2019un nouvel audit de conformit\u00e9<\/li>\n<\/ul>\n<\/li>\n<\/ul>\n\n\n\n<div style=\"height:40px\" aria-hidden=\"true\" class=\"wp-block-spacer\"><\/div>\n\n\n\n<h2 class=\"wp-block-heading\" id=\"h-retour-d-information-et-contact\">Retour d\u2019information et contact<\/h2>\n\n\n\n<div style=\"height:40px\" aria-hidden=\"true\" class=\"wp-block-spacer\"><\/div>\n\n\n\n<p>Si vous n\u2019arrivez pas \u00e0 acc\u00e9der \u00e0 un contenu ou \u00e0 un service, vous pouvez contacter le<br>responsable du site internet pour \u00eatre orient\u00e9 vers une alternative accessible ou<br>obtenir le contenu sous une autre forme.<\/p>\n\n\n\n<div style=\"height:40px\" aria-hidden=\"true\" class=\"wp-block-spacer\"><\/div>\n\n\n\n<div class=\"wp-block-columns is-layout-flex wp-container-core-columns-is-layout-9d6595d7 wp-block-columns-is-layout-flex\">\n<div class=\"wp-block-column is-layout-flow wp-block-column-is-layout-flow\" style=\"flex-basis:70%\"><\/div>\n\n\n\n<div class=\"wp-block-column is-layout-flow wp-block-column-is-layout-flow\" style=\"flex-basis:30%\"><\/div>\n<\/div>\n\n\n\n<h3 class=\"wp-block-heading\" id=\"h-voies-de-recours\">Voies de recours<\/h3>\n\n\n\n<div style=\"height:40px\" aria-hidden=\"true\" class=\"wp-block-spacer\"><\/div>\n\n\n\n<p>Cette proc\u00e9dure est \u00e0 utiliser dans le cas suivant : vous avez signal\u00e9 au responsable du site internet un d\u00e9faut d\u2019accessibilit\u00e9 qui vous emp\u00eache d\u2019acc\u00e9der \u00e0 un contenu ou \u00e0 un des services du portail et vous n\u2019avez pas obtenu de r\u00e9ponse satisfaisante.<\/p>\n\n\n\n\n<ul class=\"wp-block-list classic\">\n<li>\u00c9crire un message au D\u00e9fenseur des droits <a href=\"https:\/\/formulaire.defenseurdesdroits.fr\/code\/afficher.php?ETAPE=accueil_2016\">via son formulaire de contact<\/a><\/li>\n\n\n\n<li>Contacter le <a href=\"https:\/\/www.defenseurdesdroits.fr\/saisir\/delegues\">d\u00e9l\u00e9gu\u00e9 du D\u00e9fenseur des droits dans votre r\u00e9gion<\/a>&nbsp;<\/li>\n\n\n\n<li>Envoyer un courrier par la poste (gratuit, ne pas mettre de timbre) :<br>D\u00e9fenseur des droits<br>Libre r\u00e9ponse 71120<br>75342 Paris CEDEX 07<\/li>\n\n\n\n<li>Contacter le D\u00e9fenseur des droits par t\u00e9l\u00e9phone : 09 69 39 00 00<\/li>\n<\/ul>\n\n\n\n\n<ul class=\"wp-block-list\"><\/ul>\n","protected":false},"excerpt":{"rendered":"<p>Le Groupe SYSTRA souhaite offrir une exp\u00e9rience en ligne optimis\u00e9e pour le plus grand nombre, y compris aux personnes en situation de handicap. Dans le cadre de cette d\u00e9marche, SYSTRA s\u2019engage \u00e0 rendre ses sites internet accessibles conform\u00e9ment \u00e0 l\u2019article 47 de la loi n\u00b02005-102 du 11 f\u00e9vrier 2005. \u00c0 cette fin, le groupe SYSTRA [&hellip;]<\/p>\n","protected":false},"author":3,"featured_media":0,"parent":0,"menu_order":0,"comment_status":"closed","ping_status":"closed","template":"","meta":{"_acf_changed":false,"_relevanssi_hide_post":"","_relevanssi_hide_content":"","_relevanssi_pin_for_all":"","_relevanssi_pin_keywords":"","_relevanssi_unpin_keywords":"","_relevanssi_related_keywords":"","_relevanssi_related_include_ids":"","_relevanssi_related_exclude_ids":"","_relevanssi_related_no_append":"","_relevanssi_related_not_related":"","_relevanssi_related_posts":"","_relevanssi_noindex_reason":"","footnotes":""},"class_list":["post-28335","page","type-page","status-publish","hentry"],"acf":[],"yoast_head":"<!-- This site is optimized with the Yoast SEO Premium plugin v27.4 (Yoast SEO v27.4) - https:\/\/yoast.com\/product\/yoast-seo-premium-wordpress\/ -->\n<title>Politique d&#8217;accessibilit\u00e9 num\u00e9rique - SYSTRA Canada<\/title>\n<meta name=\"description\" content=\"SYSTRA Canada, consulting and engineering firm, world leader in public transport infrastructure engineering.\" \/>\n<meta name=\"robots\" content=\"index, follow, max-snippet:-1, max-image-preview:large, max-video-preview:-1\" \/>\n<meta property=\"og:locale\" content=\"fr_FR\" \/>\n<meta property=\"og:type\" content=\"article\" \/>\n<meta property=\"og:title\" content=\"Politique d&#8217;accessibilit\u00e9 num\u00e9rique\" \/>\n<meta property=\"og:description\" content=\"SYSTRA Canada, consulting and engineering firm, world leader in public transport infrastructure engineering.\" \/>\n<meta property=\"og:url\" content=\"https:\/\/www.systra.com\/canada\/fr\/politique-daccessibilite-numerique\/\" \/>\n<meta property=\"og:site_name\" content=\"Canada\" \/>\n<meta property=\"article:modified_time\" content=\"2025-04-24T15:18:05+00:00\" \/>\n<meta name=\"twitter:card\" content=\"summary_large_image\" \/>\n<meta name=\"twitter:label1\" content=\"Dur\u00e9e de lecture estim\u00e9e\" \/>\n\t<meta name=\"twitter:data1\" content=\"5 minutes\" \/>\n<script type=\"application\/ld+json\" class=\"yoast-schema-graph\">{\"@context\":\"https:\\\/\\\/schema.org\",\"@graph\":[{\"@type\":\"WebPage\",\"@id\":\"https:\\\/\\\/www.systra.com\\\/canada\\\/fr\\\/politique-daccessibilite-numerique\\\/\",\"url\":\"https:\\\/\\\/www.systra.com\\\/canada\\\/fr\\\/politique-daccessibilite-numerique\\\/\",\"name\":\"Politique d&#8217;accessibilit\u00e9 num\u00e9rique - SYSTRA Canada\",\"isPartOf\":{\"@id\":\"https:\\\/\\\/www.systra.com\\\/canada\\\/#website\"},\"datePublished\":\"2024-05-15T08:06:35+00:00\",\"dateModified\":\"2025-04-24T15:18:05+00:00\",\"description\":\"SYSTRA Canada, consulting and engineering firm, world leader in public transport infrastructure engineering.\",\"breadcrumb\":{\"@id\":\"https:\\\/\\\/www.systra.com\\\/canada\\\/fr\\\/politique-daccessibilite-numerique\\\/#breadcrumb\"},\"inLanguage\":\"fr-FR\",\"potentialAction\":[{\"@type\":\"ReadAction\",\"target\":[\"https:\\\/\\\/www.systra.com\\\/canada\\\/fr\\\/politique-daccessibilite-numerique\\\/\"]}]},{\"@type\":\"BreadcrumbList\",\"@id\":\"https:\\\/\\\/www.systra.com\\\/canada\\\/fr\\\/politique-daccessibilite-numerique\\\/#breadcrumb\",\"itemListElement\":[{\"@type\":\"ListItem\",\"position\":1,\"name\":\"Accueil\",\"item\":\"https:\\\/\\\/www.systra.com\\\/canada\\\/fr\\\/\"},{\"@type\":\"ListItem\",\"position\":2,\"name\":\"Politique d&#8217;accessibilit\u00e9 num\u00e9rique\"}]},{\"@type\":\"WebSite\",\"@id\":\"https:\\\/\\\/www.systra.com\\\/canada\\\/#website\",\"url\":\"https:\\\/\\\/www.systra.com\\\/canada\\\/\",\"name\":\"Canada\",\"description\":\"Un site utilisant Les sites de Systra\",\"potentialAction\":[{\"@type\":\"SearchAction\",\"target\":{\"@type\":\"EntryPoint\",\"urlTemplate\":\"https:\\\/\\\/www.systra.com\\\/canada\\\/?s={search_term_string}\"},\"query-input\":{\"@type\":\"PropertyValueSpecification\",\"valueRequired\":true,\"valueName\":\"search_term_string\"}}],\"inLanguage\":\"fr-FR\"}]}<\/script>\n<!-- \/ Yoast SEO Premium plugin. -->","yoast_head_json":{"title":"Politique d&#8217;accessibilit\u00e9 num\u00e9rique - SYSTRA Canada","description":"SYSTRA Canada, consulting and engineering firm, world leader in public transport infrastructure engineering.","robots":{"index":"index","follow":"follow","max-snippet":"max-snippet:-1","max-image-preview":"max-image-preview:large","max-video-preview":"max-video-preview:-1"},"og_locale":"fr_FR","og_type":"article","og_title":"Politique d&#8217;accessibilit\u00e9 num\u00e9rique","og_description":"SYSTRA Canada, consulting and engineering firm, world leader in public transport infrastructure engineering.","og_url":"https:\/\/www.systra.com\/canada\/fr\/politique-daccessibilite-numerique\/","og_site_name":"Canada","article_modified_time":"2025-04-24T15:18:05+00:00","twitter_card":"summary_large_image","twitter_misc":{"Dur\u00e9e de lecture estim\u00e9e":"5 minutes"},"schema":{"@context":"https:\/\/schema.org","@graph":[{"@type":"WebPage","@id":"https:\/\/www.systra.com\/canada\/fr\/politique-daccessibilite-numerique\/","url":"https:\/\/www.systra.com\/canada\/fr\/politique-daccessibilite-numerique\/","name":"Politique d&#8217;accessibilit\u00e9 num\u00e9rique - SYSTRA Canada","isPartOf":{"@id":"https:\/\/www.systra.com\/canada\/#website"},"datePublished":"2024-05-15T08:06:35+00:00","dateModified":"2025-04-24T15:18:05+00:00","description":"SYSTRA Canada, consulting and engineering firm, world leader in public transport infrastructure engineering.","breadcrumb":{"@id":"https:\/\/www.systra.com\/canada\/fr\/politique-daccessibilite-numerique\/#breadcrumb"},"inLanguage":"fr-FR","potentialAction":[{"@type":"ReadAction","target":["https:\/\/www.systra.com\/canada\/fr\/politique-daccessibilite-numerique\/"]}]},{"@type":"BreadcrumbList","@id":"https:\/\/www.systra.com\/canada\/fr\/politique-daccessibilite-numerique\/#breadcrumb","itemListElement":[{"@type":"ListItem","position":1,"name":"Accueil","item":"https:\/\/www.systra.com\/canada\/fr\/"},{"@type":"ListItem","position":2,"name":"Politique d&#8217;accessibilit\u00e9 num\u00e9rique"}]},{"@type":"WebSite","@id":"https:\/\/www.systra.com\/canada\/#website","url":"https:\/\/www.systra.com\/canada\/","name":"Canada","description":"Un site utilisant Les sites de Systra","potentialAction":[{"@type":"SearchAction","target":{"@type":"EntryPoint","urlTemplate":"https:\/\/www.systra.com\/canada\/?s={search_term_string}"},"query-input":{"@type":"PropertyValueSpecification","valueRequired":true,"valueName":"search_term_string"}}],"inLanguage":"fr-FR"}]}},"lang":"fr","translations":{"fr":28335},"pll_sync_post":[],"_links":{"self":[{"href":"https:\/\/www.systra.com\/canada\/wp-json\/wp\/v2\/pages\/28335","targetHints":{"allow":["GET"]}}],"collection":[{"href":"https:\/\/www.systra.com\/canada\/wp-json\/wp\/v2\/pages"}],"about":[{"href":"https:\/\/www.systra.com\/canada\/wp-json\/wp\/v2\/types\/page"}],"author":[{"embeddable":true,"href":"https:\/\/www.systra.com\/canada\/wp-json\/wp\/v2\/users\/3"}],"replies":[{"embeddable":true,"href":"https:\/\/www.systra.com\/canada\/wp-json\/wp\/v2\/comments?post=28335"}],"version-history":[{"count":1,"href":"https:\/\/www.systra.com\/canada\/wp-json\/wp\/v2\/pages\/28335\/revisions"}],"predecessor-version":[{"id":30873,"href":"https:\/\/www.systra.com\/canada\/wp-json\/wp\/v2\/pages\/28335\/revisions\/30873"}],"wp:attachment":[{"href":"https:\/\/www.systra.com\/canada\/wp-json\/wp\/v2\/media?parent=28335"}],"curies":[{"name":"wp","href":"https:\/\/api.w.org\/{rel}","templated":true}]}}